000
CDUS45 KGJT 220726
CLIDRO


CLIMATE REPORT
NATIONAL WEATHER SERVICE GRAND JUNCTION CO
124 AM MDT FRI SEP 22 2017


...................................

...THE DURANGO AIRPORT CO CLIMATE SUMMARY FOR SEPTEMBER 21 2017...

CLIMATE NORMAL PERIOD 1981 TO 2010
CLIMATE RECORD PERIOD 9999 TO 9999


WEATHER ITEM   OBSERVED TIME   RECORD YEAR NORMAL DEPARTURE LAST
                VALUE   (LST)  VALUE       VALUE  FROM      YEAR
                                                  NORMAL
..................................................................
TEMPERATURE (F)
 YESTERDAY
  MAXIMUM         77    430 PM  MM      MM  74      3       70
  MINIMUM         37    615 AM  MM      MM  40     -3       52
  AVERAGE         57                        57      0       61

PRECIPITATION (IN)
  YESTERDAY        0.00         MM      MM   0.08  -0.08     0.15
  MONTH TO DATE    0.38                      1.42  -1.04     0.62
  SINCE SEP 1      0.38                      1.42  -1.04     0.62
  SINCE JAN 1      8.09                     11.39  -3.30     7.73

SNOWFALL (IN)
  YESTERDAY       MM            MM      MM  MM     MM       MM
  MONTH TO DATE   MM                        MM     MM       MM
  SINCE SEP 1     MM                        MM     MM       MM
  SINCE JUL 1     MM                        MM     MM       MM
  SNOW DEPTH      MM

DEGREE DAYS
 HEATING
  YESTERDAY        8                         8      0        4
  MONTH TO DATE   61                       102    -41       96
  SINCE SEP 1     61                       102    -41       96
  SINCE JUL 1     72                       131    -59      143

 COOLING
  YESTERDAY        0                         0      0        0
  MONTH TO DATE   42                         3     39        6
  SINCE SEP 1     42                         3     39        6
  SINCE JAN 1    351                       240    111      319
..................................................................


WIND (MPH)
  HIGHEST WIND SPEED    23   HIGHEST WIND DIRECTION    SW (210)
  HIGHEST GUST SPEED    31   HIGHEST GUST DIRECTION    SW (210)
  AVERAGE WIND SPEED     7.2


SKY COVER
  POSSIBLE SUNSHINE  MM
  AVERAGE SKY COVER 0.0


WEATHER CONDITIONS
 THE FOLLOWING WEATHER WAS RECORDED YESTERDAY.
  NO SIGNIFICANT WEATHER WAS OBSERVED.


RELATIVE HUMIDITY (PERCENT)
 HIGHEST    70           600 AM
 LOWEST     12           500 PM
 AVERAGE    41

..........................................................


THE DURANGO AIRPORT CO CLIMATE NORMALS FOR TODAY
                         NORMAL    RECORD    YEAR
 MAXIMUM TEMPERATURE (F)   73        MM        MM
 MINIMUM TEMPERATURE (F)   40        MM        MM


SUNRISE AND SUNSET
SEPTEMBER 22 2017.....SUNRISE   659 AM MDT   SUNSET   707 PM MDT
SEPTEMBER 23 2017.....SUNRISE   700 AM MDT   SUNSET   706 PM MDT


-  INDICATES NEGATIVE NUMBERS.
R  INDICATES RECORD WAS SET OR TIED.
MM INDICATES DATA IS MISSING.
T  INDICATES TRACE AMOUNT.




$$
