000
CDUS45 KGJT 222336
CLIDRO


CLIMATE REPORT
NATIONAL WEATHER SERVICE GRAND JUNCTION CO
530 PM MDT SAT JUL 22 2017


...................................

...THE DURANGO AIRPORT CO CLIMATE SUMMARY FOR JULY 22 2017...
VALID TODAY AS OF 0500 PM LOCAL TIME.

CLIMATE NORMAL PERIOD 1981 TO 2010
CLIMATE RECORD PERIOD 9999 TO 9999


WEATHER ITEM   OBSERVED TIME   RECORD YEAR NORMAL DEPARTURE LAST
                VALUE   (LST)  VALUE       VALUE  FROM      YEAR
                                                  NORMAL
..................................................................
TEMPERATURE (F)
 TODAY
  MAXIMUM         83   1242 PM  MM      MM  86     -3       88
  MINIMUM         58    401 AM  MM      MM  53      5       56
  AVERAGE         71                        70      1       72

PRECIPITATION (IN)
  TODAY            0.06         MM      MM   0.08  -0.02      T
  MONTH TO DATE    0.70                      1.03  -0.33     1.42
  SINCE JUN 1      0.71                      1.67  -0.96     1.78
  SINCE JAN 1      6.16                      7.10  -0.94     5.02

SNOWFALL (IN)
  TODAY           MM            MM      MM  MM     MM       MM
  MONTH TO DATE   MM                        MM     MM       MM
  SINCE JUN 1     MM                        MM     MM       MM
  SINCE JUL 1     MM                        MM     MM       MM
  SNOW DEPTH      MM

DEGREE DAYS
 HEATING
  TODAY            0                         0      0        0
  MONTH TO DATE    0                         8     -8        5
  SINCE JUN 1     57                       123    -66       42
  SINCE JUL 1      0                         8     -8        5

 COOLING
  TODAY            6                         5      1        7
  MONTH TO DATE  128                        80     48       80
  SINCE JUN 1    197                       108     89      181
  SINCE JAN 1    197                       109     88      181
..................................................................


WIND (MPH)
  HIGHEST WIND SPEED    25   HIGHEST WIND DIRECTION     W (250)
  HIGHEST GUST SPEED    36   HIGHEST GUST DIRECTION     W (260)
  AVERAGE WIND SPEED     3.6


SKY COVER
  POSSIBLE SUNSHINE  MM
  AVERAGE SKY COVER 0.1


WEATHER CONDITIONS
 THE FOLLOWING WEATHER WAS RECORDED TODAY.
  THUNDERSTORM
  LIGHT RAIN


RELATIVE HUMIDITY (PERCENT)
 HIGHEST    93          1200 AM
 LOWEST     28           100 PM
 AVERAGE    61

..........................................................


THE DURANGO AIRPORT CO CLIMATE NORMALS FOR TOMORROW
                         NORMAL    RECORD    YEAR
 MAXIMUM TEMPERATURE (F)   86        MM        MM
 MINIMUM TEMPERATURE (F)   53        MM        MM


SUNRISE AND SUNSET
JULY 22 2017..........SUNRISE   608 AM MDT   SUNSET   826 PM MDT
JULY 23 2017..........SUNRISE   609 AM MDT   SUNSET   826 PM MDT


-  INDICATES NEGATIVE NUMBERS.
R  INDICATES RECORD WAS SET OR TIED.
MM INDICATES DATA IS MISSING.
T  INDICATES TRACE AMOUNT.




$$
