000
CDUS45 KGJT 050738
CLIDRO


CLIMATE REPORT
NATIONAL WEATHER SERVICE GRAND JUNCTION CO
130 AM MDT SUN JUL 5 2015


...................................

...THE DURANGO AIRPORT CO CLIMATE SUMMARY FOR JULY 4 2015...

CLIMATE NORMAL PERIOD 1981 TO 2010
CLIMATE RECORD PERIOD 9999 TO 9999


WEATHER ITEM   OBSERVED TIME   RECORD YEAR NORMAL DEPARTURE LAST
                VALUE   (LST)  VALUE       VALUE  FROM      YEAR
                                                  NORMAL
..................................................................
TEMPERATURE (F)
 YESTERDAY
  MAXIMUM         87    319 PM  MM      MM  86      1       88
  MINIMUM         49    455 AM  MM      MM  49      0       50
  AVERAGE         68                        67      1       69

PRECIPITATION (IN)
  YESTERDAY        0.10         MM      MM   0.03   0.07      T
  MONTH TO DATE    0.10                      0.11  -0.01      T
  SINCE JUN 1      1.76                      0.75   1.01      T
  SINCE JAN 1      9.26                      6.18   3.08     2.40

SNOWFALL (IN)
  YESTERDAY       MM            MM      MM  MM     MM       MM
  MONTH TO DATE   MM                        MM     MM       MM
  SINCE JUN 1     MM                        MM     MM       MM
  SINCE JUL 1     MM                        MM     MM       MM
  SNOW DEPTH      MM

DEGREE DAYS
 HEATING
  YESTERDAY        0                         1     -1        0
  MONTH TO DATE    0                         4     -4        0
  SINCE JUN 1     81                       119    -38       88
  SINCE JUL 1      0                         4     -4        0

 COOLING
  YESTERDAY        3                         3      0        4
  MONTH TO DATE   27                        10     17       23
  SINCE JUN 1     96                        38     58       37
  SINCE JAN 1     96                        39     57       42
..................................................................


WIND (MPH)
  HIGHEST WIND SPEED    30   HIGHEST WIND DIRECTION    SE (130)
  HIGHEST GUST SPEED    37   HIGHEST GUST DIRECTION    SE (140)
  AVERAGE WIND SPEED     5.3


SKY COVER
  POSSIBLE SUNSHINE  MM
  AVERAGE SKY COVER 0.2


WEATHER CONDITIONS
 THE FOLLOWING WEATHER WAS RECORDED YESTERDAY.
  THUNDERSTORM
  RAIN
  LIGHT RAIN
  FOG


RELATIVE HUMIDITY (PERCENT)
 HIGHEST    90           800 PM
 LOWEST     22           300 PM
 AVERAGE    56

..........................................................


THE DURANGO AIRPORT CO CLIMATE NORMALS FOR TODAY
                         NORMAL    RECORD    YEAR
 MAXIMUM TEMPERATURE (F)   86        MM        MM
 MINIMUM TEMPERATURE (F)   49        MM        MM


SUNRISE AND SUNSET
JULY  5 2015..........SUNRISE   557 AM MDT   SUNSET   834 PM MDT
JULY  6 2015..........SUNRISE   557 AM MDT   SUNSET   834 PM MDT


-  INDICATES NEGATIVE NUMBERS.
R  INDICATES RECORD WAS SET OR TIED.
MM INDICATES DATA IS MISSING.
T  INDICATES TRACE AMOUNT.




$$
