000
CDUS45 KGJT 280732
CLIDRO


CLIMATE REPORT
NATIONAL WEATHER SERVICE GRAND JUNCTION CO
130 AM MDT SUN SEP 28 2014


...................................

...THE DURANGO AIRPORT CO CLIMATE SUMMARY FOR SEPTEMBER 27 2014...

CLIMATE NORMAL PERIOD 1981 TO 2010
CLIMATE RECORD PERIOD 9999 TO 9999


WEATHER ITEM   OBSERVED TIME   RECORD YEAR NORMAL DEPARTURE LAST
                VALUE   (LST)  VALUE       VALUE  FROM      YEAR
                                                  NORMAL
..................................................................
TEMPERATURE (F)
 YESTERDAY
  MAXIMUM         77    354 PM  MM      MM  71      6       61
  MINIMUM         50    628 AM  MM      MM  38     12       32
  AVERAGE         64                        54     10       47

PRECIPITATION (IN)
  YESTERDAY        T            MM      MM   0.05  -0.05     0.14
  MONTH TO DATE    2.13                      1.77   0.36     4.78
  SINCE SEP 1      2.13                      1.77   0.36     4.78
  SINCE JAN 1      7.76                     11.74  -3.98    12.99

SNOWFALL (IN)
  YESTERDAY       MM            MM      MM  MM     MM       MM
  MONTH TO DATE   MM                        MM     MM       MM
  SINCE SEP 1     MM                        MM     MM       MM
  SINCE JUL 1     MM                        MM     MM       MM
  SNOW DEPTH      MM

DEGREE DAYS
 HEATING
  YESTERDAY        1                        11    -10       18
  MONTH TO DATE   48                       160   -112      120
  SINCE SEP 1     48                       160   -112      120
  SINCE JUL 1     75                       189   -114      133

 COOLING
  YESTERDAY        0                         0      0        0
  MONTH TO DATE   13                         3     10       39
  SINCE SEP 1     13                         3     10       39
  SINCE JAN 1    305                       240     65      388
..................................................................


WIND (MPH)
  HIGHEST WIND SPEED    25   HIGHEST WIND DIRECTION    SW (210)
  HIGHEST GUST SPEED    34   HIGHEST GUST DIRECTION     S (200)
  AVERAGE WIND SPEED     5.6


SKY COVER
  POSSIBLE SUNSHINE  MM
  AVERAGE SKY COVER 0.3


WEATHER CONDITIONS
 THE FOLLOWING WEATHER WAS RECORDED YESTERDAY.
  THUNDERSTORM
  LIGHT RAIN
  HAZE


RELATIVE HUMIDITY (PERCENT)
 HIGHEST    77           200 AM
 LOWEST     29           400 PM
 AVERAGE    53

..........................................................


THE DURANGO AIRPORT CO CLIMATE NORMALS FOR TODAY
                         NORMAL    RECORD    YEAR
 MAXIMUM TEMPERATURE (F)   71        MM        MM
 MINIMUM TEMPERATURE (F)   37        MM        MM


SUNRISE AND SUNSET
SEPTEMBER 28 2014.....SUNRISE   704 AM MDT   SUNSET   659 PM MDT
SEPTEMBER 29 2014.....SUNRISE   705 AM MDT   SUNSET   657 PM MDT


-  INDICATES NEGATIVE NUMBERS.
R  INDICATES RECORD WAS SET OR TIED.
MM INDICATES DATA IS MISSING.
T  INDICATES TRACE AMOUNT.




$$
