000
CXUS54 KHGX 011410
CF6DWH
PRELIMINARY LOCAL CLIMATOLOGICAL DATA (WS FORM: F-6)
STATION: HOUSTON/D.W._HOOKS
MONTH: APRIL
YEAR: 2022
LATITUDE: 30 4 N
LONGITUDE: 95 33 W
TEMPERATURE IN F: :PCPN: SNOW: WIND :SUNSHINE: SKY :PK WND
================================================================================
1 2 3 4 5 6A 6B 7 8 9 10 11 12 13 14 15 16 17 18
12Z AVG MX 2MIN
DY MAX MIN AVG DEP HDD CDD WTR SNW DPTH SPD SPD DIR MIN PSBL S-S WX SPD DR
================================================================================
1 81 47 64 -3 1 0 0.00 0.0 0 6.4 15 150 M M 0 25 70
2 86 54 70 3 0 5 0.00 0.0 0 3.6 10 340 M M 4 15 300
3 84 56 70 3 0 5 0.00 0.0 0 5.7 17 130 M M 1 18 27 120
4 79 64 72 5 0 7 0.04 0.0 0 6.3 15 120 M M 10 18 21 120
5 90 71 81 14 0 16 T 0.0 0 6.7 13 210 M M 6 128 20 180
6 81 61 71 3 0 6 0.00 0.0 0 11.2 22 340 M M 4 18 34 10
7 76 47 62 -6 3 0 0.00 0.0 0 9.2 22 340 M M 0 37 330
8 75 45 60 -8 5 0 0.00 0.0 0 7.3 23 310 M M 1 40 310
9 85 42 64 -4 1 0 0.00 0.0 0 7.4 18 190 M M 0 30 260
10 84 64 74 6 0 9 T 0.0 0 11.0 24 190 M M 5 1 40 180
11 84 70 77 9 0 12 0.13 0.0 0 10.5 20 150 M M 8 13 35 140
12 82 73 78 9 0 13 T 0.0 0 9.8 21 150 M M 9 8 34 150
13 84 66 75 6 0 10 0.03 0.0 0 9.0 20 190 M M 7 18 30 160
14 84 57 71 2 0 6 0.00 0.0 0 8.2 16 80 M M 0 25 70
15 81 61 71 2 0 6 0.02 0.0 0 5.1 9 150 M M 7 1 17 160
16 84 71 78 9 0 13 T 0.0 0 4.6 15 190 M M 6 1 22 180
17 89 68 79 9 0 14 T 0.0 0 4.6 12 360 M M 7 12 18 200
18 80 62 71 1 0 6 0.00 0.0 0 8.6 15 10 M M 1 23 10
19 78 55 67 -3 0 2 0.00 0.0 0 13.0 22 120 M M 4 33 140
20 85 69 77 7 0 12 0.01 0.0 0 10.0 18 190 M M 9 1 32 170
21 86 73 80 10 0 15 T 0.0 0 8.6 20 120 M M 9 1 28 120
22 86 71 79 8 0 14 0.00 0.0 0 10.8 21 120 M M 5 31 130
23 86 71 79 8 0 14 0.00 0.0 0 10.2 18 130 M M 6 30 130
24 88 70 79 8 0 14 0.00 0.0 0 8.8 18 150 M M 7 29 120
25 84 63 74 3 0 9 2.28 0.0 0 7.2 20 10 M M 8 13 31 30
26 80 62 71 -1 0 6 0.00 0.0 0 5.9 14 70 M M 6 23 60
27 83 59 71 -1 0 6 0.00 0.0 0 6.4 14 90 M M 0 19 80
28 86 61 74 2 0 9 0.00 0.0 0 5.9 14 140 M M 0 1 25 140
29 87 68 78 6 0 13 0.00 0.0 0 8.0 16 180 M M 5 26 170
30 91 72 82 10 0 17 T 0.0 0 5.5 15 120 M M 6 3 22 140
================================================================================
SM 2509 1873 10 259 2.51 0.0 235.5 M 141
================================================================================
AV 83.6 62.4 7.8 FASTST M M 5 MAX(MPH)
MISC ----> 24 190 # 40 310
================================================================================
NOTES:
# LAST OF SEVERAL OCCURRENCES
COLUMN 17 PEAK WIND IN M.P.H.
PRELIMINARY LOCAL CLIMATOLOGICAL DATA (WS FORM: F-6) , PAGE 2
STATION: HOUSTON/D.W._HOOKS
MONTH: APRIL
YEAR: 2022
LATITUDE: 30 4 N
LONGITUDE: 95 33 W
[TEMPERATURE DATA] [PRECIPITATION DATA] SYMBOLS USED IN COLUMN 16
AVERAGE MONTHLY: 73.0 TOTAL FOR MONTH: 2.51 1 = FOG OR MIST
DPTR FM NORMAL: 3.7 DPTR FM NORMAL: -1.32 2 = FOG REDUCING VISIBILITY
HIGHEST: 91 ON 30 GRTST 24HR 2.28 ON 25-25 TO 1/4 MILE OR LESS
LOWEST: 42 ON 9 3 = THUNDER
SNOW, ICE PELLETS, HAIL 4 = ICE PELLETS
TOTAL MONTH: 0.0 INCH 5 = HAIL
GRTST 24HR 0.0 6 = FREEZING RAIN OR DRIZZLE
GRTST DEPTH: 0 7 = DUSTSTORM OR SANDSTORM:
VSBY 1/2 MILE OR LESS
8 = SMOKE OR HAZE
[NO. OF DAYS WITH] [WEATHER - DAYS WITH] 9 = BLOWING SNOW
X = TORNADO
MAX 32 OR BELOW: 0 0.01 INCH OR MORE: 6
MAX 90 OR ABOVE: 2 0.10 INCH OR MORE: 2
MIN 32 OR BELOW: 0 0.50 INCH OR MORE: 1
MIN 0 OR BELOW: 0 1.00 INCH OR MORE: 1
[HDD (BASE 65) ]
TOTAL THIS MO. 10 CLEAR (SCALE 0-3) 9
DPTR FM NORMAL -27 PTCLDY (SCALE 4-7) 17
TOTAL FM JUL 1 1220 CLOUDY (SCALE 8-10) 4
DPTR FM NORMAL -145
[CDD (BASE 65) ]
TOTAL THIS MO. 259
DPTR FM NORMAL 92 [PRESSURE DATA]
TOTAL FM JAN 1 347 HIGHEST SLP 30.29 ON 26
DPTR FM NORMAL 50 LOWEST SLP 29.54 ON 5
[REMARKS]
#FINAL-04-22#