000
CXUS54 KHGX 011415
CF6DWH
PRELIMINARY LOCAL CLIMATOLOGICAL DATA (WS FORM: F-6)

                                          STATION:   HOUSTON/D.W._HOOKS
                                          MONTH:     MAY
                                          YEAR:      2013
                                          LATITUDE:   30  4 N
                                          LONGITUDE:  95 33 W

  TEMPERATURE IN F:       :PCPN:    SNOW:  WIND      :SUNSHINE: SKY     :PK WND
================================================================================
1   2   3   4   5  6A  6B    7    8   9   10  11  12  13   14  15   16   17  18
                                     12Z  AVG MX 2MIN
DY MAX MIN AVG DEP HDD CDD  WTR  SNW DPTH SPD SPD DIR MIN PSBL S-S WX    SPD DR
================================================================================

 1  86  63  75   3   0  10 0.00  0.0    0  3.0  9 140   M    M   4 1      13 120
 2  77  49  63  -9   2   0 0.00  0.0    0 11.3 23 330   M    M   9        35 330
 3  67  42  55 -18  10   0 0.00  0.0    0 11.0 23 340   M    M   2 8      32 330
 4  81  39  60 -13   5   0 0.00  0.0    0  6.0 20 240   M    M   0        26 250
 5  72  48  60 -13   5   0 0.00  0.0    0  5.7 17 330   M    M   0        23 310
 6  77  45  61 -12   4   0    T    M    0  2.6 10 280   M    M   0        15 310
 7  85  51  68  -6   0   3 0.00  0.0    0  2.4 10 190   M    M   0        15 210
 8  85  59  72  -2   0   7 0.00  0.0    0  6.3 16 130   M    M   1        24 120
 9  80  70  75   1   0  10 0.03  0.0    0  5.8 16 110   M    M  10 1      24 120
10  78  67  73  -1   0   8 0.61  0.0    0  7.2 24  70   M    M   5 13     35  70
11  85  64  75   0   0  10 0.01  0.0    0  5.6 13 340   M    M   3 1      20 360
12  82  59  71  -4   0   6 0.00  0.0    0  4.6 12 350   M    M   0        17 340
13  84  50  67  -8   0   2 0.00  0.0    0  3.7 12 120   M    M   0        15 150
14  84  54  69  -6   0   4 0.00  0.0    0  4.8 14 150   M    M   3 128    21 160
15  79  67  73  -3   0   8 0.22    M    0  7.3 16 150   M    M   8 1      23 150
16  86  69  78   2   0  13    T  0.0    M  8.4 20 180   M    M   9 1      28 190
17  90  73  82   6   0  17 0.00  0.0    0  7.8 20 200   M    M   5 18     28 190
18  92  74  83   7   0  18 0.00  0.0    0  8.5 15 140   M    M   3 18     21 150
19  90  75  83   6   0  18 0.00  0.0    0  9.5 17 140   M    M   5        26 160
20  90  77  84   7   0  19 0.00  0.0    0  9.5 16 140   M    M   8 8      25 140
21  89  74  82   5   0  17 0.00  0.0    0  9.2 20 180   M    M   7 38     26 150
22  90  69  80   3   0  15 0.12  0.0    0  4.6 14 340   M    M   8 13     18 340
23  90  70  80   2   0  15 0.00  0.0    0  6.4 15 120   M    M   5 1      20 130
24  89  71  80   2   0  15 0.00  0.0    0  6.1 18 120   M    M   2 1      23 120
25  86  70  78   0   0  13 0.00  0.0    0  6.2 15 130   M    M   2 1      23 110
26  90  75  83   5   0  18 0.00  0.0    0  6.9 15 140   M    M   2        21 180
27  90  70  80   2   0  15 0.00  0.0    0  8.1 17 190   M    M   2        23 170
28  90  74  82   3   0  17 0.01  0.0    0  9.2 17 140   M    M   3        25 140
29  86  75  81   2   0  16    T  0.0    0  9.9 20 150   M    M   5        30 120
30  90  77  84   5   0  19    T  0.0    0  9.2 18 140   M    M   7        25 130
31  93  78  86   7   0  21 0.00  0.0    0  9.4 17 200   M    M   7        23 190
================================================================================
SM 2633 1998        26 334  1.00     0.0 216.2          M      125
================================================================================
AV 84.9 64.5                               7.0 FASTST   M    M   4    MAX(MPH)
                                 MISC ---->  # 24  70               # 35  330
================================================================================
NOTES:
# LAST OF SEVERAL OCCURRENCES

COLUMN 17 PEAK WIND IN M.P.H.

PRELIMINARY LOCAL CLIMATOLOGICAL DATA (WS FORM: F-6) , PAGE 2

                                          STATION:  HOUSTON/D.W._HOOKS
                                          MONTH:    MAY
                                          YEAR:     2013
                                          LATITUDE:   30  4 N
                                          LONGITUDE:  95 33 W

[TEMPERATURE DATA]      [PRECIPITATION DATA]       SYMBOLS USED IN COLUMN 16

AVERAGE MONTHLY: 74.7   TOTAL FOR MONTH:   1.00    1 = FOG OR MIST
DPTR FM NORMAL:  -1.1   DPTR FM NORMAL:   -3.77    2 = FOG REDUCING VISIBILITY
HIGHEST:    93 ON 31    GRTST 24HR  0.62 ON 10-11      TO 1/4 MILE OR LESS
LOWEST:     39 ON  4                               3 = THUNDER
                        SNOW, ICE PELLETS, HAIL    4 = ICE PELLETS
                        TOTAL MONTH:   0.0 INCH    5 = HAIL
                        GRTST 24HR     0.0         6 = FREEZING RAIN OR DRIZZLE
                        GRTST DEPTH:   0           7 = DUSTSTORM OR SANDSTORM:
                                                       VSBY 1/2 MILE OR LESS
                                                   8 = SMOKE OR HAZE
[NO. OF DAYS WITH]      [WEATHER - DAYS WITH]      9 = BLOWING SNOW
                                                   X = TORNADO
MAX 32 OR BELOW:   0    0.01 INCH OR MORE:   6
MAX 90 OR ABOVE:  11    0.10 INCH OR MORE:   3
MIN 32 OR BELOW:   0    0.50 INCH OR MORE:   1
MIN  0 OR BELOW:   0    1.00 INCH OR MORE:   0

[HDD (BASE 65) ]
TOTAL THIS MO.    26    CLEAR  (SCALE 0-3)  14
DPTR FM NORMAL    25    PTCLDY (SCALE 4-7)  14
TOTAL FM JUL 1  1363    CLOUDY (SCALE 8-10)  3
DPTR FM NORMAL  -215

[CDD (BASE 65) ]
TOTAL THIS MO.   334
DPTR FM NORMAL    -2    [PRESSURE DATA]
TOTAL FM JAN 1   572    HIGHEST SLP 30.29 ON 13
DPTR FM NORMAL    21    LOWEST  SLP 29.69 ON 10

[REMARKS]
#FINAL-05-13#
