000
CXUS54 KHGX 011504
CF6DWH
PRELIMINARY LOCAL CLIMATOLOGICAL DATA (WS FORM: F-6)

                                          STATION:   HOUSTON/D.W._HOOKS
                                          MONTH:     JANUARY
                                          YEAR:      2013
                                          LATITUDE:   30  4 N
                                          LONGITUDE:  95 33 W

  TEMPERATURE IN F:       :PCPN:    SNOW:  WIND      :SUNSHINE: SKY     :PK WND
================================================================================
1   2   3   4   5  6A  6B    7    8   9   10  11  12  13   14  15   16   17  18
                                     12Z  AVG MX 2MIN
DY MAX MIN AVG DEP HDD CDD  WTR  SNW DPTH SPD SPD DIR MIN PSBL S-S WX    SPD DR
================================================================================

 1  66  45  56   5   9   0 0.09    M    0  9.0 16 350   M    M   8 12     23 360
 2  45  41  43  -8  22   0    T    M    0  6.8 15 360   M    M   9        22 360
 3  53  38  46  -5  19   0    T    M    0  6.6 15  40   M    M   9        21  30
 4  51  43  47  -4  18   0 0.01    M    0  6.2 15  60   M    M  10        21  70
 5  47  42  45  -6  20   0 0.78    M    0  4.3 10  60   M    M  10 1      14  60
 6  59  35  47  -4  18   0 0.00  0.0    0  5.6 15  20   M    M   5 1      20  10
 7  59  31  45  -6  20   0 0.00  0.0    0  3.9 13  80   M    M   3 1      16  80
 8  63  48  56   5   9   0 1.82    M    0  8.3 23 110   M    M  10 13     29 110
 9  66  61  64  13   1   0 2.47  0.0    0  9.2 21 120   M    M  10 1      25 130
10  69  47  58   7   7   0 0.02    M    0  5.1 13 220   M    M   3 1      25 260
11  76  42  59   8   6   0 0.01    M    0  5.2 15 160   M    M   4 12     21 170
12  75  63  69  18   0   4 0.07  0.0    0  8.6 20 160   M    M   9 12     30 150
13  72  41  57   6   8   0 0.12    M    0 10.7 18 330   M    M   6 13     25 340
14  43  37  40 -11  25   0 0.05    M    0  9.0 14  50   M    M  10 1      22  50
15  42  36  39 -12  26   0 0.09    M    0  8.3 17 350   M    M  10 1      24  10
16  52  28  40 -11  25   0 0.00  0.0    0  7.2 17 290   M    M   4        22 280
17  63  25  44  -7  21   0 0.00  0.0    0  3.4 13 350   M    M   0 1      21 340
18  63  32  48  -3  17   0 0.00  0.0    0  2.9 10 170   M    M   0        14 150
19  69  32  51   0  14   0 0.00  0.0    0  2.3 12 210   M    M   0 12     14 210
20  72  42  57   6   8   0 0.00  0.0    0  1.4  8 180   M    M   5 128    10  90
21  72  40  56   4   9   0 0.00  0.0    0  1.5  9 210   M    M   1 1      12 180
22  72  41  57   5   8   0 0.00  0.0    0  3.4 10 220   M    M   1 18     13 230
23  76  43  60   8   5   0 0.00    M    0  4.0 13 200   M    M   5 128    21 140
24  80  60  70  18   0   5 0.00  0.0    0  8.1 16 190   M    M   5 12     22 310
25  80  63  72  20   0   7 0.00  0.0    0  8.5 20 210   M    M   7        28 210
26  80  58  69  17   0   4 0.00  0.0    0  5.9 12 150   M    M   5 1      17 240
27  80  55  68  16   0   3 0.04  0.0    0  7.2 17 150   M    M   6 1      23 150
28  82  69  76  24   0  11 0.00  0.0    0  9.8 17 150   M    M  10        24 170
29  80  59  70  18   0   5 0.11  0.0    0 12.5 26 190   M    M  10 1      38 190
30  60  35  48  -4  17   0 0.00  0.0    0  9.3 24 300   M    M   4        32 300
31  67  31  49  -4  16   0 0.00  0.0    0  5.2 15 200   M    M   0        21 210
================================================================================
SM 2034 1363       348  39  5.68     0.0 199.4          M      179
================================================================================
AV 65.6 44.0                               6.4 FASTST   M    M   6    MAX(MPH)
                                 MISC ---->  # 26 190               # 38  190
================================================================================
NOTES:
# LAST OF SEVERAL OCCURRENCES

COLUMN 17 PEAK WIND IN M.P.H.

PRELIMINARY LOCAL CLIMATOLOGICAL DATA (WS FORM: F-6) , PAGE 2

                                          STATION:  HOUSTON/D.W._HOOKS
                                          MONTH:    JANUARY
                                          YEAR:     2013
                                          LATITUDE:   30  4 N
                                          LONGITUDE:  95 33 W

[TEMPERATURE DATA]      [PRECIPITATION DATA]       SYMBOLS USED IN COLUMN 16

AVERAGE MONTHLY: 54.8   TOTAL FOR MONTH:   5.68    1 = FOG OR MIST
DPTR FM NORMAL:   3.3   DPTR FM NORMAL:    2.13    2 = FOG REDUCING VISIBILITY
HIGHEST:    82 ON 28    GRTST 24HR  2.48 ON  8- 9      TO 1/4 MILE OR LESS
LOWEST:     25 ON 17                               3 = THUNDER
                        SNOW, ICE PELLETS, HAIL    4 = ICE PELLETS
                        TOTAL MONTH:   0.0 INCH    5 = HAIL
                        GRTST 24HR     0.0         6 = FREEZING RAIN OR DRIZZLE
                        GRTST DEPTH:   0           7 = DUSTSTORM OR SANDSTORM:
                                                       VSBY 1/2 MILE OR LESS
                                                   8 = SMOKE OR HAZE
[NO. OF DAYS WITH]      [WEATHER - DAYS WITH]      9 = BLOWING SNOW
                                                   X = TORNADO
MAX 32 OR BELOW:   0    0.01 INCH OR MORE:  13
MAX 90 OR ABOVE:   0    0.10 INCH OR MORE:   5
MIN 32 OR BELOW:   6    0.50 INCH OR MORE:   3
MIN  0 OR BELOW:   0    1.00 INCH OR MORE:   2

[HDD (BASE 65) ]
TOTAL THIS MO.   348    CLEAR  (SCALE 0-3)   8
DPTR FM NORMAL   -80    PTCLDY (SCALE 4-7)  11
TOTAL FM JUL 1   860    CLOUDY (SCALE 8-10) 12
DPTR FM NORMAL  -192

[CDD (BASE 65) ]
TOTAL THIS MO.    39
DPTR FM NORMAL    30    [PRESSURE DATA]
TOTAL FM JAN 1    39    HIGHEST SLP 30.53 ON  4
DPTR FM NORMAL    39    LOWEST  SLP 29.55 ON 29

[REMARKS]
#FINAL-01-13#
