000
CXUS54 KHGX 011415
CF6DWH
PRELIMINARY LOCAL CLIMATOLOGICAL DATA (WS FORM: F-6)

                                          STATION:   HOUSTON/D.W._HOOKS
                                          MONTH:     JUNE
                                          YEAR:      2013
                                          LATITUDE:   30  4 N
                                          LONGITUDE:  95 33 W

  TEMPERATURE IN F:       :PCPN:    SNOW:  WIND      :SUNSHINE: SKY     :PK WND
================================================================================
1   2   3   4   5  6A  6B    7    8   9   10  11  12  13   14  15   16   17  18
                                     12Z  AVG MX 2MIN
DY MAX MIN AVG DEP HDD CDD  WTR  SNW DPTH SPD SPD DIR MIN PSBL S-S WX    SPD DR
================================================================================

 1  95  77  86   7   0  21 0.00  0.0    0  8.6 18 190   M    M   6        25 190
 2  85  68  77  -2   0  12 0.96  0.0    0  4.3 24 340   M    M   5 13     35 330
 3  91  65  78  -2   0  13 0.00  0.0    0  2.9 10  70   M    M   0 1      14  40
 4  93  67  80   0   0  15 0.00  0.0    0  3.5 13 110   M    M   2 18     17 140
 5  95  69  82   2   0  17 0.00  0.0    0  3.6 14 150   M    M   3 1      20 150
 6  93  71  82   2   0  17 0.84  0.0    0  4.4 26 360   M    M   2 123    39 340
 7  86  67  77  -3   0  12 0.00  0.0    0  3.9 12 340   M    M   2        17 350
 8  92  64  78  -2   0  13 0.00  0.0    0  3.4 21 140   M    M   2        35 140
 9  90  70  80   0   0  15 0.60  0.0    0  3.3 21 190   M    M   2 1      29 200
10  94  67  81   1   0  16 0.00  0.0    0  3.3 15 120   M    M   1 1      21 130
11  92  73  83   2   0  18 0.31  0.0    0  3.0 21 140   M    M   2 18     29 140
12  95  74  85   4   0  20 0.00  0.0    0  4.5 15 230   M    M   2 1      17 220
13  96  74  85   4   0  20 0.00  0.0    0  2.9 15 200   M    M   2        20 190
14  97  74  86   5   0  21 0.00  0.0    0  1.7  8 150   M    M   2 1      12 190
15  94  77  86   5   0  21 0.00  0.0    0  3.3 10 190   M    M   3        14 200
16  96  73  85   4   0  20 0.00  0.0    0  4.8 15 180   M    M   2 1      21 170
17  95  77  86   5   0  21 0.00  0.0    0  6.8 16 190   M    M   3        21 190
18  93  77  85   4   0  20 0.00  0.0    0  7.1 15 100   M    M   4        21 330
19  96  72  84   3   0  19 0.20  0.0    0  3.6 15 190   M    M   5 1      20 140
20  95  75  85   4   0  20 0.00  0.0    0  5.8 18 110   M    M   2 3      24 120
21  95  72  84   3   0  19 0.00  0.0    0  4.1 12 190   M    M   2 1      16 140
22  96  72  84   3   0  19 0.00  0.0    0  5.4 16 120   M    M   2 1      21 140
23  95  72  84   3   0  19 0.00  0.0    0  5.5 17 210   M    M   1 1      23 220
24  97  73  85   4   0  20 0.00  0.0    0  6.9 16 180   M    M   2 1      24 190
25  97  78  88   6   0  23 0.00  0.0    0  8.3 16 200   M    M   2        24 180
26  98  77  88   6   0  23 0.00  0.0    0  7.2 16 210   M    M   1        23 220
27  99  73  86   4   0  21 0.00  0.0    0  4.4 13 150   M    M   1 1      20 140
28 102  76  89   7   0  24 0.00  0.0    0  4.9 13 200   M    M   2 1      20 230
29 105  76  91   9   0  26 0.00  0.0    0  6.7 15  10   M    M   0        22 350
30  99  71  85   3   0  20 0.00  0.0    0  5.3 16 310   M    M   1        22 300
================================================================================
SM 2846 2171         0 565  2.91     0.0 143.4          M       66
================================================================================
AV 94.9 72.4                               4.8 FASTST   M    M   2    MAX(MPH)
                                 MISC ---->  # 26 360               # 39  340
================================================================================
NOTES:
# LAST OF SEVERAL OCCURRENCES

COLUMN 17 PEAK WIND IN M.P.H.

PRELIMINARY LOCAL CLIMATOLOGICAL DATA (WS FORM: F-6) , PAGE 2

                                          STATION:  HOUSTON/D.W._HOOKS
                                          MONTH:    JUNE
                                          YEAR:     2013
                                          LATITUDE:   30  4 N
                                          LONGITUDE:  95 33 W

[TEMPERATURE DATA]      [PRECIPITATION DATA]       SYMBOLS USED IN COLUMN 16

AVERAGE MONTHLY: 83.6   TOTAL FOR MONTH:   2.91    1 = FOG OR MIST
DPTR FM NORMAL:   2.8   DPTR FM NORMAL:   -2.31    2 = FOG REDUCING VISIBILITY
HIGHEST:   105 ON 29    GRTST 24HR  0.97 ON  2- 3      TO 1/4 MILE OR LESS
LOWEST:     64 ON  8                               3 = THUNDER
                        SNOW, ICE PELLETS, HAIL    4 = ICE PELLETS
                        TOTAL MONTH:   0.0 INCH    5 = HAIL
                        GRTST 24HR     0.0         6 = FREEZING RAIN OR DRIZZLE
                        GRTST DEPTH:   0           7 = DUSTSTORM OR SANDSTORM:
                                                       VSBY 1/2 MILE OR LESS
                                                   8 = SMOKE OR HAZE
[NO. OF DAYS WITH]      [WEATHER - DAYS WITH]      9 = BLOWING SNOW
                                                   X = TORNADO
MAX 32 OR BELOW:   0    0.01 INCH OR MORE:   5
MAX 90 OR ABOVE:  28    0.10 INCH OR MORE:   5
MIN 32 OR BELOW:   0    0.50 INCH OR MORE:   3
MIN  0 OR BELOW:   0    1.00 INCH OR MORE:   0

[HDD (BASE 65) ]
TOTAL THIS MO.     0    CLEAR  (SCALE 0-3)  24
DPTR FM NORMAL     0    PTCLDY (SCALE 4-7)   6
TOTAL FM JUL 1  1363    CLOUDY (SCALE 8-10)  0
DPTR FM NORMAL  -215

[CDD (BASE 65) ]
TOTAL THIS MO.   565
DPTR FM NORMAL    91    [PRESSURE DATA]
TOTAL FM JAN 1  1137    HIGHEST SLP 30.10 ON 21
DPTR FM NORMAL   112    LOWEST  SLP 29.70 ON 29

[REMARKS]
#FINAL-06-13#
