000
CXUS54 KHGX 021458
CF6DWH
PRELIMINARY LOCAL CLIMATOLOGICAL DATA (WS FORM: F-6)

                                          STATION:   HOUSTON/D.W._HOOKS
                                          MONTH:     JUNE
                                          YEAR:      2012
                                          LATITUDE:   30  4 N
                                          LONGITUDE:  95 33 W

  TEMPERATURE IN F:       :PCPN:    SNOW:  WIND      :SUNSHINE: SKY     :PK WND
================================================================================
1   2   3   4   5  6A  6B    7    8   9   10  11  12  13   14  15   16   17  18
                                     12Z  AVG MX 2MIN
DY MAX MIN AVG DEP HDD CDD  WTR  SNW DPTH SPD SPD DIR MIN PSBL S-S WX    SPD DR
================================================================================

 1  93  67  80   1   0  15 0.00  0.0    0  3.5 10 110   M    M   0        15  10
 2  93  67  80   1   0  15 0.00  0.0    0  6.2 15 200   M    M   1 1      22 210
 3  94  70  82   2   0  17 0.00  0.0    0  7.0 18 190   M    M   1        23 210
 4  95  75  85   5   0  20 0.00  0.0    0  6.2 15 230   M    M   2        18 250
 5  95  71  83   3   0  18 0.00  0.0    0  4.1 12 210   M    M   3 12     16 190
 6  96  72  84   4   0  19 0.90  0.0    0  3.8 29 110   M    M   2 138    43 100
 7  93  71  82   2   0  17 0.29  0.0    0  4.2 26 120   M    M   4 13     33 120
 8  91  71  81   1   0  16 1.29  0.0    0  4.4 37 110   M    M   3 13     49 100
 9  92  69  81   1   0  16 0.00  0.0    0  3.8  9 130   M    M   2        13 180
10  92  71  82   2   0  17 0.00  0.0    0  5.2 15 190   M    M   2        21 190
11  93  79  86   5   0  21 0.00  0.0    0  8.6 15 200   M    M   5        24 200
12  91  68  80  -1   0  15 0.13  0.0    0  7.0 31 360   M    M   8 13     47  10
13  91  68  80  -1   0  15 0.01  0.0    0  3.8 13 120   M    M   5 12     16 180
14  92  75  84   3   0  19 0.00  0.0    0  5.5 16 210   M    M   3        23 140
15  92  74  83   2   0  18 0.00  0.0    0  5.5 15 140   M    M   2 1      21 130
16  88  72  80  -1   0  15 0.02  0.0    0  4.3 20 200   M    M   2 3      26 140
17  90  70  80  -1   0  15 0.00    M    M  3.4 13  70   M    M   M        15 110
18  87  70  79  -2   0  14 0.00    M    M  6.3 16 130   M    M   M        23 130
19  85  70  78  -3   0  13 0.38    M    M  5.6 16 150   M    M   M        25 170
20  87  70  79  -2   0  14 0.44    M    M  4.3 15 200   M    M   M        21 200
21  92  69  81   0   0  16 0.00    M    M  3.3 10 100   M    M   M        17  80
22  93  71  82   1   0  17 0.00  0.0    M  4.4 13  60   M    M   M        17  80
23  95  70  83   2   0  18 0.00  0.0    M  3.5 12  80   M    M   M        15  80
24  97  73  85   4   0  20 0.00  0.0    M  3.7 10  30   M    M   M        16  30
25 100  72  86   4   0  21 0.00    M    M  3.9 13  20   M    M   M        20  50
26 101  75  88   6   0  23 0.00    M    M  1.6  8  40   M    M   M        10 260
27 101  76  89   7   0  24 0.00    M    M  4.3 12 160   M    M   M        16 140
28  96  72  84   2   0  19    T    M    M  4.2 18 150   M    M   M        29 120
29  92  72  82   0   0  17    T  0.0    0  4.2 17 130   M    M   2 13     26 140
30  84  73  79  -3   0  14 0.16  0.0    0  3.7 14 130   M    M   2 1      18 120
================================================================================
SM 2781 2143         0 518  3.62     0.0 139.5          M       49
================================================================================
AV 92.7 71.4                               4.7 FASTST   M    M   3    MAX(MPH)
                                 MISC ---->  # 37 110               # 49  100
================================================================================
NOTES:
# LAST OF SEVERAL OCCURRENCES

COLUMN 17 PEAK WIND IN M.P.H.

PRELIMINARY LOCAL CLIMATOLOGICAL DATA (WS FORM: F-6) , PAGE 2

                                          STATION:  HOUSTON/D.W._HOOKS
                                          MONTH:    JUNE
                                          YEAR:     2012
                                          LATITUDE:   30  4 N
                                          LONGITUDE:  95 33 W

[TEMPERATURE DATA]      [PRECIPITATION DATA]       SYMBOLS USED IN COLUMN 16

AVERAGE MONTHLY: 82.1   TOTAL FOR MONTH:   3.62    1 = FOG OR MIST
DPTR FM NORMAL:   1.3   DPTR FM NORMAL:   -1.60    2 = FOG REDUCING VISIBILITY
HIGHEST:   101 ON 27,26 GRTST 24HR  1.56 ON  7- 8      TO 1/4 MILE OR LESS
LOWEST:     67 ON  2, 1                            3 = THUNDER
                        SNOW, ICE PELLETS, HAIL    4 = ICE PELLETS
                        TOTAL MONTH:   0.0 INCH    5 = HAIL
                        GRTST 24HR     0.0         6 = FREEZING RAIN OR DRIZZLE
                        GRTST DEPTH:   0           7 = DUSTSTORM OR SANDSTORM:
                                                       VSBY 1/2 MILE OR LESS
                                                   8 = SMOKE OR HAZE
[NO. OF DAYS WITH]      [WEATHER - DAYS WITH]      9 = BLOWING SNOW
                                                   X = TORNADO
MAX 32 OR BELOW:   0    0.01 INCH OR MORE:   9
MAX 90 OR ABOVE:  25    0.10 INCH OR MORE:   7
MIN 32 OR BELOW:   0    0.50 INCH OR MORE:   2
MIN  0 OR BELOW:   0    1.00 INCH OR MORE:   1

[HDD (BASE 65) ]
TOTAL THIS MO.     0    CLEAR  (SCALE 0-3)  12
DPTR FM NORMAL     0    PTCLDY (SCALE 4-7)   6
TOTAL FM JUL 1  1152    CLOUDY (SCALE 8-10)  0
DPTR FM NORMAL  -426

[CDD (BASE 65) ]
TOTAL THIS MO.   518
DPTR FM NORMAL    44    [PRESSURE DATA]
TOTAL FM JAN 1  1322    HIGHEST SLP 30.13 ON 12
DPTR FM NORMAL   297    LOWEST  SLP 29.69 ON 26

[REMARKS]
#FINAL-06-12#
