000
CXUS54 KHGX 011923
CF6DWH
PRELIMINARY LOCAL CLIMATOLOGICAL DATA (WS FORM: F-6)

                                          STATION:   HOUSTON/D.W._HOOKS
                                          MONTH:     OCTOBER
                                          YEAR:      2015
                                          LATITUDE:   30  4 N
                                          LONGITUDE:  95 33 W

  TEMPERATURE IN F:       :PCPN:    SNOW:  WIND      :SUNSHINE: SKY     :PK WND
================================================================================
1   2   3   4   5  6A  6B    7    8   9   10  11  12  13   14  15   16   17  18
                                     12Z  AVG MX 2MIN
DY MAX MIN AVG DEP HDD CDD  WTR  SNW DPTH SPD SPD DIR MIN PSBL S-S WX    SPD DR
================================================================================

 1  90  65  78   4   0  13 0.00  0.0    0  5.3 15 340   M    M   0 18     20 340
 2  84  55  70  -4   0   5 0.00  0.0    0  6.4 16 360   M    M   0        24 360
 3  84  53  69  -5   0   4 0.00  0.0    0  3.8 12 360   M    M   0        17 340
 4  84  54  69  -5   0   4 0.00  0.0    0  4.3 13 350   M    M   0        17 350
 5  86  56  71  -2   0   6 0.00  0.0    0  3.8 15 360   M    M   0        19 330
 6  90  64  77   4   0  12 0.00  0.0    0  2.5 10 330   M    M   0        15 310
 7  91  62  77   4   0  12 0.00  0.0    0  1.6  8 140   M    M   1 1      12 130
 8  88  68  78   6   0  13 0.00  0.0    0  1.9  9  80   M    M   2 1      14  30
 9  90  67  79   7   0  14 0.00  0.0    0  2.5  9  80   M    M   0 18     14  40
10  89  62  76   4   0  11 0.00  0.0    0  4.7 13 360   M    M   0        18 350
11  90  58  74   2   0   9 0.00  0.0    0  4.3 14 130   M    M   0        18 150
12  92  70  81  10   0  16 0.00  0.0    0  7.1 15 190   M    M   2        21 190
13  95  58  77   6   0  12 0.00  0.0    0  3.2 13 350   M    M   2 1      19 350
14  93  53  73   2   0   8 0.00  0.0    0  3.1 13 120   M    M   0        20  90
15  93  53  73   3   0   8 0.00  0.0    0  2.8 10 190   M    M   0 18     15 140
16  92  55  74   4   0   9 0.00  0.0    0  3.7 15  10   M    M   0 18     22  80
17  86  62  74   4   0   9 0.00  0.0    0  7.3 16  80   M    M   0        23 350
18  83  54  69  -1   0   4 0.00  0.0    0  5.1 15  90   M    M   0        21  70
19  82  49  66  -3   0   1 0.00  0.0    0  4.6 10 110   M    M   0 8      14  60
20  77  55  66  -3   0   1    T  0.0    0  6.2 17 100   M    M   5 1      22 110
21  86  70  78   9   0  13 0.00  0.0    0  9.8 17 120   M    M   7        25 120
22  85  73  79  11   0  14 0.11  0.0    0 11.1 22 130   M    M   9 1      30 130
23  83  76  80  12   0  15 0.04  0.0    0  9.5 16 140   M    M   6 1      26 200
24  77  68  73   5   0   8 4.35  0.0    0  8.4 18  10   M    M   9 1      25 120
25  68  60  64  -3   1   0 1.62  0.0    0 13.4 22 320   M    M  10 1      32 350
26  74  61  68   1   0   3    T  0.0    0 11.5 20 360   M    M   8        33 340
27  81  59  70   3   0   5 0.00  0.0    0  4.2 12 310   M    M   5        19 360
28  85  56  71   5   0   6 0.00  0.0    0  8.1 17 320   M    M   0        25 320
29  82  52  67   1   0   2 0.00  0.0    0  3.2  9 120   M    M   1 1      12 120
30  79  68  74   8   0   9 0.02  0.0    0 11.4 22 140   M    M   8 13     35 150
31  75  69  72   7   0   7 2.04  0.0    0  6.5 23 300   M    M   9 13     32 300
================================================================================
SM 2634 1885         1 253  8.18     0.0 181.3          M       84
================================================================================
AV 85.0 60.8                               5.8 FASTST   M    M   3    MAX(MPH)
                                 MISC ---->  # 23 300               # 35  150
================================================================================
NOTES:
# LAST OF SEVERAL OCCURRENCES

COLUMN 17 PEAK WIND IN M.P.H.

PRELIMINARY LOCAL CLIMATOLOGICAL DATA (WS FORM: F-6) , PAGE 2

                                          STATION:  HOUSTON/D.W._HOOKS
                                          MONTH:    OCTOBER
                                          YEAR:     2015
                                          LATITUDE:   30  4 N
                                          LONGITUDE:  95 33 W

[TEMPERATURE DATA]      [PRECIPITATION DATA]       SYMBOLS USED IN COLUMN 16

AVERAGE MONTHLY: 72.9   TOTAL FOR MONTH:   8.18    1 = FOG OR MIST
DPTR FM NORMAL:   2.8   DPTR FM NORMAL:    2.88    2 = FOG REDUCING VISIBILITY
HIGHEST:    95 ON 13    GRTST 24HR  5.44 ON 24-25      TO 1/4 MILE OR LESS
LOWEST:     49 ON 19                               3 = THUNDER
                        SNOW, ICE PELLETS, HAIL    4 = ICE PELLETS
                        TOTAL MONTH:   0.0 INCH    5 = HAIL
                        GRTST 24HR     0.0         6 = FREEZING RAIN OR DRIZZLE
                        GRTST DEPTH:   0           7 = DUSTSTORM OR SANDSTORM:
                                                       VSBY 1/2 MILE OR LESS
                                                   8 = SMOKE OR HAZE
[NO. OF DAYS WITH]      [WEATHER - DAYS WITH]      9 = BLOWING SNOW
                                                   X = TORNADO
MAX 32 OR BELOW:   0    0.01 INCH OR MORE:   6
MAX 90 OR ABOVE:  10    0.10 INCH OR MORE:   4
MIN 32 OR BELOW:   0    0.50 INCH OR MORE:   3
MIN  0 OR BELOW:   0    1.00 INCH OR MORE:   3

[HDD (BASE 65) ]
TOTAL THIS MO.     1    CLEAR  (SCALE 0-3)  21
DPTR FM NORMAL   -36    PTCLDY (SCALE 4-7)   4
TOTAL FM JUL 1     1    CLOUDY (SCALE 8-10)  6
DPTR FM NORMAL   -37

[CDD (BASE 65) ]
TOTAL THIS MO.   253
DPTR FM NORMAL    59    [PRESSURE DATA]
TOTAL FM JAN 1  3130    HIGHEST SLP 30.36 ON 18
DPTR FM NORMAL   444    LOWEST  SLP 29.62 ON 31

[REMARKS]
#FINAL-10-15#
