000
CXUS54 KHGX 011415
CF6DWH
PRELIMINARY LOCAL CLIMATOLOGICAL DATA (WS FORM: F-6)

                                          STATION:   HOUSTON/D.W._HOOKS
                                          MONTH:     MAY
                                          YEAR:      2014
                                          LATITUDE:   30  4 N
                                          LONGITUDE:  95 33 W

  TEMPERATURE IN F:       :PCPN:    SNOW:  WIND      :SUNSHINE: SKY     :PK WND
================================================================================
1   2   3   4   5  6A  6B    7    8   9   10  11  12  13   14  15   16   17  18
                                     12Z  AVG MX 2MIN
DY MAX MIN AVG DEP HDD CDD  WTR  SNW DPTH SPD SPD DIR MIN PSBL S-S WX    SPD DR
================================================================================

 1  75  46  61 -11   4   0 0.00  0.0    0  2.3 15 360   M    M   0        22 360
 2  80  48  64  -8   1   0 0.00  0.0    0  3.7 14 270   M    M   1        17 270
 3  87  59  73   0   0   8 0.00  0.0    0  8.9 17 240   M    M   0        23 220
 4  86  58  72  -1   0   7 0.00  0.0    0  8.3 17 200   M    M   0        23 200
 5  85  60  73   0   0   8 0.00  0.0    0  8.5 18 190   M    M   0        29 190
 6  84  66  75   2   0  10 0.00  0.0    0  9.3 20 190   M    M   2        25 200
 7  84  66  75   1   0  10    T  0.0    0  8.9 17 140   M    M   5        24 150
 8  79  74  77   3   0  12 0.01  0.0    0  8.4 20 150   M    M  10 1      30 150
 9  86  64  75   1   0  10 0.57  0.0    0  5.1 25 300   M    M   8 138    38 310
10  88  63  76   2   0  11    T  0.0    0  7.4 20 120   M    M   5        28 110
11  88  75  82   7   0  17    T  0.0    0 10.5 20 140   M    M   7 1      25 140
12  85  66  76   1   0  11 1.56  0.0    0  8.9 18  10   M    M   9 13     31  10
13  73  62  68  -7   0   3 2.27  0.0    0  8.7 26  90   M    M  10 13     32  90
14  72  51  62 -13   3   0 0.10  0.0    0 10.1 23 350   M    M   4 1      32 360
15  78  47  63 -13   2   0 0.00  0.0    0  4.5 14 200   M    M   0        20 210
16  83  60  72  -4   0   7 0.00  0.0    0 10.2 18 220   M    M   0        28 180
17  84  61  73  -3   0   8 0.00  0.0    0  9.9 21 210   M    M   1        28 190
18  84  63  74  -2   0   9 0.00  0.0    0  5.9 15 140   M    M   2 1      36 200
19  85  67  76  -1   0  11 0.00  0.0    0  7.9 15 180   M    M   4        22 160
20  87  72  80   3   0  15 0.00  0.0    0  8.5 16 200   M    M   5        23 180
21  87  70  79   2   0  14 0.00  0.0    0  7.4 16 130   M    M   4        22 130
22  87  69  78   1   0  13 0.00  0.0    0  5.6 15 130   M    M   4 1      20 130
23  85  68  77  -1   0  12 0.00  0.0    0  4.8 14 100   M    M   3 12     17 120
24  88  65  77  -1   0  12 0.00  0.0    0  4.9 14 130   M    M   3 1      18 150
25  87  72  80   2   0  15 0.00  0.0    0  5.8 15 140   M    M   3        21 140
26  79  66  73  -5   0   8 2.81  0.0    0  4.9 22 330   M    M   5 1      33 320
27  75  64  70  -8   0   5 2.57  0.0    0  3.3 21 290   M    M   8 123    37 320
28  84  68  76  -3   0  11 1.57  0.0    0  2.7 15 350   M    M   8 123    20 330
29  87  67  77  -2   0  12 0.00  0.0    0  3.2 12 340   M    M   1 1      16 360
30  90  70  80   1   0  15 0.02  0.0    0  3.9 17  80   M    M   5 1      22  70
31  84  72  78  -1   0  13 0.44  0.0    0  2.7 15  10   M    M   5 1      18 360
================================================================================
SM 2586 1979        10 287 11.92     0.0 205.1          M      122
================================================================================
AV 83.4 63.8                               6.6 FASTST   M    M   4    MAX(MPH)
                                 MISC ---->  # 26  90               # 38  310
================================================================================
NOTES:
# LAST OF SEVERAL OCCURRENCES

COLUMN 17 PEAK WIND IN M.P.H.

PRELIMINARY LOCAL CLIMATOLOGICAL DATA (WS FORM: F-6) , PAGE 2

                                          STATION:  HOUSTON/D.W._HOOKS
                                          MONTH:    MAY
                                          YEAR:     2014
                                          LATITUDE:   30  4 N
                                          LONGITUDE:  95 33 W

[TEMPERATURE DATA]      [PRECIPITATION DATA]       SYMBOLS USED IN COLUMN 16

AVERAGE MONTHLY: 73.6   TOTAL FOR MONTH:  11.92    1 = FOG OR MIST
DPTR FM NORMAL:  -2.2   DPTR FM NORMAL:    7.15    2 = FOG REDUCING VISIBILITY
HIGHEST:    90 ON 30    GRTST 24HR  4.98 ON 26-27      TO 1/4 MILE OR LESS
LOWEST:     46 ON  1                               3 = THUNDER
                        SNOW, ICE PELLETS, HAIL    4 = ICE PELLETS
                        TOTAL MONTH:   0.0 INCH    5 = HAIL
                        GRTST 24HR     0.0         6 = FREEZING RAIN OR DRIZZLE
                        GRTST DEPTH:   0           7 = DUSTSTORM OR SANDSTORM:
                                                       VSBY 1/2 MILE OR LESS
                                                   8 = SMOKE OR HAZE
[NO. OF DAYS WITH]      [WEATHER - DAYS WITH]      9 = BLOWING SNOW
                                                   X = TORNADO
MAX 32 OR BELOW:   0    0.01 INCH OR MORE:  10
MAX 90 OR ABOVE:   1    0.10 INCH OR MORE:   8
MIN 32 OR BELOW:   0    0.50 INCH OR MORE:   6
MIN  0 OR BELOW:   0    1.00 INCH OR MORE:   5

[HDD (BASE 65) ]
TOTAL THIS MO.    10    CLEAR  (SCALE 0-3)  13
DPTR FM NORMAL     9    PTCLDY (SCALE 4-7)  14
TOTAL FM JUL 1  1840    CLOUDY (SCALE 8-10)  4
DPTR FM NORMAL   262

[CDD (BASE 65) ]
TOTAL THIS MO.   287
DPTR FM NORMAL   -49    [PRESSURE DATA]
TOTAL FM JAN 1   523    HIGHEST SLP 30.31 ON 15
DPTR FM NORMAL   -28    LOWEST  SLP 29.76 ON 11

[REMARKS]
#FINAL-05-14#
