000
CXUS54 KHGX 011455
CF6DWH
PRELIMINARY LOCAL CLIMATOLOGICAL DATA (WS FORM: F-6)

                                          STATION:   HOUSTON/D.W._HOOKS
                                          MONTH:     NOVEMBER
                                          YEAR:      2012
                                          LATITUDE:   30  4 N
                                          LONGITUDE:  95 33 W

  TEMPERATURE IN F:       :PCPN:    SNOW:  WIND      :SUNSHINE: SKY     :PK WND
================================================================================
1   2   3   4   5  6A  6B    7    8   9   10  11  12  13   14  15   16   17  18
                                     12Z  AVG MX 2MIN
DY MAX MIN AVG DEP HDD CDD  WTR  SNW DPTH SPD SPD DIR MIN PSBL S-S WX    SPD DR
================================================================================

 1  86  54  70   5   0   5 0.00  0.0    0  2.8 10 250   M    M   3 12     15 230
 2  86  62  74   9   0   9 0.00  0.0    0  5.2 13 120   M    M   2 12     24 210
 3  87  59  73   9   0   8 0.57  0.0    0  2.9 24 220   M    M   3 12     32 220
 4  82  59  71   7   0   6 0.00  0.0    0  1.2  9  70   M    M   1 12     13  70
 5  84  58  71   7   0   6 0.00  0.0    0  3.5 13  10   M    M   6 12     18  10
 6  74  48  61  -2   4   0 0.00  0.0    0  2.7 12 310   M    M   0 8      16 280
 7  81  47  64   1   1   0 0.00  0.0    0  0.8  7  50   M    M   0        10  70
 8  82  48  65   3   0   0 0.00  0.0    0  5.1 15 120   M    M   0        22 190
 9  83  55  69   7   0   4 0.00  0.0    0  5.9 17 140   M    M   2 1      28 150
10  84  56  70   8   0   5 0.00  0.0    0  7.7 17 190   M    M   3 1      25 150
11  83  57  70   9   0   5 0.18  0.0    0  8.7 20 320   M    M   7 1      28 190
12  65  46  56  -5   9   0 0.02    M    0  8.2 16 360   M    M   4        23 360
13  61  41  51 -10  14   0    T    M    0  5.1 13  80   M    M   1        23  80
14  66  39  53  -7  12   0 0.00  0.0    0  3.7 12 340   M    M   5        14 340
15  68  36  52  -8  13   0 0.00  0.0    0  2.4  9  80   M    M   2        15  40
16  67  40  54  -6  11   0 0.00  0.0    0  4.7 12  30   M    M   2        18  20
17  70  35  53  -6  12   0 0.00  0.0    0  0.9  7  90   M    M   0 1       9 110
18  74  36  55  -4  10   0 0.00  0.0    0  1.6  8  80   M    M   0 1      22 210
19  75  42  59   0   6   0 0.00  0.0    0  0.3  7 200   M    M   1 12     10 140
20  80  48  64   6   1   0 0.00  0.0    0  1.0  8 300   M    M   4 128    10 220
21  83  48  66   8   0   1 0.00  0.0    0  1.5  9  30   M    M   0 12     20 340
22  78  46  62   4   3   0 0.00  0.0    0  3.2 15 200   M    M   0 128    20 200
23  75  52  64   6   1   0 0.00  0.0    0  4.9 16  10   M    M   8 128    22 350
24  65  38  52  -5  13   0 0.00  0.0    0  3.7 14  10   M    M   1        20  20
25  76  35  56  -1   9   0 0.00  0.0    0  3.8 14 190   M    M   2 1      20 190
26  84  55  70  13   0   5 0.08  0.0    0  7.6 21 290   M    M   5 123    30 270
27  62  42  52  -4  13   0    T    M    0  7.0 17 330   M    M   5 1      26 340
28  68  37  53  -3  12   0 0.00  0.0    0  2.0  9  70   M    M   0 12     14  90
29  72  35  54  -2  11   0 0.00  0.0    0  3.5 10 120   M    M   2 12     15 160
30  79  57  68  12   0   3 0.00  0.0    0  5.8 16 120   M    M   8 1      20 110
================================================================================
SM 2280 1411       155  57  0.85     0.0 117.4          M       77
================================================================================
AV 76.0 47.0                               3.9 FASTST   M    M   3    MAX(MPH)
                                 MISC ---->  # 24 220               # 32  220
================================================================================
NOTES:
# LAST OF SEVERAL OCCURRENCES

COLUMN 17 PEAK WIND IN M.P.H.

PRELIMINARY LOCAL CLIMATOLOGICAL DATA (WS FORM: F-6) , PAGE 2

                                          STATION:  HOUSTON/D.W._HOOKS
                                          MONTH:    NOVEMBER
                                          YEAR:     2012
                                          LATITUDE:   30  4 N
                                          LONGITUDE:  95 33 W

[TEMPERATURE DATA]      [PRECIPITATION DATA]       SYMBOLS USED IN COLUMN 16

AVERAGE MONTHLY: 61.5   TOTAL FOR MONTH:   0.85    1 = FOG OR MIST
DPTR FM NORMAL:   1.5   DPTR FM NORMAL:   -3.87    2 = FOG REDUCING VISIBILITY
HIGHEST:    87 ON  3    GRTST 24HR  0.58 ON  3- 4      TO 1/4 MILE OR LESS
LOWEST:     35 ON 29,25                            3 = THUNDER
                        SNOW, ICE PELLETS, HAIL    4 = ICE PELLETS
                        TOTAL MONTH:   0.0 INCH    5 = HAIL
                        GRTST 24HR     0.0         6 = FREEZING RAIN OR DRIZZLE
                        GRTST DEPTH:   0           7 = DUSTSTORM OR SANDSTORM:
                                                       VSBY 1/2 MILE OR LESS
                                                   8 = SMOKE OR HAZE
[NO. OF DAYS WITH]      [WEATHER - DAYS WITH]      9 = BLOWING SNOW
                                                   X = TORNADO
MAX 32 OR BELOW:   0    0.01 INCH OR MORE:   4
MAX 90 OR ABOVE:   0    0.10 INCH OR MORE:   2
MIN 32 OR BELOW:   0    0.50 INCH OR MORE:   1
MIN  0 OR BELOW:   0    1.00 INCH OR MORE:   0

[HDD (BASE 65) ]
TOTAL THIS MO.   155    CLEAR  (SCALE 0-3)  21
DPTR FM NORMAL   -37    PTCLDY (SCALE 4-7)   9
TOTAL FM JUL 1   212    CLOUDY (SCALE 8-10)  0
DPTR FM NORMAL   -18

[CDD (BASE 65) ]
TOTAL THIS MO.    57
DPTR FM NORMAL    15    [PRESSURE DATA]
TOTAL FM JAN 1  3094    HIGHEST SLP 30.50 ON 13
DPTR FM NORMAL   366    LOWEST  SLP 29.89 ON 11

[REMARKS]
#FINAL-11-12#
