000
CXUS54 KHGX 011757
CF6DWH
PRELIMINARY LOCAL CLIMATOLOGICAL DATA (WS FORM: F-6)

                                          STATION:   HOUSTON/D.W._HOOKS
                                          MONTH:     MARCH
                                          YEAR:      2014
                                          LATITUDE:   30  4 N
                                          LONGITUDE:  95 33 W

  TEMPERATURE IN F:       :PCPN:    SNOW:  WIND      :SUNSHINE: SKY     :PK WND
================================================================================
1   2   3   4   5  6A  6B    7    8   9   10  11  12  13   14  15   16   17  18
                                     12Z  AVG MX 2MIN
DY MAX MIN AVG DEP HDD CDD  WTR  SNW DPTH SPD SPD DIR MIN PSBL S-S WX    SPD DR
================================================================================

 1  83  66  75  17   0  10 0.00  0.0    0  8.8 17 200   M    M   9 1      23 180
 2  75  31  53  -5  12   0 0.05    M    0  9.4 23 330   M    M  10 1      33 310
 3  39  26  33 -25  32   0 0.08    M    0 12.1 20 350   M    M   9 136    28 350
 4  37  30  34 -24  31   0 0.83    M    0  4.6 15  40   M    M   9 136    21  10
 5  53  37  45 -14  20   0 0.03    M    0  3.2 10 120   M    M  10 1      14 130
 6  60  41  51  -8  14   0 0.00  0.0    0  6.8 17 360   M    M   3 1      22 320
 7  68  36  52  -7  13   0 0.00  0.0    0  4.9 14 180   M    M   1 1      18 180
 8  70  51  61   2   4   0 0.72  0.0    0  7.0 15 360   M    M   8 1      21  10
 9  57  44  51  -8  14   0 0.34    M    0  6.4 15 350   M    M   7 1      20 350
10  72  47  60   0   5   0 0.00  0.0    0  2.5  8 130   M    M   5 1      15  70
11  73  57  65   5   0   0 0.00  0.0    0  6.0 17 230   M    M   6 1      24 210
12  66  47  57  -3   8   0 0.00  0.0    0 13.1 23 360   M    M   3 1      36 360
13  68  37  53  -7  12   0 0.00  0.0    0  4.9 16 130   M    M   0        22 330
14  74  47  61   1   4   0 0.00  0.0    0  6.6 17 200   M    M   5        23 190
15  69  63  66   6   0   1 0.59  0.0    0  7.2 15 190   M    M  10 1      18 190
16  69  45  57  -4   8   0    T    M    0 11.9 23 330   M    M   8 1      36 340
17  63  43  53  -8  12   0 0.00  0.0    0  6.3 17 350   M    M   5        24 350
18  77  45  61   0   4   0 0.00  0.0    0 10.4 22 190   M    M   1        29 190
19  74  58  66   5   0   1 0.00  0.0    0  4.8 13 360   M    M   7        16 320
20  77  55  66   4   0   1 0.00  0.0    0  3.2 10  70   M    M   4        13  70
21  79  51  65   3   0   0 0.00  0.0    0  6.1 17 140   M    M   6 18     23 130
22  82  66  74  12   0   9    T  0.0    0  4.1 13 160   M    M   9 18     18 150
23  71  54  63   1   2   0 0.10  0.0    0  8.3 18  20   M    M  10 1      26  40
24  65  51  58  -4   7   0 0.00  0.0    0  3.5 10  60   M    M   7        15  60
25  70  46  58  -5   7   0 0.00    M    0  4.9 17  60   M    M   0 1      22 360
26  64  44  54  -9  11   0 0.05  0.0    0  9.2 23 130   M    M   7        30 130
27  71  62  67   4   0   2 0.05  0.0    0  8.3 17 150   M    M  10 1      24 180
28  84  59  72   9   0   7 0.01  0.0    0  4.7 24 350   M    M   8 13     32 360
29  77  50  64   0   1   0 0.00  0.0    0  5.9 15 340   M    M   1        20 320
30  74  46  60  -4   5   0 0.00  0.0    0  6.3 17 120   M    M   0        22 110
31  79  51  65   1   0   0 0.00  0.0    0  7.5 17 140   M    M   3 1      28 150
================================================================================
SM 2140 1486       226  31  2.85     0.0 208.9          M      181
================================================================================
AV 69.0 47.9                               6.7 FASTST   M    M   6    MAX(MPH)
                                 MISC ---->  # 24 350               # 36  360
================================================================================
NOTES:
# LAST OF SEVERAL OCCURRENCES

COLUMN 17 PEAK WIND IN M.P.H.

PRELIMINARY LOCAL CLIMATOLOGICAL DATA (WS FORM: F-6) , PAGE 2

                                          STATION:  HOUSTON/D.W._HOOKS
                                          MONTH:    MARCH
                                          YEAR:     2014
                                          LATITUDE:   30  4 N
                                          LONGITUDE:  95 33 W

[TEMPERATURE DATA]      [PRECIPITATION DATA]       SYMBOLS USED IN COLUMN 16

AVERAGE MONTHLY: 58.5   TOTAL FOR MONTH:   2.85    1 = FOG OR MIST
DPTR FM NORMAL:  -2.3   DPTR FM NORMAL:   -0.74    2 = FOG REDUCING VISIBILITY
HIGHEST:    84 ON 28    GRTST 24HR  0.83 ON  4- 4      TO 1/4 MILE OR LESS
LOWEST:     26 ON  3                               3 = THUNDER
                        SNOW, ICE PELLETS, HAIL    4 = ICE PELLETS
                        TOTAL MONTH:   0.0 INCH    5 = HAIL
                        GRTST 24HR     0.0         6 = FREEZING RAIN OR DRIZZLE
                        GRTST DEPTH:   0           7 = DUSTSTORM OR SANDSTORM:
                                                       VSBY 1/2 MILE OR LESS
                                                   8 = SMOKE OR HAZE
[NO. OF DAYS WITH]      [WEATHER - DAYS WITH]      9 = BLOWING SNOW
                                                   X = TORNADO
MAX 32 OR BELOW:   0    0.01 INCH OR MORE:  11
MAX 90 OR ABOVE:   0    0.10 INCH OR MORE:   5
MIN 32 OR BELOW:   3    0.50 INCH OR MORE:   3
MIN  0 OR BELOW:   0    1.00 INCH OR MORE:   0

[HDD (BASE 65) ]
TOTAL THIS MO.   226    CLEAR  (SCALE 0-3)   7
DPTR FM NORMAL    47    PTCLDY (SCALE 4-7)  13
TOTAL FM JUL 1  1781    CLOUDY (SCALE 8-10) 11
DPTR FM NORMAL   255

[CDD (BASE 65) ]
TOTAL THIS MO.    31
DPTR FM NORMAL   -18    [PRESSURE DATA]
TOTAL FM JAN 1    64    HIGHEST SLP 30.36 ON 13
DPTR FM NORMAL   -13    LOWEST  SLP 29.64 ON 11

[REMARKS]
#FINAL-03-14#
