000
CXUS54 KHGX 240030
CF6DWH
PRELIMINARY LOCAL CLIMATOLOGICAL DATA (WS FORM: F-6)

                                          STATION:   HOUSTON/D.W._HOOKS
                                          MONTH:     FEBRUARY
                                          YEAR:      2012
                                          LATITUDE:   30  4 N
                                          LONGITUDE:  95 33 W

  TEMPERATURE IN F:       :PCPN:    SNOW:  WIND      :SUNSHINE: SKY     :PK WND
================================================================================
1   2   3   4   5  6A  6B    7    8   9   10  11  12  13   14  15   16   17  18
                                     12Z  AVG MX 2MIN
DY MAX MIN AVG DEP HDD CDD  WTR  SNW DPTH SPD SPD DIR MIN PSBL S-S WX    SPD DR
================================================================================

 1  78  66  72  19   0   7    T  0.0    0  3.0 12 250   M    M   7 1      14 250
 2  71  65  68  15   0   3 0.02  0.0    0  5.8 16 130   M    M  10 1      21 130
 3  77  66  72  19   0   7 0.01  0.0    0  6.8 17 150   M    M   5 13     22 150
 4  70  53  62   9   3   0 0.90  0.0    0  8.3 15  10   M    M   7 13     23  10
 5  53  43  48  -5  17   0 0.00  0.0    0  9.7 18  10   M    M   9        24  10
 6  59  41  50  -4  15   0 0.00  0.0    0  4.2 12  50   M    M   5        14  50
 7  63  47  55   1  10   0 0.00  0.0    0  3.1 10 360   M    M   8        13 350
 8  62  46  54   0  11   0 0.00  0.0    0  4.8 15  40   M    M   0        18  10
 9  58  42  50  -4  15   0 0.01    M    0  4.2  9 120   M    M   1 1      13 140
10  58  44  51  -3  14   0 0.23    M    0  3.9 15 340   M    M   6 1      22 330
11  55  36  46  -8  19   0 0.00  0.0    0  8.9 17  10   M    M   0        25  20
12  46  33  40 -15  25   0    T    M    0  9.2 17  50   M    M   3        24  50
13  57  42  50  -5  15   0 0.20    M    0  4.7 14 100   M    M   9 12     18 100
14  71  44  58   3   7   0 0.00  0.0    0  5.9 16 120   M    M   6 12     22 140
15  71  57  64   9   1   0 1.08  0.0    0  4.6 16 310   M    M  10 12     21 310
16  65  54  60   5   5   0 0.00  0.0    0  3.7  9 360   M    M   4 12     13 350
17  63  53  58   2   7   0 0.03  0.0    0  5.7 12  80   M    M   8 1      15  70
18  60  51  56   0   9   0 1.34  0.0    0  8.5 25 300   M    M   8 13     35 290
19  63  49  56   0   9   0 0.00  0.0    0  5.8 17  10   M    M   5        26 330
20  64  47  56   0   9   0 0.00  0.0    0  4.9 16 140   M    M   5 1      21 140
21  74  51  63   7   2   0 0.00  0.0    0  4.0 15 170   M    M   4 1      20 180
22  78  62  70  14   0   5 0.00  0.0    0  9.2 18 230   M    M   6        25 220
23  80  67  74  17   0   9 0.00  0.0    0 11.3 20 180   M    M   7 18     28 230
24  71  50  61   4   4   0    T  0.0    0 11.4 24 360   M    M   3 1      37  20
25  59  42  51  -6  14   0 0.00  0.0    0  4.8 16 200   M    M   0        22 200
26  65  38  52  -5  13   0 0.00  0.0    0  5.6 15 140   M    M   5        18 150
27  70  58  64   6   1   0 0.01  0.0    0  6.6 15  80   M    M  10 1      18  80
28  76  60  68  10   0   3    T  0.0    0  8.4 20 180   M    M   9 18     29 180
29  82  68  75  17   0  10    T  0.0    0  7.0 18 190   M    M   8 1      23 190
================================================================================
SM 1919 1475       225  44  3.83     0.0 184.0          M      168
================================================================================
AV 66.2 50.9                               6.3 FASTST   M    M   6    MAX(MPH)
                                 MISC ---->  # 25 300               # 37   20
================================================================================
NOTES:
# LAST OF SEVERAL OCCURRENCES

COLUMN 17 PEAK WIND IN M.P.H.

PRELIMINARY LOCAL CLIMATOLOGICAL DATA (WS FORM: F-6) , PAGE 2

                                          STATION:  HOUSTON/D.W._HOOKS
                                          MONTH:    FEBRUARY
                                          YEAR:     2012
                                          LATITUDE:   30  4 N
                                          LONGITUDE:  95 33 W

[TEMPERATURE DATA]      [PRECIPITATION DATA]       SYMBOLS USED IN COLUMN 16

AVERAGE MONTHLY: 58.5   TOTAL FOR MONTH:   3.83    1 = FOG OR MIST
DPTR FM NORMAL:   3.4   DPTR FM NORMAL:    0.80    2 = FOG REDUCING VISIBILITY
HIGHEST:    82 ON 29    GRTST 24HR  1.37 ON 17-18      TO 1/4 MILE OR LESS
LOWEST:     33 ON 12                               3 = THUNDER
                        SNOW, ICE PELLETS, HAIL    4 = ICE PELLETS
                        TOTAL MONTH:   0.0 INCH    5 = HAIL
                        GRTST 24HR     0.0         6 = FREEZING RAIN OR DRIZZLE
                        GRTST DEPTH:   0           7 = DUSTSTORM OR SANDSTORM:
                                                       VSBY 1/2 MILE OR LESS
                                                   8 = SMOKE OR HAZE
[NO. OF DAYS WITH]      [WEATHER - DAYS WITH]      9 = BLOWING SNOW
                                                   X = TORNADO
MAX 32 OR BELOW:   0    0.01 INCH OR MORE:  10
MAX 90 OR ABOVE:   0    0.10 INCH OR MORE:   5
MIN 32 OR BELOW:   0    0.50 INCH OR MORE:   3
MIN  0 OR BELOW:   0    1.00 INCH OR MORE:   2

[HDD (BASE 65) ]
TOTAL THIS MO.   225    CLEAR  (SCALE 0-3)   5
DPTR FM NORMAL   -70    PTCLDY (SCALE 4-7)  18
TOTAL FM JUL 1  1090    CLOUDY (SCALE 8-10)  6
DPTR FM NORMAL  -265

[CDD (BASE 65) ]
TOTAL THIS MO.    44
DPTR FM NORMAL    25    [PRESSURE DATA]
TOTAL FM JAN 1    62    HIGHEST SLP 30.57 ON 12
DPTR FM NORMAL    33    LOWEST  SLP 29.55 ON 23

[REMARKS]
#FINAL-02-12#
