000
CXUS54 KHGX 011701
CF6DWH
PRELIMINARY LOCAL CLIMATOLOGICAL DATA (WS FORM: F-6)

                                          STATION:   HOUSTON/D.W._HOOKS
                                          MONTH:     OCTOBER
                                          YEAR:      2012
                                          LATITUDE:   30  4 N
                                          LONGITUDE:  95 33 W

  TEMPERATURE IN F:       :PCPN:    SNOW:  WIND      :SUNSHINE: SKY     :PK WND
================================================================================
1   2   3   4   5  6A  6B    7    8   9   10  11  12  13   14  15   16   17  18
                                     12Z  AVG MX 2MIN
DY MAX MIN AVG DEP HDD CDD  WTR  SNW DPTH SPD SPD DIR MIN PSBL S-S WX    SPD DR
================================================================================

 1  83  57  70  -4   0   5 0.00  0.0    0  7.2 16 320   M    M   0        25 300
 2  83  59  71  -3   0   6 0.00  0.0    0  3.6 10  20   M    M   0        18 340
 3  85  55  70  -4   0   5 0.00  0.0    0  2.6 10 200   M    M   0 1      14 180
 4  88  60  74   0   0   9 0.00  0.0    0  4.9 15 140   M    M   1 1      20 140
 5  88  62  75   2   0  10 0.00  0.0    0  2.6 10 190   M    M   1 1      13 190
 6  86  58  72  -1   0   7 0.00  0.0    0  3.9 15  10   M    M   4 1      22  30
 7  64  52  58 -15   7   0 0.00  0.0    0  8.2 15  10   M    M  10        23  40
 8  69  51  60 -12   5   0    T  0.0    0  4.3 10  30   M    M   5        14  60
 9  84  56  70  -2   0   5 0.00  0.0    0  4.2 15 190   M    M   7        20 190
10  90  64  77   5   0  12 0.00  0.0    0  3.1 16 140   M    M   4 1      22 130
11  88  66  77   5   0  12 0.00  0.0    0  6.1 16 120   M    M   5        21 120
12  90  68  79   8   0  14 0.00  0.0    0  5.0 14 130   M    M   4 1      17 140
13  89  64  77   6   0  12 0.00  0.0    0  7.3 17 150   M    M   3 1      25 150
14  84  70  77   6   0  12 0.48  0.0    0  4.1 14 200   M    M   5 138    20 200
15  81  57  69  -1   0   4 0.00  0.0    0  2.6 12  60   M    M   1 18     15  80
16  77  54  66  -4   0   1 0.57  0.0    0  1.4  8 160   M    M   4 1      14 150
17  88  60  74   4   0   9 0.00  0.0    0  6.4 18 200   M    M   3 13     25 190
18  77  56  67  -3   0   2 0.00  0.0    0  5.0 16  60   M    M   5 12     23  50
19  82  48  65  -4   0   0 0.00  0.0    0  1.0 10 310   M    M   0 1      17 240
20  86  49  68  -1   0   3 0.00  0.0    0  4.8 13 150   M    M   3 1      21 150
21  90  70  80  11   0  15 0.00  0.0    0  6.2 17 140   M    M   3        25 130
22  88  65  77   9   0  12 0.00  0.0    0  7.3 17 130   M    M   4        23 140
23  87  61  74   6   0   9 0.00  0.0    0  3.2 13 120   M    M   3 12     17 120
24  89  62  76   8   0  11 0.00  0.0    0  4.4 15 130   M    M   4 12     21 130
25  89  69  79  12   0  14    T  0.0    0  5.5 15 200   M    M   4        20 150
26  72  52  62  -5   3   0 0.02  0.0    0  9.8 16 360   M    M   9 1      24  10
27  64  47  56 -11   9   0 0.00  0.0    0  7.8 16 330   M    M   3        23  10
28  66  38  52 -14  13   0 0.00  0.0    0  4.1 13 350   M    M   0        17 340
29  70  36  53 -13  12   0 0.00  0.0    0  1.0  9  50   M    M   0 1      14  20
30  76  38  57  -9   8   0 0.00  0.0    0  1.4 10 220   M    M   0 1      17 230
31  83  49  66   1   0   1 0.00  0.0    0  3.3 13 260   M    M   0 1      17 260
================================================================================
SM 2536 1753        57 190  1.07     0.0 142.3          M       95
================================================================================
AV 81.8 56.5                               4.6 FASTST   M    M   3    MAX(MPH)
                                 MISC ---->  # 18 200               # 25  300
================================================================================
NOTES:
# LAST OF SEVERAL OCCURRENCES

COLUMN 17 PEAK WIND IN M.P.H.

PRELIMINARY LOCAL CLIMATOLOGICAL DATA (WS FORM: F-6) , PAGE 2

                                          STATION:  HOUSTON/D.W._HOOKS
                                          MONTH:    OCTOBER
                                          YEAR:     2012
                                          LATITUDE:   30  4 N
                                          LONGITUDE:  95 33 W

[TEMPERATURE DATA]      [PRECIPITATION DATA]       SYMBOLS USED IN COLUMN 16

AVERAGE MONTHLY: 69.2   TOTAL FOR MONTH:   1.07    1 = FOG OR MIST
DPTR FM NORMAL:  -0.9   DPTR FM NORMAL:   -4.23    2 = FOG REDUCING VISIBILITY
HIGHEST:    90 ON 21,12 GRTST 24HR  0.58 ON 16-17      TO 1/4 MILE OR LESS
LOWEST:     36 ON 29                               3 = THUNDER
                        SNOW, ICE PELLETS, HAIL    4 = ICE PELLETS
                        TOTAL MONTH:   0.0 INCH    5 = HAIL
                        GRTST 24HR     0.0         6 = FREEZING RAIN OR DRIZZLE
                        GRTST DEPTH:   0           7 = DUSTSTORM OR SANDSTORM:
                                                       VSBY 1/2 MILE OR LESS
                                                   8 = SMOKE OR HAZE
[NO. OF DAYS WITH]      [WEATHER - DAYS WITH]      9 = BLOWING SNOW
                                                   X = TORNADO
MAX 32 OR BELOW:   0    0.01 INCH OR MORE:   3
MAX 90 OR ABOVE:   3    0.10 INCH OR MORE:   2
MIN 32 OR BELOW:   0    0.50 INCH OR MORE:   1
MIN  0 OR BELOW:   0    1.00 INCH OR MORE:   0

[HDD (BASE 65) ]
TOTAL THIS MO.    57    CLEAR  (SCALE 0-3)  14
DPTR FM NORMAL    20    PTCLDY (SCALE 4-7)  15
TOTAL FM JUL 1    57    CLOUDY (SCALE 8-10)  2
DPTR FM NORMAL    19

[CDD (BASE 65) ]
TOTAL THIS MO.   190
DPTR FM NORMAL    -4    [PRESSURE DATA]
TOTAL FM JAN 1  3037    HIGHEST SLP 30.30 ON 29
DPTR FM NORMAL   351    LOWEST  SLP 29.60 ON 17

[REMARKS]
#FINAL-10-12#
