000
CXUS54 KHGX 011420
CF6DWH
PRELIMINARY LOCAL CLIMATOLOGICAL DATA (WS FORM: F-6)

                                          STATION:   HOUSTON/D.W._HOOKS
                                          MONTH:     JULY
                                          YEAR:      2012
                                          LATITUDE:   30  4 N
                                          LONGITUDE:  95 33 W

  TEMPERATURE IN F:       :PCPN:    SNOW:  WIND      :SUNSHINE: SKY     :PK WND
================================================================================
1   2   3   4   5  6A  6B    7    8   9   10  11  12  13   14  15   16   17  18
                                     12Z  AVG MX 2MIN
DY MAX MIN AVG DEP HDD CDD  WTR  SNW DPTH SPD SPD DIR MIN PSBL S-S WX    SPD DR
================================================================================

 1  85  73  79  -3   0  14 0.32  0.0    0  4.1 20 250   M    M   2 1      24 250
 2  92  73  83   1   0  18 0.00  0.0    0  4.3 12 110   M    M   3        15 130
 3  91  73  82   0   0  17 0.00  0.0    0  2.9 14 200   M    M   2 3      18 200
 4  96  69  83   1   0  18 0.00  0.0    0  4.3 16 190   M    M   1 1      23 190
 5  95  72  84   2   0  19 0.00  0.0    0  3.3 12 140   M    M   3 1      16 150
 6  97  70  84   2   0  19 0.02  0.0    0  3.1 12 180   M    M   2 1      16 170
 7  95  74  85   3   0  20 0.32  0.0    0  3.0 24  80   M    M   3 1      31  80
 8  83  72  78  -4   0  13 1.00  0.0    0  2.2 17  80   M    M   5 1      23 130
 9  88  74  81  -1   0  16 0.44  0.0    0  3.0 16 210   M    M   5 13     24 200
10  80  73  77  -5   0  12 0.04  0.0    0  3.1 16 200   M    M   7        23 200
11  79  73  76  -6   0  11 1.37  0.0    0  5.9 15 210   M    M   7 1      21 220
12  81  70  76  -6   0  11 5.38  0.0    0  4.0 16 250   M    M   6 13     23 200
13  83  72  78  -4   0  13 0.06  0.0    M  1.6 10  80   M    M   5 13     14  80
14  90  72  81  -1   0  16 0.27  0.0    0  2.3 14  90   M    M   3 1      18  80
15  87  72  80  -2   0  15 0.15  0.0    0  2.9 12 240   M    M   3 1      15 240
16  92  71  82   0   0  17 2.12  0.0    0  2.2 29 320   M    M   3 123    44 320
17  91  71  81  -1   0  16 1.15  0.0    0  1.2 18  60   M    M   2 123    25  60
18  93  71  82   0   0  17 0.00  0.0    0  1.9 13 250   M    M   1 1      17 250
19  93  72  83   1   0  18 0.01  0.0    0  3.7 12 200   M    M   1 1      15 200
20  93  76  85   3   0  20 0.00  0.0    0  5.8 13 230   M    M   1 8      17 230
21  93  74  84   2   0  19 0.02  0.0    0  7.2 21  70   M    M   1        31  80
22  91  74  83   1   0  18    T  0.0    0  2.5 14 130   M    M   2        18 140
23  89  74  82   0   0  17 0.01  0.0    0  3.5 13 140   M    M   3        18 140
24  92  73  83   1   0  18 0.00  0.0    0  3.3 13 130   M    M   1 1      17 130
25  91  74  83   1   0  18 0.01  0.0    0  5.0  6 100   M    M   2 138     8 100
26  92  74  83   0   0  18 0.02  0.0    0  8.2 12 200   M    M   2 3      16 200
27  95  73  84   1   0  19 0.00  0.0    0  2.3  9 200   M    M   3 1      14 190
28  94  75  85   2   0  20 0.00  0.0    0  3.0 10 250   M    M   0        15 280
29  94  75  85   2   0  20 0.00  0.0    0   M  10 240   M    M   1 1      26  30
30  93  74  84   1   0  19 0.00  0.0    0  4.6 13 200   M    M   2        17 210
31  94  74  84   1   0  19 0.00  0.0    0  5.2 14 200   M    M   2 1      20 200
================================================================================
SM 2802 2257         0 525 12.71     0.0 109.6          M       84
================================================================================
AV 90.4 72.8                               3.7 FASTST   M    M   3    MAX(MPH)
                                 MISC ---->  # 29 320               # 44  320
================================================================================
NOTES:
# LAST OF SEVERAL OCCURRENCES

COLUMN 17 PEAK WIND IN M.P.H.

PRELIMINARY LOCAL CLIMATOLOGICAL DATA (WS FORM: F-6) , PAGE 2

                                          STATION:  HOUSTON/D.W._HOOKS
                                          MONTH:    JULY
                                          YEAR:     2012
                                          LATITUDE:   30  4 N
                                          LONGITUDE:  95 33 W

[TEMPERATURE DATA]      [PRECIPITATION DATA]       SYMBOLS USED IN COLUMN 16

AVERAGE MONTHLY: 81.6   TOTAL FOR MONTH:  12.71    1 = FOG OR MIST
DPTR FM NORMAL:  -0.5   DPTR FM NORMAL:    8.87    2 = FOG REDUCING VISIBILITY
HIGHEST:    97 ON  6    GRTST 24HR  5.38 ON 11-12      TO 1/4 MILE OR LESS
LOWEST:     69 ON  4                               3 = THUNDER
                        SNOW, ICE PELLETS, HAIL    4 = ICE PELLETS
                        TOTAL MONTH:   0.0 INCH    5 = HAIL
                        GRTST 24HR     0.0         6 = FREEZING RAIN OR DRIZZLE
                        GRTST DEPTH:   0           7 = DUSTSTORM OR SANDSTORM:
                                                       VSBY 1/2 MILE OR LESS
                                                   8 = SMOKE OR HAZE
[NO. OF DAYS WITH]      [WEATHER - DAYS WITH]      9 = BLOWING SNOW
                                                   X = TORNADO
MAX 32 OR BELOW:   0    0.01 INCH OR MORE:  18
MAX 90 OR ABOVE:  22    0.10 INCH OR MORE:  10
MIN 32 OR BELOW:   0    0.50 INCH OR MORE:   5
MIN  0 OR BELOW:   0    1.00 INCH OR MORE:   5

[HDD (BASE 65) ]
TOTAL THIS MO.     0    CLEAR  (SCALE 0-3)  24
DPTR FM NORMAL     0    PTCLDY (SCALE 4-7)   7
TOTAL FM JUL 1     0    CLOUDY (SCALE 8-10)  0
DPTR FM NORMAL     0

[CDD (BASE 65) ]
TOTAL THIS MO.   525
DPTR FM NORMAL    -7    [PRESSURE DATA]
TOTAL FM JAN 1  1847    HIGHEST SLP 30.12 ON 28
DPTR FM NORMAL   290    LOWEST  SLP 29.86 ON 10

[REMARKS]
#FINAL-07-12#
