000
CXUS54 KHGX 011500
CF6DWH
PRELIMINARY LOCAL CLIMATOLOGICAL DATA (WS FORM: F-6)

                                          STATION:   HOUSTON/D.W._HOOKS
                                          MONTH:     FEBRUARY
                                          YEAR:      2014
                                          LATITUDE:   30  4 N
                                          LONGITUDE:  95 33 W

  TEMPERATURE IN F:       :PCPN:    SNOW:  WIND      :SUNSHINE: SKY     :PK WND
================================================================================
1   2   3   4   5  6A  6B    7    8   9   10  11  12  13   14  15   16   17  18
                                     12Z  AVG MX 2MIN
DY MAX MIN AVG DEP HDD CDD  WTR  SNW DPTH SPD SPD DIR MIN PSBL S-S WX    SPD DR
================================================================================

 1  74  63  69  16   0   4    T  0.0    0  8.4 15 140   M    M  10 1      22 170
 2  67  39  53   0  12   0 0.21  0.0    0  9.9 18 350   M    M  10 1      24 350
 3  48  37  43 -10  22   0 0.00  0.0    0  6.8 14 360   M    M  10 1      20 360
 4  52  39  46  -7  19   0 0.08    M    0  5.6 15  90   M    M   8 1      20 110
 5  49  37  43 -10  22   0 0.00  0.0    0  9.1 20 350   M    M   3 12     26  20
 6  37  31  34 -20  31   0 0.02    T    0  9.6 17  10   M    M  10 6      22 360
 7  39  34  37 -17  28   0    T  0.0    0  4.8 12  50   M    M  10 1      16  40
 8  55  38  47  -7  18   0 0.00  0.0    0  2.5 10 190   M    M   8 18     14 200
 9  67  47  57   3   8   0 0.00  0.0    0  5.3 13 190   M    M  10 12     17 230
10  58  39  49  -5  16   0 0.40    M    0  7.3 16  30   M    M  10 12     22  30
11  43  34  39 -15  26   0 0.07  0.0    0  9.7 17  20   M    M  10 1      23  20
12  51  33  42 -13  23   0 0.00  0.0    0  7.3 17 350   M    M   6 1      22 310
13  62  29  46  -9  19   0 0.00  0.0    0  2.6 10 200   M    M   0 1      14 210
14  78  39  59   4   6   0 0.00  0.0    0  6.7 24 210   M    M   1 128    32 220
15  68  39  54  -1  11   0 0.00  0.0    0  5.1 16 130   M    M   2        22 130
16  75  54  65  10   0   0 0.00  0.0    0  5.9 15 180   M    M   9        20 180
17  76  65  71  15   0   6 0.00  0.0    0  5.4 17 210   M    M   9 8      24 220
18  80  64  72  16   0   7 0.00  0.0    0  8.4 20 200   M    M   7 1      26 210
19  80  64  72  16   0   7 0.00  0.0    0  8.6 18 190   M    M   8        26 180
20  78  57  68  12   0   3 0.13  0.0    0  9.5 18 190   M    M   8 1      26 330
21  68  42  55  -1  10   0 0.00  0.0    0  4.8 15 360   M    M   0        22  10
22  72  45  59   3   6   0 0.00  0.0    0  5.5 16 130   M    M   2        21 140
23  77  59  68  11   0   3    T  0.0    0  2.0  9 360   M    M   7 12     14 210
24  67  59  63   6   2   0 0.01  0.0    0  5.8 13 100   M    M   8 1      15 110
25  78  57  68  11   0   3 0.29  0.0    0  5.4 15 360   M    M  10 138    17 350
26  58  36  47 -10  18   0 0.53    M    0  9.9 20  20   M    M   7 1      29  10
27  56  33  45 -13  20   0 0.00  0.0    0  4.5 10 130   M    M   0        15 140
28  74  40  57  -1   8   0 0.01    M    0  6.7 22 200   M    M   8 1      29 200
================================================================================
SM 1787 1253       325  33  1.75    T    183.1          M      191
================================================================================
AV 63.8 44.8                               6.5 FASTST   M    M   7    MAX(MPH)
                                 MISC ---->  # 24 210               # 32  220
================================================================================
NOTES:
# LAST OF SEVERAL OCCURRENCES

COLUMN 17 PEAK WIND IN M.P.H.

PRELIMINARY LOCAL CLIMATOLOGICAL DATA (WS FORM: F-6) , PAGE 2

                                          STATION:  HOUSTON/D.W._HOOKS
                                          MONTH:    FEBRUARY
                                          YEAR:     2014
                                          LATITUDE:   30  4 N
                                          LONGITUDE:  95 33 W

[TEMPERATURE DATA]      [PRECIPITATION DATA]       SYMBOLS USED IN COLUMN 16

AVERAGE MONTHLY: 54.3   TOTAL FOR MONTH:   1.75    1 = FOG OR MIST
DPTR FM NORMAL:  -0.8   DPTR FM NORMAL:   -1.28    2 = FOG REDUCING VISIBILITY
HIGHEST:    80 ON 19,18 GRTST 24HR  0.81 ON 25-26      TO 1/4 MILE OR LESS
LOWEST:     29 ON 13                               3 = THUNDER
                        SNOW, ICE PELLETS, HAIL    4 = ICE PELLETS
                        TOTAL MONTH:    T          5 = HAIL
                        GRTST 24HR    T  ON  6- 6  6 = FREEZING RAIN OR DRIZZLE
                        GRTST DEPTH:   0           7 = DUSTSTORM OR SANDSTORM:
                                                       VSBY 1/2 MILE OR LESS
                                                   8 = SMOKE OR HAZE
[NO. OF DAYS WITH]      [WEATHER - DAYS WITH]      9 = BLOWING SNOW
                                                   X = TORNADO
MAX 32 OR BELOW:   0    0.01 INCH OR MORE:  10
MAX 90 OR ABOVE:   0    0.10 INCH OR MORE:   5
MIN 32 OR BELOW:   2    0.50 INCH OR MORE:   1
MIN  0 OR BELOW:   0    1.00 INCH OR MORE:   0

[HDD (BASE 65) ]
TOTAL THIS MO.   325    CLEAR  (SCALE 0-3)   7
DPTR FM NORMAL    30    PTCLDY (SCALE 4-7)  10
TOTAL FM JUL 1  1555    CLOUDY (SCALE 8-10) 11
DPTR FM NORMAL   208

[CDD (BASE 65) ]
TOTAL THIS MO.    33
DPTR FM NORMAL    14    [PRESSURE DATA]
TOTAL FM JAN 1    33    HIGHEST SLP 30.48 ON  6
DPTR FM NORMAL     5    LOWEST  SLP 29.77 ON 20

[REMARKS]
#FINAL-02-14#
