000
CXUS54 KHGX 241853
CF6DWH
PRELIMINARY LOCAL CLIMATOLOGICAL DATA (WS FORM: F-6)

                                          STATION:   HOUSTON/D.W._HOOKS
                                          MONTH:     DECEMBER
                                          YEAR:      2013
                                          LATITUDE:   30  4 N
                                          LONGITUDE:  95 33 W

  TEMPERATURE IN F:       :PCPN:    SNOW:  WIND      :SUNSHINE: SKY     :PK WND
================================================================================
1   2   3   4   5  6A  6B    7    8   9   10  11  12  13   14  15   16   17  18
                                     12Z  AVG MX 2MIN
DY MAX MIN AVG DEP HDD CDD  WTR  SNW DPTH SPD SPD DIR MIN PSBL S-S WX    SPD DR
================================================================================

 1  71  48  60   5   5   0 0.00  0.0    0  3.5 10 190   M    M   7 1      14 200
 2  77  61  69  14   0   4 0.00  0.0    0  6.4 16 220   M    M   0        22 220
 3  80  61  71  16   0   6 0.00  0.0    0  8.5 15 200   M    M   3 1      21 210
 4  81  69  75  20   0  10 0.00  0.0    0  8.2 17 200   M    M   8 18     22 190
 5  74  37  56   2   9   0    T    M    0  9.1 17 340   M    M  10 1      25 300
 6  41  34  38 -16  27   0 0.02    M    0 10.4 18 330   M    M  10 1      26 350
 7  37  32  35 -19  30   0    T    M    0  8.0 22 340   M    M  10 1      31 340
 8  45  35  40 -14  25   0 0.02    M    0  2.3  8 340   M    M  10 1      21  90
 9  45  38  42 -12  23   0 0.10    M    0  7.1 15 340   M    M  10 1      23 330
10  47  32  40 -14  25   0 0.00  0.0    0  7.2 17 340   M    M   3        23 340
11  53  31  42 -11  23   0 0.00  0.0    0  2.7  9  10   M    M   7        12  10
12  56  36  46  -7  19   0 0.00  0.0    0  4.4 12  60   M    M   0        15  60
13  53  41  47  -6  18   0 0.07    M    0  3.0 12 280   M    M   7 18     16 280
14  57  39  48  -5  17   0 0.00    M    0  9.0 21 350   M    M   7 12     30 340
15  57  29  43 -10  22   0 0.00  0.0    0  3.6 14 340   M    M   0 18     17 330
16  63  29  46  -7  19   0 0.00  0.0    0  1.6  8 210   M    M   0 1      14 240
17  70  33  52   0  13   0 0.00  0.0    0  1.3  9 240   M    M   0 1      12 250
18  70  36  53   1  12   0 0.00  0.0    0   M  14 130   M    M   3 12      M  M
19  78  54  66  14   0   1    T  0.0    0  7.0 17 170   M    M   7        25 180
20  78  67  73  21   0   8    T  0.0    0  8.5 17 160   M    M  10        26 150
21  75  51  63  11   2   0 0.45  0.0    0  8.1 26 290   M    M   8 1      41 270
22  56  38  47  -5  18   0 0.01    M    0  6.5 18 330   M    M   4 1      24 330
23  53  32  43  -9  22   0 0.00  0.0    0  6.1 14 350   M    M   0        20  10
24  57  28  43  -9  22   0 0.00  0.0    0  2.4 10  70   M    M   0 1      13 120
25  57  34  46  -6  19   0 0.01    M    0  4.6 12 110   M    M   7 1      14 130
26  63  44  54   2  11   0    T    M    0  3.0  9  10   M    M   2 12     13  10
27  59  47  53   1  12   0 0.00  0.0    0  3.2 12  70   M    M   0        15  90
28  60  39  50  -1  15   0 0.00  0.0    0  0.8  6  40   M    M   4         7  80
29  66  37  52   1  13   0 0.00  0.0    0  3.1 14 320   M    M   3 1      20 340
30  46  38  42  -9  23   0 0.00  0.0    0  7.1 14 320   M    M   3        20 330
31  49  39  44  -7  21   0 0.00  0.0    0  2.8  8  30   M    M   2 8      12  10
================================================================================
SM 1874 1269       465  29  0.68     0.0 159.5          M      145
================================================================================
AV 60.5 40.9                               5.3 FASTST   M    M   5    MAX(MPH)
                                 MISC ---->  # 26 290               # 41  270
================================================================================
NOTES:
# LAST OF SEVERAL OCCURRENCES

COLUMN 17 PEAK WIND IN M.P.H.

PRELIMINARY LOCAL CLIMATOLOGICAL DATA (WS FORM: F-6) , PAGE 2

                                          STATION:  HOUSTON/D.W._HOOKS
                                          MONTH:    DECEMBER
                                          YEAR:     2013
                                          LATITUDE:   30  4 N
                                          LONGITUDE:  95 33 W

[TEMPERATURE DATA]      [PRECIPITATION DATA]       SYMBOLS USED IN COLUMN 16

AVERAGE MONTHLY: 50.7   TOTAL FOR MONTH:   0.68    1 = FOG OR MIST
DPTR FM NORMAL:  -2.2   DPTR FM NORMAL:   -3.12    2 = FOG REDUCING VISIBILITY
HIGHEST:    81 ON  4    GRTST 24HR  0.45 ON 21-21      TO 1/4 MILE OR LESS
LOWEST:     28 ON 24                               3 = THUNDER
                        SNOW, ICE PELLETS, HAIL    4 = ICE PELLETS
                        TOTAL MONTH:   0.0 INCH    5 = HAIL
                        GRTST 24HR     0.0         6 = FREEZING RAIN OR DRIZZLE
                        GRTST DEPTH:   0           7 = DUSTSTORM OR SANDSTORM:
                                                       VSBY 1/2 MILE OR LESS
                                                   8 = SMOKE OR HAZE
[NO. OF DAYS WITH]      [WEATHER - DAYS WITH]      9 = BLOWING SNOW
                                                   X = TORNADO
MAX 32 OR BELOW:   0    0.01 INCH OR MORE:   7
MAX 90 OR ABOVE:   0    0.10 INCH OR MORE:   2
MIN 32 OR BELOW:   7    0.50 INCH OR MORE:   0
MIN  0 OR BELOW:   0    1.00 INCH OR MORE:   0

[HDD (BASE 65) ]
TOTAL THIS MO.   465    CLEAR  (SCALE 0-3)  13
DPTR FM NORMAL    71    PTCLDY (SCALE 4-7)  11
TOTAL FM JUL 1   735    CLOUDY (SCALE 8-10)  7
DPTR FM NORMAL   111

[CDD (BASE 65) ]
TOTAL THIS MO.    29
DPTR FM NORMAL    11    [PRESSURE DATA]
TOTAL FM JAN 1  3166    HIGHEST SLP M ON M
DPTR FM NORMAL   420    LOWEST  SLP 29.54 ON 21

[REMARKS]
#FINAL-12-13#
