000
CXUS54 KHGX 011902
CF6DWH
PRELIMINARY LOCAL CLIMATOLOGICAL DATA (WS FORM: F-6)

                                          STATION:   HOUSTON/D.W._HOOKS
                                          MONTH:     SEPTEMBER
                                          YEAR:      2015
                                          LATITUDE:   30  4 N
                                          LONGITUDE:  95 33 W

  TEMPERATURE IN F:       :PCPN:    SNOW:  WIND      :SUNSHINE: SKY     :PK WND
================================================================================
1   2   3   4   5  6A  6B    7    8   9   10  11  12  13   14  15   16   17  18
                                     12Z  AVG MX 2MIN
DY MAX MIN AVG DEP HDD CDD  WTR  SNW DPTH SPD SPD DIR MIN PSBL S-S WX    SPD DR
================================================================================

 1  83  71  77  -4   0  12 0.00  0.0    0  4.6 16 190   M    M   1        21 200
 2  90  73  82   1   0  17 0.28  0.0    0  4.6 18 100   M    M   5 1      23  90
 3  92  73  83   2   0  18 0.00  0.0    0  3.4 16 190   M    M   5 12     23 200
 4  91  73  82   2   0  17 0.03  0.0    0  3.0 12 150   M    M   4 13     19 160
 5  93  73  83   3   0  18 0.26  0.0    0  2.4 20 210   M    M   3 13     26 220
 6  95  73  84   4   0  19 0.00  0.0    0  2.7 12 230   M    M   4 12     15 220
 7  95  74  85   5   0  20 0.00  0.0    0  2.7 14 140   M    M   1 1      20 130
 8  95  73  84   4   0  19 0.00  0.0    0  3.0 15 110   M    M   2 1      21 110
 9  91  72  82   2   0  17 1.00  0.0    0  2.0 18 130   M    M   2 138    21 130
10  92  73  83   4   0  18 1.27  0.0    0  2.7 15 250   M    M   2 13     24 210
11  83  73  78  -1   0  13 0.14  0.0    0  3.0 10 140   M    M   5 13     14 130
12  89  66  78  -1   0  13 0.00  0.0    0  5.6 15  50   M    M   1 3      23  50
13  84  58  71  -8   0   6 0.00  0.0    0  4.6 13 120   M    M   0        16 140
14  86  59  73  -5   0   8 0.00  0.0    0  5.8 13 120   M    M   2        19  90
15  90  72  81   3   0  16 0.04  0.0    0  7.4 15 140   M    M   4        23 120
16  90  72  81   3   0  16 0.00  0.0    0  5.5 15 120   M    M   2 1      21 120
17  92  69  81   3   0  16 0.00  0.0    0  3.2 10 140   M    M   3 12     15 130
18  92  68  80   3   0  15 0.00  0.0    0  3.3 13 130   M    M   2 12     17 130
19  91  66  79   2   0  14 0.00  0.0    0  2.2 12 100   M    M   0 12     15 160
20  92  67  80   3   0  15 0.00  0.0    0  2.2  9 100   M    M   0 1      14 100
21  92  72  82   5   0  17 0.00  0.0    0  2.4 10  80   M    M   0        13 110
22  92  70  81   5   0  16 0.00  0.0    0  3.0 10 100   M    M   1 18     14 100
23  93  65  79   3   0  14 0.00  0.0    0  2.9 10  90   M    M   0 1      14  90
24  92  64  78   2   0  13 0.00  0.0    0  3.4 14  90   M    M   0        18  90
25  93  69  81   5   0  16 0.00  0.0    0  2.5  9 360   M    M   4 3      14 100
26  94  69  82   6   0  17 0.00  0.0    0  3.9 13  50   M    M   3        18  80
27  78  68  73  -2   0   8 0.07  0.0    0  3.5 12 110   M    M   6 1      15 120
28  76  70  73  -2   0   8 0.14  0.0    0  4.8 12 360   M    M   7 1      15 350
29  89  68  79   4   0  14 0.00  0.0    0  4.3 13  80   M    M   2        16  20
30  92  67  80   6   0  15 0.00  0.0    0  4.0 13 360   M    M   1 1      20  30
================================================================================
SM 2697 2080         0 445  3.23     0.0 108.6          M       72
================================================================================
AV 89.9 69.3                               3.6 FASTST   M    M   2    MAX(MPH)
                                 MISC ---->  # 20 210               # 26  220
================================================================================
NOTES:
# LAST OF SEVERAL OCCURRENCES

COLUMN 17 PEAK WIND IN M.P.H.

PRELIMINARY LOCAL CLIMATOLOGICAL DATA (WS FORM: F-6) , PAGE 2

                                          STATION:  HOUSTON/D.W._HOOKS
                                          MONTH:    SEPTEMBER
                                          YEAR:     2015
                                          LATITUDE:   30  4 N
                                          LONGITUDE:  95 33 W

[TEMPERATURE DATA]      [PRECIPITATION DATA]       SYMBOLS USED IN COLUMN 16

AVERAGE MONTHLY: 79.6   TOTAL FOR MONTH:   3.23    1 = FOG OR MIST
DPTR FM NORMAL:   1.6   DPTR FM NORMAL:   -1.34    2 = FOG REDUCING VISIBILITY
HIGHEST:    95 ON  8, 7 GRTST 24HR  1.90 ON  9-10      TO 1/4 MILE OR LESS
LOWEST:     58 ON 13                               3 = THUNDER
                        SNOW, ICE PELLETS, HAIL    4 = ICE PELLETS
                        TOTAL MONTH:   0.0 INCH    5 = HAIL
                        GRTST 24HR     0.0         6 = FREEZING RAIN OR DRIZZLE
                        GRTST DEPTH:   0           7 = DUSTSTORM OR SANDSTORM:
                                                       VSBY 1/2 MILE OR LESS
                                                   8 = SMOKE OR HAZE
[NO. OF DAYS WITH]      [WEATHER - DAYS WITH]      9 = BLOWING SNOW
                                                   X = TORNADO
MAX 32 OR BELOW:   0    0.01 INCH OR MORE:   9
MAX 90 OR ABOVE:  22    0.10 INCH OR MORE:   6
MIN 32 OR BELOW:   0    0.50 INCH OR MORE:   2
MIN  0 OR BELOW:   0    1.00 INCH OR MORE:   2

[HDD (BASE 65) ]
TOTAL THIS MO.     0    CLEAR  (SCALE 0-3)  21
DPTR FM NORMAL    -1    PTCLDY (SCALE 4-7)   9
TOTAL FM JUL 1     0    CLOUDY (SCALE 8-10)  0
DPTR FM NORMAL    -1

[CDD (BASE 65) ]
TOTAL THIS MO.   445
DPTR FM NORMAL    55    [PRESSURE DATA]
TOTAL FM JAN 1  2877    HIGHEST SLP 30.12 ON 16
DPTR FM NORMAL   385    LOWEST  SLP 29.76 ON 28

[REMARKS]
#FINAL-09-15#
