000
CXUS54 KHGX 011415
CF6DWH
PRELIMINARY LOCAL CLIMATOLOGICAL DATA (WS FORM: F-6)

                                          STATION:   HOUSTON/D.W._HOOKS
                                          MONTH:     AUGUST
                                          YEAR:      2012
                                          LATITUDE:   30  4 N
                                          LONGITUDE:  95 33 W

  TEMPERATURE IN F:       :PCPN:    SNOW:  WIND      :SUNSHINE: SKY     :PK WND
================================================================================
1   2   3   4   5  6A  6B    7    8   9   10  11  12  13   14  15   16   17  18
                                     12Z  AVG MX 2MIN
DY MAX MIN AVG DEP HDD CDD  WTR  SNW DPTH SPD SPD DIR MIN PSBL S-S WX    SPD DR
================================================================================

 1  95  76  86   3   0  21 0.00  0.0    0  6.3 14 200   M    M   1        20 220
 2  94  76  85   2   0  20 0.00  0.0    0  6.2 13 200   M    M   1        21 220
 3  95  76  86   3   0  21 0.00  0.0    0  6.1 13 180   M    M   1        20 210
 4  94  74  84   1   0  19 0.00  0.0    0  3.9 10 130   M    M   2        15 210
 5  93  74  84   1   0  19 0.02  0.0    0  2.2 18 190   M    M   2        24 200
 6  95  74  85   2   0  20 0.00  0.0    0  2.7 12 110   M    M   0 1      15 120
 7  96  74  85   2   0  20 0.00  0.0    0  2.9 13 190   M    M   1 1      17 190
 8  96  71  84   1   0  19 0.00  0.0    0  2.7 13 130   M    M   1 1      17 130
 9  94  73  84   1   0  19 0.00  0.0    0  5.0 12 240   M    M   0 1      17 260
10  95  74  85   2   0  20    T  0.0    0  6.7 25 250   M    M   0        33 240
11  96  72  84   1   0  19 0.00  0.0    0  4.0 13 250   M    M   0        16 180
12  96  74  85   2   0  20 0.00  0.0    0  4.8 13 190   M    M   2 1      21 150
13  94  76  85   2   0  20 0.00  0.0    0  6.2 16 200   M    M   2        24 200
14  95  75  85   2   0  20 0.00  0.0    0  6.9 15 190   M    M   1 18     25 210
15  95  76  86   3   0  21 0.00  0.0    0  6.6 15 210   M    M   2        18 210
16  97  73  85   2   0  20    T  0.0    0  3.8 14  80   M    M   3 13     18  80
17  95  73  84   1   0  19 0.00  0.0    0  3.9 13 190   M    M   2 1      17 180
18  93  73  83   0   0  18 0.64  0.0    0  3.8 22 200   M    M   4 13     30 200
19  90  71  81  -2   0  16 3.49  0.0    0  2.3 12 360   M    M   5 13     18 350
20  93  71  82  -1   0  17 0.00  0.0    0  4.1 12 330   M    M   2 1      17 300
21  90  71  81  -2   0  16    T  0.0    0  4.8 12  30   M    M   2        15  60
22  90  73  82   0   0  17    T  0.0    0  5.9 18 100   M    M   3        24 110
23  90  72  81  -1   0  16 0.03  0.0    0  6.0 17 100   M    M   2 1      24 100
24  88  74  81  -1   0  16 0.14  0.0    0  4.7 17 160   M    M   4 1      29 150
25  90  74  82   0   0  17 0.18  0.0    0  6.0 22 130   M    M   3 13     28 130
26  92  73  83   1   0  18 0.02  0.0    0  3.3 15 120   M    M   2        23 140
27  94  70  82   0   0  17    T  0.0    0  1.8 12  20   M    M   3 1      16  50
28  97  76  87   5   0  22 0.00  0.0    0  5.2 16  20   M    M   1        23 360
29  96  77  87   5   0  22 0.00  0.0    0  7.7 21  10   M    M   3        29 350
30  98  74  86   5   0  21 0.00  0.0    0  7.3 16 330   M    M   3        24 320
31  97  81  89   8   0  24    T  0.0    0  8.4 16 200   M    M   4        26 250
================================================================================
SM 2913 2291         0 594  4.52     0.0 152.2          M       62
================================================================================
AV 94.0 73.9                               4.9 FASTST   M    M   2    MAX(MPH)
                                 MISC ---->  # 25 250               # 33  240
================================================================================
NOTES:
# LAST OF SEVERAL OCCURRENCES

COLUMN 17 PEAK WIND IN M.P.H.

PRELIMINARY LOCAL CLIMATOLOGICAL DATA (WS FORM: F-6) , PAGE 2

                                          STATION:  HOUSTON/D.W._HOOKS
                                          MONTH:    AUGUST
                                          YEAR:     2012
                                          LATITUDE:   30  4 N
                                          LONGITUDE:  95 33 W

[TEMPERATURE DATA]      [PRECIPITATION DATA]       SYMBOLS USED IN COLUMN 16

AVERAGE MONTHLY: 83.9   TOTAL FOR MONTH:   4.52    1 = FOG OR MIST
DPTR FM NORMAL:   1.3   DPTR FM NORMAL:   -0.18    2 = FOG REDUCING VISIBILITY
HIGHEST:    98 ON 30    GRTST 24HR  4.13 ON 18-19      TO 1/4 MILE OR LESS
LOWEST:     70 ON 27                               3 = THUNDER
                        SNOW, ICE PELLETS, HAIL    4 = ICE PELLETS
                        TOTAL MONTH:   0.0 INCH    5 = HAIL
                        GRTST 24HR     0.0         6 = FREEZING RAIN OR DRIZZLE
                        GRTST DEPTH:   0           7 = DUSTSTORM OR SANDSTORM:
                                                       VSBY 1/2 MILE OR LESS
                                                   8 = SMOKE OR HAZE
[NO. OF DAYS WITH]      [WEATHER - DAYS WITH]      9 = BLOWING SNOW
                                                   X = TORNADO
MAX 32 OR BELOW:   0    0.01 INCH OR MORE:   7
MAX 90 OR ABOVE:  30    0.10 INCH OR MORE:   4
MIN 32 OR BELOW:   0    0.50 INCH OR MORE:   2
MIN  0 OR BELOW:   0    1.00 INCH OR MORE:   1

[HDD (BASE 65) ]
TOTAL THIS MO.     0    CLEAR  (SCALE 0-3)  27
DPTR FM NORMAL     0    PTCLDY (SCALE 4-7)   4
TOTAL FM JUL 1     0    CLOUDY (SCALE 8-10)  0
DPTR FM NORMAL     0

[CDD (BASE 65) ]
TOTAL THIS MO.   594
DPTR FM NORMAL    49    [PRESSURE DATA]
TOTAL FM JAN 1  2441    HIGHEST SLP 30.10 ON  5
DPTR FM NORMAL   339    LOWEST  SLP 29.61 ON 29

[REMARKS]
#FINAL-08-12#
