000
CXUS54 KHGX 011515
CF6DWH
PRELIMINARY LOCAL CLIMATOLOGICAL DATA (WS FORM: F-6)

                                          STATION:   HOUSTON/D.W._HOOKS
                                          MONTH:     DECEMBER
                                          YEAR:      2015
                                          LATITUDE:   30  4 N
                                          LONGITUDE:  95 33 W

  TEMPERATURE IN F:       :PCPN:    SNOW:  WIND      :SUNSHINE: SKY     :PK WND
================================================================================
1   2   3   4   5  6A  6B    7    8   9   10  11  12  13   14  15   16   17  18
                                     12Z  AVG MX 2MIN
DY MAX MIN AVG DEP HDD CDD  WTR  SNW DPTH SPD SPD DIR MIN PSBL S-S WX    SPD DR
================================================================================

 1  56  50  53  -2  12   0 0.12  0.0    0  4.8  9 360   M    M  10 1      13 360
 2  61  45  53  -2  12   0 0.00  0.0    0  4.4 10 340   M    M   1        15 360
 3  64  39  52  -3  13   0 0.00  0.0    0  3.6 12  70   M    M   0        17  50
 4  62  39  51  -4  14   0 0.00  0.0    0  3.7 12  80   M    M   0        16  70
 5  67  35  51  -3  14   0 0.00  0.0    0  1.3  6  80   M    M   0 18     15 350
 6  71  37  54   0  11   0 0.00  0.0    0  1.5  8 340   M    M   0 1      13 330
 7  71  43  57   3   8   0 0.00  0.0    0  0.4  5  80   M    M   0 18      7 100
 8  74  43  59   5   6   0 0.00  0.0    0  3.4 14 200   M    M   2 128    19 200
 9  77  51  64  10   1   0 0.00  0.0    0  4.5 15 250   M    M   2 12     20 250
10  81  56  69  15   0   4 0.00  0.0    0  8.2 20 220   M    M   6 12     27 190
11  83  71  77  24   0  12 0.00  0.0    0 10.8 18 190   M    M   7        25 190
12  78  73  76  23   0  11 0.56  0.0    0 11.7 22 150   M    M  10 1      35 150
13  75  48  62   9   3   0 1.62    M    0  9.5 29 310   M    M   8 1      39 160
14  73  47  60   7   5   0 0.00  0.0    0  5.0 12 210   M    M   0        15 240
15  76  46  61   8   4   0 0.00  0.0    0  6.0 16 160   M    M   5 1      22 160
16  69  49  59   6   6   0 0.17  0.0    0  8.3 17 360   M    M   7 3      25 360
17  65  40  53   1  12   0 0.00  0.0    0  3.7 12  40   M    M   0        15  40
18  60  39  50  -2  15   0 0.00  0.0    0  4.4 14 340   M    M   0 1      18 320
19  64  35  50  -2  15   0 0.00  0.0    0  5.6 14 110   M    M   0 1      21 110
20  69  44  57   5   8   0 0.00  0.0    0  6.9 16 130   M    M   6 1      21 130
21  74  57  66  14   0   1 0.07  0.0    0  4.5 13 230   M    M   8 123    20 150
22  75  53  64  12   1   0    T  0.0    0  4.6 15 180   M    M   9 12     22 150
23  82  56  69  17   0   4    T  0.0    0  6.6 18 220   M    M   5 8      25 220
24  82  53  68  16   0   3    T  0.0    0  4.0 12 140   M    M   7 128    16 150
25  85  72  79  27   0  14 0.03  0.0    0  6.5 20 200   M    M   9 1      26 210
26  81  74  78  26   0  13 0.07  0.0    0 11.7 23 150   M    M  10 1      37 160
27  78  45  62  10   3   0 1.34    M    0 12.9 25 170   M    M   7 13     41 160
28  50  40  45  -6  20   0 0.02    M    0 10.7 23 260   M    M   9        32 260
29  53  39  46  -5  19   0    T    M    0  4.7 12  30   M    M   7        16  20
30  56  48  52   1  13   0 0.03  0.0    0  6.5 13 360   M    M   9 1      22 360
31  57  45  51   0  14   0 0.13  0.0    0  8.0 15  10   M    M   7 3      21  40
================================================================================
SM 2169 1512       229  62  4.16     0.0 188.4          M      151
================================================================================
AV 70.0 48.8                               6.1 FASTST   M    M   5    MAX(MPH)
                                 MISC ---->  # 29 310               # 41  160
================================================================================
NOTES:
# LAST OF SEVERAL OCCURRENCES

COLUMN 17 PEAK WIND IN M.P.H.

PRELIMINARY LOCAL CLIMATOLOGICAL DATA (WS FORM: F-6) , PAGE 2

                                          STATION:  HOUSTON/D.W._HOOKS
                                          MONTH:    DECEMBER
                                          YEAR:     2015
                                          LATITUDE:   30  4 N
                                          LONGITUDE:  95 33 W

[TEMPERATURE DATA]      [PRECIPITATION DATA]       SYMBOLS USED IN COLUMN 16

AVERAGE MONTHLY: 59.4   TOTAL FOR MONTH:   4.16    1 = FOG OR MIST
DPTR FM NORMAL:   6.5   DPTR FM NORMAL:    0.36    2 = FOG REDUCING VISIBILITY
HIGHEST:    85 ON 25    GRTST 24HR  1.99 ON 12-13      TO 1/4 MILE OR LESS
LOWEST:     35 ON 19, 5                            3 = THUNDER
                        SNOW, ICE PELLETS, HAIL    4 = ICE PELLETS
                        TOTAL MONTH:   0.0 INCH    5 = HAIL
                        GRTST 24HR     0.0         6 = FREEZING RAIN OR DRIZZLE
                        GRTST DEPTH:   0           7 = DUSTSTORM OR SANDSTORM:
                                                       VSBY 1/2 MILE OR LESS
                                                   8 = SMOKE OR HAZE
[NO. OF DAYS WITH]      [WEATHER - DAYS WITH]      9 = BLOWING SNOW
                                                   X = TORNADO
MAX 32 OR BELOW:   0    0.01 INCH OR MORE:  11
MAX 90 OR ABOVE:   0    0.10 INCH OR MORE:   6
MIN 32 OR BELOW:   0    0.50 INCH OR MORE:   3
MIN  0 OR BELOW:   0    1.00 INCH OR MORE:   2

[HDD (BASE 65) ]
TOTAL THIS MO.   229    CLEAR  (SCALE 0-3)  12
DPTR FM NORMAL  -165    PTCLDY (SCALE 4-7)  12
TOTAL FM JUL 1   349    CLOUDY (SCALE 8-10)  7
DPTR FM NORMAL  -275

[CDD (BASE 65) ]
TOTAL THIS MO.    62
DPTR FM NORMAL    44    [PRESSURE DATA]
TOTAL FM JAN 1  3259    HIGHEST SLP 30.52 ON 19
DPTR FM NORMAL   513    LOWEST  SLP 29.47 ON 27

[REMARKS]
#FINAL-12-15#
