000
CXUS51 KRLX 011117
CF6HTS
PRELIMINARY LOCAL CLIMATOLOGICAL DATA (WS FORM: F-6)
STATION: HUNTINGTON WV
MONTH: MARCH
YEAR: 2020
LATITUDE: 38 22 N
LONGITUDE: 82 33 W
TEMPERATURE IN F: :PCPN: SNOW: WIND :SUNSHINE: SKY :PK WND
================================================================================
1 2 3 4 5 6A 6B 7 8 9 10 11 12 13 14 15 16 17 18
12Z AVG MX 2MIN
DY MAX MIN AVG DEP HDD CDD WTR SNW DPTH SPD SPD DIR MIN PSBL S-S WX SPD DR
================================================================================
1 59 19 39 -2 26 0 0.00 0.0 0 5.8 14 190 M M 0 18 180
2 55 49 52 11 13 0 0.30 0.0 0 6.7 16 210 M M 7 1 25 190
3 64 49 57 15 8 0 0.30 0.0 0 9.0 26 260 M M 6 1 42 250
4 64 34 49 7 16 0 0.00 0.0 0 7.6 22 260 M M 2 30 250
5 63 32 48 6 17 0 0.00 0.0 0 3.8 12 240 M M 0 16 190
6 48 35 42 0 23 0 0.03 T 0 10.6 20 290 M M 9 1 30 290
7 49 32 41 -2 24 0 0.00 0.0 0 4.6 15 330 M M 5 21 310
8 67 25 46 3 19 0 0.00 0.0 0 3.8 12 200 M M 0 16 170
9 71 46 59 15 6 0 0.00 0.0 0 8.3 16 190 M M 1 24 210
10 64 52 58 14 7 0 0.14 0.0 0 9.5 20 210 M M 10 1 31 210
11 63 47 55 11 10 0 0.00 0.0 0 3.0 12 210 M M 7 16 240
12 74 45 60 16 5 0 1.15 0.0 0 4.6 13 200 M M 6 13 19 190
13 62 45 54 9 11 0 0.31 0.0 0 8.8 17 310 M M 3 13 25 310
14 48 36 42 -3 23 0 0.24 0.0 0 6.4 15 80 M M 8 1 20 50
15 42 35 39 -7 26 0 0.00 0.0 0 4.6 13 10 M M 10 1 16 20
16 48 39 44 -2 21 0 0.04 0.0 0 2.5 9 210 M M 10 1 12 190
17 49 45 47 1 18 0 0.08 0.0 0 3.2 10 310 M M 10 12 13 300
18 66 44 55 8 10 0 0.34 0.0 0 6.2 17 190 M M 10 1 23 200
19 70 61 66 19 0 1 0.08 0.0 0 5.5 14 190 M M 8 1 18 190
20 77 47 62 15 3 0 0.47 0.0 0 11.6 21 200 M M 7 1 31 340
21 47 38 43 -5 22 0 T 0.0 0 7.2 14 330 M M 10 1 18 310
22 53 33 43 -5 22 0 0.01 0.0 0 5.9 12 20 M M 3 19 70
23 59 45 52 4 13 0 0.03 0.0 0 5.5 13 320 M M 9 1 17 310
24 59 37 48 -1 17 0 0.10 0.0 0 5.0 14 20 M M 3 1 20 30
25 64 44 54 5 11 0 0.13 0.0 0 5.0 13 30 M M 6 1 17 30
26 76 39 58 9 7 0 0.01 0.0 0 5.5 14 200 M M 1 13 19 190
27 78 56 67 17 0 2 0.01 0.0 0 5.9 16 350 M M 6 13 22 320
28 86 60 73 23 0 8 0.01 0.0 0 6.8 17 230 M M 3 3 27 240
29 77 60 69 19 0 4 0.26 0.0 0 14.2 29 230 M M 3 13 47 210
30 66 46 56 5 9 0 0.00 0.0 0 10.6 24 250 M M 0 33 250
31 50 42 46 -5 19 0 0.29 0.0 0 3.2 10 50 M M 6 1 14 50
================================================================================
SM 1918 1317 406 15 4.33 T 200.9 M 169
================================================================================
AV 61.9 42.5 6.5 FASTST M M 5 MAX(MPH)
MISC ----> # 29 230 # 47 210
================================================================================
NOTES:
# LAST OF SEVERAL OCCURRENCES
COLUMN 17 PEAK WIND IN M.P.H.
PRELIMINARY LOCAL CLIMATOLOGICAL DATA (WS FORM: F-6) , PAGE 2
STATION: HUNTINGTON WV
MONTH: MARCH
YEAR: 2020
LATITUDE: 38 22 N
LONGITUDE: 82 33 W
[TEMPERATURE DATA] [PRECIPITATION DATA] SYMBOLS USED IN COLUMN 16
AVERAGE MONTHLY: 52.2 TOTAL FOR MONTH: 4.33 1 = FOG OR MIST
DPTR FM NORMAL: 6.3 DPTR FM NORMAL: 0.43 2 = FOG REDUCING VISIBILITY
HIGHEST: 86 ON 28 GRTST 24HR 1.15 ON 12-12 TO 1/4 MILE OR LESS
LOWEST: 19 ON 1 3 = THUNDER
SNOW, ICE PELLETS, HAIL 4 = ICE PELLETS
TOTAL MONTH: T 5 = HAIL
GRTST 24HR T ON 6- 6 6 = FREEZING RAIN OR DRIZZLE
GRTST DEPTH: 0 7 = DUSTSTORM OR SANDSTORM:
VSBY 1/2 MILE OR LESS
8 = SMOKE OR HAZE
[NO. OF DAYS WITH] [WEATHER - DAYS WITH] 9 = BLOWING SNOW
X = TORNADO
MAX 32 OR BELOW: 0 0.01 INCH OR MORE: 21
MAX 90 OR ABOVE: 0 0.10 INCH OR MORE: 12
MIN 32 OR BELOW: 4 0.50 INCH OR MORE: 1
MIN 0 OR BELOW: 0 1.00 INCH OR MORE: 1
[HDD (BASE 65) ]
TOTAL THIS MO. 406 CLEAR (SCALE 0-3) 9
DPTR FM NORMAL -190 PTCLDY (SCALE 4-7) 13
TOTAL FM JUL 1 3467 CLOUDY (SCALE 8-10) 9
DPTR FM NORMAL -630
[CDD (BASE 65) ]
TOTAL THIS MO. 15
DPTR FM NORMAL 10 [PRESSURE DATA]
TOTAL FM JAN 1 19 HIGHEST SLP 30.60 ON 7
DPTR FM NORMAL 14 LOWEST SLP 29.55 ON 3
[REMARKS]
#FINAL-03-20#