000
CXUS55 KJKL 010800
CF6JKL
PRELIMINARY LOCAL CLIMATOLOGICAL DATA (WS FORM: F-6)

                                          STATION:   JACKSON KY
                                          MONTH:     JULY
                                          YEAR:      2013
                                          LATITUDE:   37 35 N
                                          LONGITUDE:  83 19 W

  TEMPERATURE IN F:       :PCPN:    SNOW:  WIND      :SUNSHINE: SKY     :PK WND
================================================================================
1   2   3   4   5  6A  6B    7    8   9   10  11  12  13   14  15   16   17  18
                                     12Z  AVG MX 2MIN
DY MAX MIN AVG DEP HDD CDD  WTR  SNW DPTH SPD SPD DIR MIN PSBL S-S WX    SPD DR
================================================================================

 1  82  62  72  -3   0   7 0.51  0.0    0  1.0 14 250   M    M   5 1238   26 250
 2  79  61  70  -5   0   5 0.51  0.0    0  1.5  8 320   M    M   6 1238   12 230
 3  80  67  74  -1   0   9    T  0.0    0  0.6  7 140   M    M   5        12 150
 4  75  65  70  -5   0   5 0.34  0.0    0  0.9 10 260   M    M   9 1      25 270
 5  81  64  73  -2   0   8 0.06  0.0    0  1.2  8 170   M    M   7 1      17 200
 6  79  66  73  -2   0   8 0.79  0.0    0  1.9 12 260   M    M   7 12     20 280
 7  81  65  73  -2   0   8 1.30  0.0    0  0.2  6 260   M    M   6 1      13 230
 8  85  66  76   1   0  11 0.00  0.0    0  0.3  7 300   M    M   1 1      10 320
 9  88  70  79   3   0  14    T  0.0    0  0.4  7 240   M    M   2        10 270
10  87  69  78   2   0  13 0.28  0.0    0  0.9 20 270   M    M   5 123    31 260
11  82  66  74  -2   0   9    T  0.0    0  0.7 13 310   M    M   7 123    18 310
12  78  61  70  -6   0   5 0.00  0.0    0  0.6  6 340   M    M   3 1      12  20
13  82  60  71  -5   0   6 0.61  0.0    0  1.2  7 320   M    M   3 123    15  70
14  86  69  78   2   0  13    T  0.0    0  2.7  9 130   M    M   4        16 100
15  87  69  78   2   0  13 0.00  0.0    0  0.9  7 140   M    M   1        10 140
16  89  70  80   4   0  15 0.00  0.0    0  0.3  5 330   M    M   1         8 320
17  87  71  79   3   0  14 0.22  0.0    0  0.1  9 130   M    M   3 1238   14 130
18  89  68  79   3   0  14 0.00  0.0    0  0.3  6 140   M    M   1 128     9 140
19  88  71  80   5   0  15 0.00  0.0    0  0.5  7 260   M    M   4 123    15 280
20  88  70  79   4   0  14    T  0.0    0  1.3  8 300   M    M   2 3      16 280
21  83  69  76   1   0  11 0.81  0.0    0  1.0  9 270   M    M   2 138    21 280
22  80  69  75   0   0  10 0.68  0.0    0  1.4  5 240   M    M   8 12     10 210
23  86  70  78   3   0  13 0.05  0.0    0  1.6  8 300   M    M   5 18     16 250
24  78  65  72  -3   0   7 0.00  0.0    0  2.3  9 300   M    M   7        15 320
25  77  59  68  -7   0   3 0.00  0.0    0  0.1  6 360   M    M   1        10  40
26  82  59  71  -4   0   6 0.00  0.0    0  0.1  7 280   M    M   1        10 270
27  78  65  72  -3   0   7 0.41  0.0    0  1.9 13 300   M    M   5 12     17 310
28  76  59  68  -7   0   3 0.00  0.0    0  2.1  9 300   M    M   4 12     15 290
29  78  55  67  -8   0   2 0.00  0.0    0  0.6  7 270   M    M   1        10 270
30  75  59  67  -8   0   2    T  0.0    0  0.1  3 160   M    M   1         6 200
31  72  64  68  -7   0   3 0.05  0.0    0  0.1  6 150   M    M  10 1       9 170
================================================================================
SM 2538 2023         0 273  6.62     0.0  28.8          M      127
================================================================================
AV 81.9 65.3                               0.9 FASTST   M    M   4    MAX(MPH)
                                 MISC ---->  # 20 270               # 31  260
================================================================================
NOTES:
# LAST OF SEVERAL OCCURRENCES

COLUMN 17 PEAK WIND IN M.P.H.

PRELIMINARY LOCAL CLIMATOLOGICAL DATA (WS FORM: F-6) , PAGE 2

                                          STATION:  JACKSON KY
                                          MONTH:    JULY
                                          YEAR:     2013
                                          LATITUDE:   37 35 N
                                          LONGITUDE:  83 19 W

[TEMPERATURE DATA]      [PRECIPITATION DATA]       SYMBOLS USED IN COLUMN 16

AVERAGE MONTHLY: 73.6   TOTAL FOR MONTH:   6.62    1 = FOG OR MIST
DPTR FM NORMAL:  -1.8   DPTR FM NORMAL:    1.97    2 = FOG REDUCING VISIBILITY
HIGHEST:    89 ON 18,16 GRTST 24HR  2.07 ON  6- 7      TO 1/4 MILE OR LESS
LOWEST:     55 ON 29                               3 = THUNDER
                        SNOW, ICE PELLETS, HAIL    4 = ICE PELLETS
                        TOTAL MONTH:   0.0 INCH    5 = HAIL
                        GRTST 24HR     0.0         6 = FREEZING RAIN OR DRIZZLE
                        GRTST DEPTH:   0           7 = DUSTSTORM OR SANDSTORM:
                                                       VSBY 1/2 MILE OR LESS
                                                   8 = SMOKE OR HAZE
[NO. OF DAYS WITH]      [WEATHER - DAYS WITH]      9 = BLOWING SNOW
                                                   X = TORNADO
MAX 32 OR BELOW:   0    0.01 INCH OR MORE:  14
MAX 90 OR ABOVE:   0    0.10 INCH OR MORE:  11
MIN 32 OR BELOW:   0    0.50 INCH OR MORE:   7
MIN  0 OR BELOW:   0    1.00 INCH OR MORE:   1

[HDD (BASE 65) ]
TOTAL THIS MO.     0    CLEAR  (SCALE 0-3)  13
DPTR FM NORMAL     0    PTCLDY (SCALE 4-7)  16
TOTAL FM JUL 1     0    CLOUDY (SCALE 8-10)  2
DPTR FM NORMAL     0

[CDD (BASE 65) ]
TOTAL THIS MO.   273
DPTR FM NORMAL   -48    [PRESSURE DATA]
TOTAL FM JAN 1   645    HIGHEST SLP 30.34 ON 16
DPTR FM NORMAL   -35    LOWEST  SLP 29.77 ON 24

[REMARKS]
#FINAL-07-13#
