000
CXUS53 KJKL 021649
CF6JKL
PRELIMINARY LOCAL CLIMATOLOGICAL DATA (WS FORM: F-6)
STATION: JACKSON KY
MONTH: JANUARY
YEAR: 2023
LATITUDE: 37 35 N
LONGITUDE: 83 19 W
TEMPERATURE IN F: :PCPN: SNOW: WIND :SUNSHINE: SKY :PK WND
================================================================================
1 2 3 4 5 6A 6B 7 8 9 10 11 12 13 14 15 16 17 18
12Z AVG MX 2MIN
DY MAX MIN AVG DEP HDD CDD WTR SNW DPTH SPD SPD DIR MIN PSBL S-S WX SPD DR
================================================================================
1 59 48 54 18 11 0 0.02 0.0 0 3.4 8 240 M M 5 12 14 250
2 67 52 60 24 5 0 0.00 0.0 0 5.0 9 190 M M 6 16 190
3 71 57 64 28 1 0 0.52 0.0 0 8.8 16 230 M M 6 13 34 220
4 65 49 57 21 8 0 0.12 0.0 0 6.9 15 230 M M 4 1 26 230
5 53 38 46 10 19 0 0.00 0.0 0 5.8 17 260 M M 4 32 250
6 46 32 39 3 26 0 0.00 0.0 0 5.2 14 260 M M 5 23 270
7 52 34 43 7 22 0 0.00 0.0 0 3.2 12 300 M M 3 17 310
8 48 35 42 6 23 0 T 0.0 0 4.4 13 270 M M 10 23 280
9 41 32 37 1 28 0 0.00 0.0 0 4.9 10 310 M M 7 15 310
10 55 30 43 7 22 0 0.00 0.0 0 3.9 9 190 M M 1 16 170
11 59 41 50 14 15 0 0.01 0.0 0 5.9 13 200 M M 6 20 180
12 66 40 53 17 12 0 0.86 0.0 0 7.2 20 190 M M 8 12 36 200
13 40 29 35 0 30 0 0.11 0.2 T 7.1 16 320 M M 10 1 25 320
14 34 26 30 -5 35 0 0.02 0.3 T 4.2 10 300 M M 8 1 20 360
15 42 21 32 -3 33 0 0.00 0.0 0 1.9 7 80 M M 0 14 80
16 51 29 40 5 25 0 0.09 0.0 0 3.9 10 190 M M 2 1 18 210
17 60 48 54 19 11 0 0.16 0.0 0 6.5 12 230 M M 7 1 21 260
18 60 44 52 17 13 0 0.00 0.0 0 3.7 10 260 M M 1 20 260
19 66 44 55 20 10 0 0.32 0.0 0 11.8 24 290 M M 5 1 43 250
20 44 33 39 3 26 0 0.00 0.0 0 7.3 17 280 M M 10 28 280
21 45 32 39 3 26 0 0.00 0.0 0 2.3 7 50 M M 5 12 60
22 42 34 38 2 27 0 0.19 0.0 0 3.9 12 310 M M 9 12 18 310
23 37 30 34 -2 31 0 0.10 0.5 T 5.2 13 310 M M 9 1 21 260
24 48 28 38 2 27 0 0.00 0.0 0 3.6 8 50 M M 0 14 60
25 59 36 48 12 17 0 0.64 0.0 0 8.1 24 190 M M 8 1 43 200
26 38 32 35 -1 30 0 0.11 0.5 T 7.2 17 260 M M 10 12 30 260
27 45 28 37 1 28 0 T T 0 7.2 14 190 M M 3 29 190
28 58 40 49 13 16 0 0.00 0.0 0 6.9 15 210 M M 2 26 210
29 48 40 44 8 21 0 0.62 0.0 0 5.0 10 200 M M 10 12 22 210
30 54 38 46 10 19 0 0.03 0.0 0 3.3 10 330 M M 10 12 16 320
31 38 29 34 -3 31 0 0.34 0.1 0 3.5 8 40 M M 10 1246 14 360
================================================================================
SM 1591 1129 648 0 4.26 1.6 167.2 M 184
================================================================================
AV 51.3 36.4 5.4 FASTST M M 6 MAX(MPH)
MISC ----> # 24 290 # 43 250
================================================================================
NOTES:
# LAST OF SEVERAL OCCURRENCES
COLUMN 17 PEAK WIND IN M.P.H.
PRELIMINARY LOCAL CLIMATOLOGICAL DATA (WS FORM: F-6) , PAGE 2
STATION: JACKSON KY
MONTH: JANUARY
YEAR: 2023
LATITUDE: 37 35 N
LONGITUDE: 83 19 W
[TEMPERATURE DATA] [PRECIPITATION DATA] SYMBOLS USED IN COLUMN 16
AVERAGE MONTHLY: 43.9 TOTAL FOR MONTH: 4.26 1 = FOG OR MIST
DPTR FM NORMAL: 8.1 DPTR FM NORMAL: 0.30 2 = FOG REDUCING VISIBILITY
HIGHEST: 71 ON 3 GRTST 24HR 0.94 ON 12-13 TO 1/4 MILE OR LESS
LOWEST: 21 ON 15 3 = THUNDER
SNOW, ICE PELLETS, HAIL 4 = ICE PELLETS
TOTAL MONTH: 1.6 INCHES 5 = HAIL
GRTST 24HR 0.5 ON 23-23 6 = FREEZING RAIN OR DRIZZLE
GRTST DEPTH: T 7 = DUSTSTORM OR SANDSTORM:
VSBY 1/2 MILE OR LESS
8 = SMOKE OR HAZE
[NO. OF DAYS WITH] [WEATHER - DAYS WITH] 9 = BLOWING SNOW
X = TORNADO
MAX 32 OR BELOW: 0 0.01 INCH OR MORE: 17
MAX 90 OR ABOVE: 0 0.10 INCH OR MORE: 12
MIN 32 OR BELOW: 13 0.50 INCH OR MORE: 4
MIN 0 OR BELOW: 0 1.00 INCH OR MORE: 0
[HDD (BASE 65) ]
TOTAL THIS MO. 648 CLEAR (SCALE 0-3) 7
DPTR FM NORMAL -257 PTCLDY (SCALE 4-7) 15
TOTAL FM JUL 1 2170 CLOUDY (SCALE 8-10) 9
DPTR FM NORMAL -308
[CDD (BASE 65) ]
TOTAL THIS MO. 0
DPTR FM NORMAL 0 [PRESSURE DATA]
TOTAL FM JAN 1 0 HIGHEST SLP 30.36 ON 24
DPTR FM NORMAL 0 LOWEST SLP 29.50 ON 25
[REMARKS]
#FINAL-01-23#