000
CXUS55 KJKL 031409
CF6JKL

PRELIMINARY LOCAL CLIMATOLOGICAL DATA (WS FORM: F-6)

                                          STATION:   JACKSON KY
                                          MONTH:     MARCH
                                          YEAR:      2013
                                          LATITUDE:   37 35 N
                                          LONGITUDE:  83 19 W

  TEMPERATURE IN F:       :PCPN:    SNOW:  WIND      :SUNSHINE: SKY     :PK WND
================================================================================
1   2   3   4   5  6A  6B    7    8   9   10  11  12  13   14  15   16   17  18
                                     12Z  AVG MX 2MIN
DY MAX MIN AVG DEP HDD CDD  WTR  SNW DPTH SPD SPD DIR MIN PSBL S-S WX    SPD DR
================================================================================

 1  36  30  33 -10  32   0 0.46  2.1    T  2.0  7 270   M    M  10 126    10 240
 2  31  24  28 -15  37   0 0.02  0.8    2  1.9  9 320   M    M  10 1      15 330
 3  30  23  27 -16  38   0 0.02  1.1    2  2.6 10 290   M    M   9 1      18 330
 4  47  20  34 -10  31   0    T  0.0    2  0.7  6  90   M    M   3        12 100
 5  48  30  39  -5  26   0 0.73  0.3    0  5.5 26 260   M    M  10 1      48 270
 6  30  27  29 -15  36   0 0.14  1.5    1  7.3 18 250   M    M  10 16     30 230
 7  33  28  31 -13  34   0    T    T    1  2.5  7 300   M    M  10 1       9 270
 8  45  27  36  -9  29   0 0.00  0.0    T  1.4  7 110   M    M   2        14 110
 9  64  29  47   2  18   0 0.00  0.0    0  2.2  8 140   M    M   2        20  70
10  74  51  63  18   2   0 0.00  0.0    0  4.6 12 160   M    M   1        20 180
11  62  39  51   5  14   0 0.36  0.0    0  6.2 16 270   M    M   6 1      24 270
12  48  34  41  -5  24   0    T    T    0  4.9 10 270   M    M   8        18 270
13  37  27  32 -14  33   0 0.04  0.5    T  6.9 21 310   M    M   9 12     29 320
14  47  21  34 -13  31   0 0.00  0.0    T  4.0 10 290   M    M   2        16 280
15  62  31  47   0  18   0    T  0.0    0  3.5  9 250   M    M   1        17 220
16  72  46  59  12   6   0    T  0.0    0  8.4 18 290   M    M   3        31 270
17  47  35  41  -7  24   0 0.05  0.0    0  4.1 10  40   M    M  10 18     17  70
18  53  36  45  -3  20   0 1.46  0.0    0  5.2 18 310   M    M   9 123    29 310
19  50  34  42  -6  23   0 0.00  0.0    0  8.3 21 270   M    M   1        33 250
20  51  25  38 -11  27   0 0.00  0.0    0  7.3 21 270   M    M   4        32 280
21  30  19  25 -24  40   0    T    T    0  4.5 13 300   M    M   6        20 270
22  48  17  33 -16  32   0 0.00  0.0    0  1.2  7 250   M    M   3        13 280
23  53  36  45  -5  20   0 0.00  0.0    0  1.2  9  50   M    M   6        15  80
24  44  36  40 -10  25   0 0.86  0.0    0  4.4 16 240   M    M   8 1      25 250
25  38  29  34 -16  31   0 0.25  3.2    1  9.0 20 270   M    M  10 12     35 250
26  38  30  34 -17  31   0 0.07  1.2    1  5.8 13 300   M    M  10 1      21 260
27  42  29  36 -15  29   0    T    T    0  4.9 13 260   M    M   7        17 290
28  51  29  40 -11  25   0 0.00  0.0    0  3.2 10 300   M    M   3        16 300
29  59  32  46  -6  19   0 0.00  0.0    0  2.5 12 240   M    M   4        20 210
30  62  36  49  -3  16   0 0.00  0.0    0  1.0 16 170   M    M   2 1      10 190
31  56  45  51  -1  14   0 0.17  0.0    0  4.6 15 260   M    M   8 12     21 260
================================================================================
SM 1488  955       785   0  4.63    10.7 131.8          M      187
================================================================================
AV 48.0 30.8                               4.3 FASTST   M    M   6    MAX(MPH)
                                 MISC ---->  # 26 260               # 48  270
================================================================================
NOTES:
# LAST OF SEVERAL OCCURRENCES

COLUMN 17 PEAK WIND IN M.P.H.

PRELIMINARY LOCAL CLIMATOLOGICAL DATA (WS FORM: F-6) , PAGE 2

                                          STATION:  JACKSON KY
                                          MONTH:    MARCH
                                          YEAR:     2013
                                          LATITUDE:   37 35 N
                                          LONGITUDE:  83 19 W

[TEMPERATURE DATA]      [PRECIPITATION DATA]       SYMBOLS USED IN COLUMN 16

AVERAGE MONTHLY: 39.4   TOTAL FOR MONTH:   4.63    1 = FOG OR MIST
DPTR FM NORMAL:  -8.0   DPTR FM NORMAL:    0.51    2 = FOG REDUCING VISIBILITY
HIGHEST:    74 ON 10    GRTST 24HR  1.46 ON 18-18      TO 1/4 MILE OR LESS
LOWEST:     17 ON 22                               3 = THUNDER
                        SNOW, ICE PELLETS, HAIL    4 = ICE PELLETS
                        TOTAL MONTH:  10.7 INCHES  5 = HAIL
                        GRTST 24HR   3.6 ON 25-26  6 = FREEZING RAIN OR DRIZZLE
                        GRTST DEPTH:   2 ON  4, 3  7 = DUSTSTORM OR SANDSTORM:
                                                       VSBY 1/2 MILE OR LESS
                                                   8 = SMOKE OR HAZE
[NO. OF DAYS WITH]      [WEATHER - DAYS WITH]      9 = BLOWING SNOW
                                                   X = TORNADO
MAX 32 OR BELOW:   4    0.01 INCH OR MORE:  13
MAX 90 OR ABOVE:   0    0.10 INCH OR MORE:   8
MIN 32 OR BELOW:  20    0.50 INCH OR MORE:   3
MIN  0 OR BELOW:   0    1.00 INCH OR MORE:   1

[HDD (BASE 65) ]
TOTAL THIS MO.   785    CLEAR  (SCALE 0-3)   9
DPTR FM NORMAL   232    PTCLDY (SCALE 4-7)   9
TOTAL FM JUL 1  4011    CLOUDY (SCALE 8-10) 13
DPTR FM NORMAL   158

[CDD (BASE 65) ]
TOTAL THIS MO.     0
DPTR FM NORMAL    -7    [PRESSURE DATA]
TOTAL FM JAN 1     0    HIGHEST SLP 30.45 ON  8
DPTR FM NORMAL    -7    LOWEST  SLP 29.35 ON 24

[REMARKS]
#FINAL-03-13#
