000
CXUS55 KJKL 011000
CF6JKL
PRELIMINARY LOCAL CLIMATOLOGICAL DATA (WS FORM: F-6)

                                          STATION:   JACKSON KY
                                          MONTH:     NOVEMBER
                                          YEAR:      2012
                                          LATITUDE:   37 35 N
                                          LONGITUDE:  83 19 W

  TEMPERATURE IN F:       :PCPN:    SNOW:  WIND      :SUNSHINE: SKY     :PK WND
================================================================================
1   2   3   4   5  6A  6B    7    8   9   10  11  12  13   14  15   16   17  18
                                     12Z  AVG MX 2MIN
DY MAX MIN AVG DEP HDD CDD  WTR  SNW DPTH SPD SPD DIR MIN PSBL S-S WX    SPD DR
================================================================================

 1  53  38  46  -8  19   0    T  0.0    0  4.5 15 270   M    M   7 1      21 300
 2  56  40  48  -5  17   0 0.00  0.0    0  3.6 12 310   M    M   4        17 300
 3  48  34  41 -12  24   0 0.14  0.0    0  0.8  9  30   M    M   5 13     16  20
 4  52  38  45  -8  20   0 0.00  0.0    0  1.3  9 300   M    M   5        13 300
 5  51  32  42 -10  23   0 0.00  0.0    0  1.2  8 120   M    M   1        13  60
 6  59  31  45  -7  20   0 0.00  0.0    0  1.5  8 270   M    M   4        13 270
 7  50  39  45  -7  20   0    T  0.0    0  3.8  8 290   M    M   7 1      13 300
 8  53  31  42  -9  23   0 0.00  0.0    0  2.3  8 310   M    M   0 1      12 320
 9  62  34  48  -3  17   0 0.00  0.0    0  1.2  7 160   M    M   0        12 140
10  73  46  60   9   5   0 0.00  0.0    0  3.4  9 180   M    M   0        14 170
11  73  52  63  13   2   0 0.00  0.0    0  3.9 12 200   M    M   0        23 170
12  65  33  49  -1  16   0 0.44    T    0  3.9 16 290   M    M   6 14     30 190
13  45  29  37 -12  28   0 0.00  0.0    0  2.2  8 320   M    M   1 12     13  50
14  47  28  38 -11  27   0 0.00  0.0    0  3.0  8  80   M    M   0        18  70
15  53  29  41  -8  24   0 0.00  0.0    0  2.3  6  20   M    M   0        12  30
16  53  32  43  -5  22   0 0.00  0.0    0  2.7  7  40   M    M   0        14  20
17  59  34  47  -1  18   0 0.00  0.0    0  3.5  7  50   M    M   0        14  60
18  63  39  51   3  14   0 0.00  0.0    0  2.6  6  50   M    M   0        10  70
19  61  39  50   3  15   0 0.00  0.0    0  1.2  6 260   M    M   0        10 280
20  63  40  52   5  13   0    T  0.0    0  1.1  7 300   M    M   2        10 310
21  63  43  53   7  12   0 0.00  0.0    0  0.9  6 340   M    M   1        10 340
22  67  42  55   9  10   0 0.00  0.0    0  1.9  8 180   M    M   0 8      13 130
23  54  36  45  -1  20   0 0.14  0.0    0  6.6 16 290   M    M   4 1      28 250
24  36  24  30 -15  35   0    T    T    0  3.2 13 300   M    M   8        18 280
25  53  23  38  -7  27   0 0.00  0.0    0  3.5  9 210   M    M   1        17 220
26  50  38  44   0  21   0 0.04  0.0    0  2.3  6  40   M    M   6        10 200
27  41  33  37  -7  28   0 0.08  0.0    0  1.6  8  30   M    M  10 18     14  30
28  45  30  38  -6  27   0 0.00  0.0    0  1.6  7 290   M    M   5        12 210
29  55  28  42  -1  23   0 0.00  0.0    0  2.3  8 220   M    M   0        13 180
30  59  38  49   6  16   0 0.00  0.0    0  4.0 12 250   M    M   1        22 250
================================================================================
SM 1662 1053       586   0  0.84    T     77.9          M       78
================================================================================
AV 55.4 35.1                               2.6 FASTST   M    M   3    MAX(MPH)
                                 MISC ---->  # 16 290               # 30  190
================================================================================
NOTES:
# LAST OF SEVERAL OCCURRENCES

COLUMN 17 PEAK WIND IN M.P.H.

PRELIMINARY LOCAL CLIMATOLOGICAL DATA (WS FORM: F-6) , PAGE 2

                                          STATION:  JACKSON KY
                                          MONTH:    NOVEMBER
                                          YEAR:     2012
                                          LATITUDE:   37 35 N
                                          LONGITUDE:  83 19 W

[TEMPERATURE DATA]      [PRECIPITATION DATA]       SYMBOLS USED IN COLUMN 16

AVERAGE MONTHLY: 45.2   TOTAL FOR MONTH:   0.84    1 = FOG OR MIST
DPTR FM NORMAL:  -3.2   DPTR FM NORMAL:   -3.12    2 = FOG REDUCING VISIBILITY
HIGHEST:    73 ON 11,10 GRTST 24HR  0.44 ON 12-12      TO 1/4 MILE OR LESS
LOWEST:     23 ON 25                               3 = THUNDER
                        SNOW, ICE PELLETS, HAIL    4 = ICE PELLETS
                        TOTAL MONTH:    T          5 = HAIL
                        GRTST 24HR    T  ON 24-24  6 = FREEZING RAIN OR DRIZZLE
                        GRTST DEPTH:   0           7 = DUSTSTORM OR SANDSTORM:
                                                       VSBY 1/2 MILE OR LESS
                                                   8 = SMOKE OR HAZE
[NO. OF DAYS WITH]      [WEATHER - DAYS WITH]      9 = BLOWING SNOW
                                                   X = TORNADO
MAX 32 OR BELOW:   0    0.01 INCH OR MORE:   5
MAX 90 OR ABOVE:   0    0.10 INCH OR MORE:   3
MIN 32 OR BELOW:  11    0.50 INCH OR MORE:   0
MIN  0 OR BELOW:   0    1.00 INCH OR MORE:   0

[HDD (BASE 65) ]
TOTAL THIS MO.   586    CLEAR  (SCALE 0-3)  18
DPTR FM NORMAL    83    PTCLDY (SCALE 4-7)  11
TOTAL FM JUL 1   952    CLOUDY (SCALE 8-10)  1
DPTR FM NORMAL   152

[CDD (BASE 65) ]
TOTAL THIS MO.     0
DPTR FM NORMAL    -4    [PRESSURE DATA]
TOTAL FM JAN 1  1318    HIGHEST SLP 30.51 ON 17
DPTR FM NORMAL   164    LOWEST  SLP 29.83 ON  2

[REMARKS]
#FINAL-11-12#
