000
CXUS55 KJKL 011328 CCA
CF6JKL

PRELIMINARY LOCAL CLIMATOLOGICAL DATA (WS FORM: F-6)

                                          STATION:   JACKSON KY
                                          MONTH:     JANUARY
                                          YEAR:      2017
                                          LATITUDE:   37 35 N
                                          LONGITUDE:  83 19 W

  TEMPERATURE IN F:       :PCPN:    SNOW:  WIND      :SUNSHINE: SKY     :PK WND
================================================================================
1   2   3   4   5  6A  6B    7    8   9   10  11  12  13   14  15   16   17  18
                                     12Z  AVG MX 2MIN
DY MAX MIN AVG DEP HDD CDD  WTR  SNW DPTH SPD SPD DIR MIN PSBL S-S WX    SPD DR
================================================================================

 1  50  39  45  10  20   0 0.08  0.0    0  1.3  7  80   M    M  10 12     11  80
 2  65  48  57  22   8   0 0.00  0.0    0  1.4  7 120   M    M   8 1      11 110
 3  58  50  54  19  11   0 0.50  0.0    0  5.2 17 280   M    M  10 12     27 270
 4  50  25  38   3  27   0 0.04  0.0    0  6.9 16 300   M    M   5 1      27 260
 5  27  22  25 -10  40   0 0.16  2.2    0  1.7  8 330   M    M   8 12     11 340
 6  22  13  18 -17  47   0 0.01  0.2    1  3.2  9 330   M    M   9 1      14 340
 7  19   8  14 -21  51   0    T    T    1  5.3 12 290   M    M   4        16 270
 8  22   9  16 -19  49   0    T  0.1    1  3.0  8 280   M    M   5 1      13 300
 9  37  14  26  -9  39   0 0.00  0.0    0  2.9 10 220   M    M   3        20 240
10  51  32  42   7  23   0 0.34  0.0    0  8.7 17 190   M    M   9 1      31 180
11  61  48  55  20  10   0 0.16  0.0    0  5.6 13 190   M    M   7 1      23 200
12  67  51  59  24   6   0 0.28  0.0    0  6.1 13 310   M    M  10 1      25 220
13  51  38  45  10  20   0 0.42  0.0    0  3.8  8  60   M    M  10 12     13  70
14  56  38  47  12  18   0 0.26  0.0    0  2.9 10 310   M    M  10 12     14 310
15  44  39  42   7  23   0 0.09  0.0    0  0.9  6 360   M    M  10 12     10  30
16  66  41  54  19  11   0    T  0.0    0  2.5  7 180   M    M   8 12     12 180
17  62  51  57  22   8   0 0.52  0.0    0  7.0 17 260   M    M   9 1      30 260
18  51  39  45  10  20   0    T  0.0    0  4.6 14 280   M    M   9        21 280
19  55  35  45  10  20   0 0.04  0.0    0  2.1  8  90   M    M   5 1      11  90
20  68  48  58  23   7   0 0.18  0.0    0  3.9  9 230   M    M   8 12     17 240
21  61  53  57  22   8   0 0.01  0.0    0  2.2  7 300   M    M   4        12 190
22  61  49  55  20  10   0 0.17  0.0    0  3.7 10  50   M    M   5 1      18  20
23  53  44  49  14  16   0 1.21  0.0    0  6.9 15 300   M    M  10 1      21 320
24  44  37  41   6  24   0 0.05  0.0    0  4.8 14 300   M    M   9 1      21 310
25  65  34  50  15  15   0 0.07  0.0    0  4.8 12 240   M    M   5 1      20 220
26  55  33  44   9  21   0    T    T    0  9.0 17 260   M    M  10        28 280
27  33  28  31  -4  34   0 0.01  0.1    0  4.7 13 250   M    M  10 16     22 290
28  49  25  37   1  28   0    T    T    0  7.3 18 250   M    M   6        29 260
29  38  26  32  -4  33   0 0.10  1.2    0  5.3 18 310   M    M  10 12     29 280
30  40  24  32  -4  33   0 0.01  0.5    1  6.4 14 230   M    M   3 1      23 280
31  58  35  47  11  18   0 0.00  0.0    0  8.9 18 260   M    M   3        30 250
================================================================================
SM 1539 1076       698   0  4.71     4.3 143.0          M      232
================================================================================
AV 49.7 34.7                               4.6 FASTST   M    M   7    MAX(MPH)
                                 MISC ---->  # 18 250               # 31  180
================================================================================
NOTES:
# LAST OF SEVERAL OCCURRENCES

COLUMN 17 PEAK WIND IN M.P.H.

PRELIMINARY LOCAL CLIMATOLOGICAL DATA (WS FORM: F-6) , PAGE 2

                                          STATION:  JACKSON KY
                                          MONTH:    JANUARY
                                          YEAR:     2017
                                          LATITUDE:   37 35 N
                                          LONGITUDE:  83 19 W

[TEMPERATURE DATA]      [PRECIPITATION DATA]       SYMBOLS USED IN COLUMN 16

AVERAGE MONTHLY: 42.2   TOTAL FOR MONTH:   4.71    1 = FOG OR MIST
DPTR FM NORMAL:   7.3   DPTR FM NORMAL:    1.10    2 = FOG REDUCING VISIBILITY
HIGHEST:    68 ON 20    GRTST 24HR  1.31 ON 22-23      TO 1/4 MILE OR LESS
LOWEST:      8 ON  7                               3 = THUNDER
                        SNOW, ICE PELLETS, HAIL    4 = ICE PELLETS
                        TOTAL MONTH:   4.3 INCHES  5 = HAIL
                        GRTST 24HR   2.3 ON  5-6   6 = FREEZING RAIN OR DRIZZLE
                        GRTST DEPTH:   1 ON 30, 8  7 = DUSTSTORM OR SANDSTORM:
                                                       VSBY 1/2 MILE OR LESS
                                                   8 = SMOKE OR HAZE
[NO. OF DAYS WITH]      [WEATHER - DAYS WITH]      9 = BLOWING SNOW
                                                   X = TORNADO
MAX 32 OR BELOW:   4    0.01 INCH OR MORE:  22
MAX 90 OR ABOVE:   0    0.10 INCH OR MORE:  12
MIN 32 OR BELOW:  11    0.50 INCH OR MORE:   3
MIN  0 OR BELOW:   0    1.00 INCH OR MORE:   1

[HDD (BASE 65) ]
TOTAL THIS MO.   698    CLEAR  (SCALE 0-3)   3
DPTR FM NORMAL  -234    PTCLDY (SCALE 4-7)  12
TOTAL FM JUL 1  2021    CLOUDY (SCALE 8-10) 16
DPTR FM NORMAL  -545

[CDD (BASE 65) ]
TOTAL THIS MO.     0
DPTR FM NORMAL     0    [PRESSURE DATA]
TOTAL FM JAN 1     0    HIGHEST SLP 30.77 ON  8
DPTR FM NORMAL     0    LOWEST  SLP 29.24 ON 23

[REMARKS]
#FINAL-01-17#
