000
CXUS55 KJKL 010800
CF6JKL
PRELIMINARY LOCAL CLIMATOLOGICAL DATA (WS FORM: F-6)

                                          STATION:   JACKSON KY
                                          MONTH:     JUNE
                                          YEAR:      2014
                                          LATITUDE:   37 35 N
                                          LONGITUDE:  83 19 W

  TEMPERATURE IN F:       :PCPN:    SNOW:  WIND      :SUNSHINE: SKY     :PK WND
================================================================================
1   2   3   4   5  6A  6B    7    8   9   10  11  12  13   14  15   16   17  18
                                     12Z  AVG MX 2MIN
DY MAX MIN AVG DEP HDD CDD  WTR  SNW DPTH SPD SPD DIR MIN PSBL S-S WX    SPD DR
================================================================================

 1  84  65  75   7   0  10 0.00  0.0    0  2.8  8 170   M    M   3        14 170
 2  84  66  75   6   0  10 0.00  0.0    0  1.5  9 240   M    M   4        15 250
 3  83  64  74   5   0   9 0.12  0.0    0  0.7  7 150   M    M   6 1      11 160
 4  85  67  76   7   0  11 0.67  0.0    0  1.9 16 310   M    M   5 13     24 310
 5  72  61  67  -3   0   2 0.02  0.0    0  1.2 10 280   M    M   7 13     19 270
 6  80  57  69  -1   0   4 0.00  0.0    0  1.0  7 130   M    M   1 1       9 320
 7  83  57  70   0   0   5 0.00  0.0    0  1.2  7 140   M    M   0        12 120
 8  79  62  71   1   0   6    T  0.0    0  3.7 14 300   M    M   8        24 270
 9  73  61  67  -4   0   2    T  0.0    0  0.4  5 150   M    M   8 18      7 140
10  85  62  74   3   0   9 0.25  0.0    0   M   M   M   M    M   3 138     M  M
11  79  63  71   0   0   6 0.13  0.0    0  2.7 10 180   M    M   5 1      16 170
12  81  64  73   2   0   8 0.00  0.0    0  1.9 10 300   M    M   4        15 310
13  80  60  70  -2   0   5 0.02  0.0    0  3.1 12 330   M    M   3 128    17 310
14  78  55  67  -5   0   2 0.00  0.0    0  1.0  6 320   M    M   0        10 320
15  88  58  73   1   0   8 0.00  0.0    0  1.0  8 310   M    M   1        13 180
16  90  69  80   8   0  15 0.00  0.0    0  1.0  7 300   M    M   1        11 310
17  91  68  80   7   0  15 0.00  0.0    0  1.3  9 280   M    M   1        15 280
18  91  71  81   8   0  16 0.00  0.0    0  1.6  9 310   M    M   2        13 300
19  91  68  80   7   0  15 0.07  0.0    0  2.2 15 320   M    M   2 13     22 330
20  86  66  76   3   0  11 1.25  0.0    0  1.0 16 310   M    M   3 123    27  20
21  85  67  76   2   0  11    T  0.0    0  1.6 12 300   M    M   6 128    16 310
22  87  65  76   2   0  11 0.00  0.0    0  0.8  7 320   M    M   0 1       8 320
23  90  68  79   5   0  14 0.01  0.0    0  2.5 14 160   M    M   2 3      24 140
24  85  69  77   3   0  12    T  0.0    0  2.4  9 290   M    M   2 3      19 160
25  83  68  76   2   0  11 0.30  0.0    0  2.9  9 330   M    M   7 13     16 250
26  85  65  75   1   0  10    T  0.0    0  0.7  8 320   M    M   2 1      12 330
27  88  67  78   4   0  13 0.00  0.0    0  0.8  6 140   M    M   1 18      9 120
28  84  69  77   2   0  12 0.21  0.0    0  0.5  6 140   M    M   5 13     11 240
29  85  69  77   2   0  12 0.07  0.0    0  1.5  8 260   M    M   3 13     14 250
30  84  69  77   2   0  12    T  0.0    0  1.9  6 190   M    M   5        11 150
================================================================================
SM 2519 1940         0 287  3.12     0.0  46.8          M      100
================================================================================
AV 84.0 64.7                               1.6 FASTST   M    M   3    MAX(MPH)
                                 MISC ---->  # 16 310               # 27   20
================================================================================
NOTES:
# LAST OF SEVERAL OCCURRENCES

COLUMN 17 PEAK WIND IN M.P.H.

PRELIMINARY LOCAL CLIMATOLOGICAL DATA (WS FORM: F-6) , PAGE 2

                                          STATION:  JACKSON KY
                                          MONTH:    JUNE
                                          YEAR:     2014
                                          LATITUDE:   37 35 N
                                          LONGITUDE:  83 19 W

[TEMPERATURE DATA]      [PRECIPITATION DATA]       SYMBOLS USED IN COLUMN 16

AVERAGE MONTHLY: 74.3   TOTAL FOR MONTH:   3.12    1 = FOG OR MIST
DPTR FM NORMAL:   2.3   DPTR FM NORMAL:   -1.58    2 = FOG REDUCING VISIBILITY
HIGHEST:    91 ON 19,18 GRTST 24HR  1.28 ON 19-20      TO 1/4 MILE OR LESS
LOWEST:     55 ON 14                               3 = THUNDER
                        SNOW, ICE PELLETS, HAIL    4 = ICE PELLETS
                        TOTAL MONTH:   0.0 INCH    5 = HAIL
                        GRTST 24HR     0.0         6 = FREEZING RAIN OR DRIZZLE
                        GRTST DEPTH:   0           7 = DUSTSTORM OR SANDSTORM:
                                                       VSBY 1/2 MILE OR LESS
                                                   8 = SMOKE OR HAZE
[NO. OF DAYS WITH]      [WEATHER - DAYS WITH]      9 = BLOWING SNOW
                                                   X = TORNADO
MAX 32 OR BELOW:   0    0.01 INCH OR MORE:  12
MAX 90 OR ABOVE:   5    0.10 INCH OR MORE:   7
MIN 32 OR BELOW:   0    0.50 INCH OR MORE:   2
MIN  0 OR BELOW:   0    1.00 INCH OR MORE:   1

[HDD (BASE 65) ]
TOTAL THIS MO.     0    CLEAR  (SCALE 0-3)  16
DPTR FM NORMAL   -12    PTCLDY (SCALE 4-7)  13
TOTAL FM JUL 1  4509    CLOUDY (SCALE 8-10)  1
DPTR FM NORMAL   275

[CDD (BASE 65) ]
TOTAL THIS MO.   287
DPTR FM NORMAL    64    [PRESSURE DATA]
TOTAL FM JAN 1   478    HIGHEST SLP 30.18 ON 28
DPTR FM NORMAL   119    LOWEST  SLP 29.72 ON  4

[REMARKS]
#FINAL-06-14#
