000
CXUS55 KJKL 011326
CF6JKL
PRELIMINARY LOCAL CLIMATOLOGICAL DATA (WS FORM: F-6)

                                          STATION:   JACKSON KY
                                          MONTH:     JUNE
                                          YEAR:      2015
                                          LATITUDE:   37 35 N
                                          LONGITUDE:  83 19 W

  TEMPERATURE IN F:       :PCPN:    SNOW:  WIND      :SUNSHINE: SKY     :PK WND
================================================================================
1   2   3   4   5  6A  6B    7    8   9   10  11  12  13   14  15   16   17  18
                                     12Z  AVG MX 2MIN
DY MAX MIN AVG DEP HDD CDD  WTR  SNW DPTH SPD SPD DIR MIN PSBL S-S WX    SPD DR
================================================================================

 1  73  54  64  -4   1   0 0.58  0.0    0  1.4 10 320   M    M  10 123    14 330
 2  61  53  57 -12   8   0    T  0.0    0  0.0  5 310   M    M  10 12      7 360
 3  74  57  66  -3   0   1 0.00  0.0    0  0.3  7 310   M    M   8 1      10 300
 4  82  60  71   2   0   6 0.18  0.0    0  0.5  6 320   M    M   7 12      9 130
 5  84  64  74   4   0   9 0.00  0.0    0  1.8 10 320   M    M   2 1      15 330
 6  80  64  72   2   0   7 0.00  0.0    0  1.5  7 330   M    M   4 18     10 320
 7  87  59  73   3   0   8 0.00  0.0    0  2.1  6 190   M    M   2 12     13 300
 8  80  65  73   3   0   8 0.80  0.0    0  2.7 16 270   M    M   3 13     32 270
 9  82  62  72   1   0   7    T  0.0    0  1.6  9 290   M    M   7 12     13 320
10  85  62  74   3   0   9 0.00  0.0    0  0.9  7 140   M    M   0 128     9 140
11  89  64  77   6   0  12 0.00  0.0    0  0.5  6 270   M    M   0 8       9 250
12  88  70  79   8   0  14 0.02  0.0    0  1.8  8 170   M    M   2        14 160
13  87  69  78   6   0  13    T  0.0    0  1.6  8 250   M    M   2 3      14 240
14  88  70  79   7   0  14    T  0.0    0  1.0 10 300   M    M   1        16 310
15  90  70  80   8   0  15    T  0.0    0  1.8 14 320   M    M   1 3      22 340
16  88  71  80   8   0  15 0.39  0.0    0  1.9 21 330   M    M   3 123    32 310
17  87  69  78   5   0  13 0.86  0.0    0  1.6 15 300   M    M   4 123    26 310
18  88  68  78   5   0  13 0.70  0.0    0  1.2 23 350   M    M   5 1238   46 340
19  82  68  75   2   0  10 0.01  0.0    0  1.8 13 310   M    M   4 138    17 330
20  77  70  74   1   0   9 0.48  0.0    0  4.3 14 170   M    M   6 1      25 150
21  88  68  78   4   0  13 0.00  0.0    0  1.9 10 300   M    M   4 123    17 210
22  88  68  78   4   0  13 0.00  0.0    0  1.4  7 160   M    M   1        11 220
23  90  74  82   8   0  17    T  0.0    0  2.5 10 280   M    M   4 3      20 270
24  85  68  77   3   0  12 0.00  0.0    0  0.9  7 310   M    M   1        11 320
25  87  65  76   2   0  11 0.95  0.0    0  1.7 10 130   M    M   2 1238   17 310
26  85  66  76   2   0  11 1.24  0.0    0  2.3 14 300   M    M   3 123    20 290
27  76  60  68  -6   0   3 0.70  0.0    0  3.6 16 280   M    M   8 1      25 300
28  77  56  67  -8   0   2 0.00  0.0    0  2.7 15 310   M    M   2        20 300
29  80  57  69  -6   0   4 0.09  0.0    0  3.6 10 310   M    M   3 138    25 220
30  80  60  70  -5   0   5 0.42  0.0    0  1.2 13 330   M    M   4 123    26 330
================================================================================
SM 2488 1931         9 274  7.42     0.0  52.1          M      113
================================================================================
AV 82.9 64.4                               1.7 FASTST   M    M   4    MAX(MPH)
                                 MISC ---->  # 23 350               # 46  340
================================================================================
NOTES:
# LAST OF SEVERAL OCCURRENCES

COLUMN 17 PEAK WIND IN M.P.H.

PRELIMINARY LOCAL CLIMATOLOGICAL DATA (WS FORM: F-6) , PAGE 2

                                          STATION:  JACKSON KY
                                          MONTH:    JUNE
                                          YEAR:     2015
                                          LATITUDE:   37 35 N
                                          LONGITUDE:  83 19 W

[TEMPERATURE DATA]      [PRECIPITATION DATA]       SYMBOLS USED IN COLUMN 16

AVERAGE MONTHLY: 73.7   TOTAL FOR MONTH:   7.42    1 = FOG OR MIST
DPTR FM NORMAL:   1.7   DPTR FM NORMAL:    2.72    2 = FOG REDUCING VISIBILITY
HIGHEST:    90 ON 23,15 GRTST 24HR  2.10 ON 25-26      TO 1/4 MILE OR LESS
LOWEST:     53 ON  2                               3 = THUNDER
                        SNOW, ICE PELLETS, HAIL    4 = ICE PELLETS
                        TOTAL MONTH:   0.0 INCH    5 = HAIL
                        GRTST 24HR     0.0         6 = FREEZING RAIN OR DRIZZLE
                        GRTST DEPTH:   0           7 = DUSTSTORM OR SANDSTORM:
                                                       VSBY 1/2 MILE OR LESS
                                                   8 = SMOKE OR HAZE
[NO. OF DAYS WITH]      [WEATHER - DAYS WITH]      9 = BLOWING SNOW
                                                   X = TORNADO
MAX 32 OR BELOW:   0    0.01 INCH OR MORE:  14
MAX 90 OR ABOVE:   2    0.10 INCH OR MORE:  11
MIN 32 OR BELOW:   0    0.50 INCH OR MORE:   7
MIN  0 OR BELOW:   0    1.00 INCH OR MORE:   1

[HDD (BASE 65) ]
TOTAL THIS MO.     9    CLEAR  (SCALE 0-3)  15
DPTR FM NORMAL    -3    PTCLDY (SCALE 4-7)  12
TOTAL FM JUL 1  4575    CLOUDY (SCALE 8-10)  3
DPTR FM NORMAL   341

[CDD (BASE 65) ]
TOTAL THIS MO.   274
DPTR FM NORMAL    51    [PRESSURE DATA]
TOTAL FM JAN 1   478    HIGHEST SLP 30.14 ON 24
DPTR FM NORMAL   119    LOWEST  SLP 29.77 ON 27

[REMARKS]
#FINAL-06-15#
