000
CXUS55 KJKL 011000
CF6JKL
PRELIMINARY LOCAL CLIMATOLOGICAL DATA (WS FORM: F-6)

                                          STATION:   JACKSON KY
                                          MONTH:     OCTOBER
                                          YEAR:      2012
                                          LATITUDE:   37 35 N
                                          LONGITUDE:  83 19 W

  TEMPERATURE IN F:       :PCPN:    SNOW:  WIND      :SUNSHINE: SKY     :PK WND
================================================================================
1   2   3   4   5  6A  6B    7    8   9   10  11  12  13   14  15   16   17  18
                                     12Z  AVG MX 2MIN
DY MAX MIN AVG DEP HDD CDD  WTR  SNW DPTH SPD SPD DIR MIN PSBL S-S WX    SPD DR
================================================================================

 1  64  55  60  -2   5   0 1.08  0.0    0  3.3 13 140   M    M   6 1      22 170
 2  81  62  72  10   0   7 0.04  0.0    0  3.2  9 290   M    M   7 1      15 270
 3  74  59  67   5   0   2 0.00  0.0    0  1.1  7 140   M    M   5        16 250
 4  76  56  66   4   0   1 0.00  0.0    0  0.9  8 260   M    M   1        15 260
 5  78  55  67   6   0   2 0.00  0.0    0  1.4  8 170   M    M   2        13 190
 6  64  43  54  -7  11   0 0.24  0.0    0  2.6 16 330   M    M   6 1      25 330
 7  54  43  49 -12  16   0 0.00  0.0    0  1.1  8 320   M    M   7        13 330
 8  47  41  44 -16  21   0 0.31  0.0    0  0.3  6 130   M    M   8 1       9 140
 9  57  39  48 -12  17   0 0.00  0.0    0  1.4  7 150   M    M   8 12     10 200
10  61  43  52  -8  13   0    T  0.0    0  3.5 13 270   M    M   5        23 270
11  64  37  51  -8  14   0 0.00  0.0    0  1.0  7 260   M    M   0        12 280
12  66  43  55  -4  10   0 0.00  0.0    0  1.1  7 310   M    M   2        10  40
13  76  45  61   2   4   0 0.00  0.0    0  3.6 10 170   M    M   1        16 190
14  73  57  65   7   0   0 0.06  0.0    0  5.8 15 180   M    M   3 1      33 160
15  64  47  56  -2   9   0    T  0.0    0  6.0 15 290   M    M   3        25 280
16  66  40  53  -5  12   0 0.00  0.0    0  1.1  7 270   M    M   0 1      12 280
17  74  49  62   4   3   0 0.00  0.0    0  3.6 10 160   M    M   0        17 180
18  62  47  55  -2  10   0 0.05  0.0    0  3.5 13 230   M    M   5 1      32 240
19  65  45  55  -2  10   0    T  0.0    0  4.3 15 270   M    M   6        24 280
20  57  47  52  -5  13   0 0.00  0.0    0  2.6  9 290   M    M  10        18 260
21  68  42  55  -2  10   0 0.00  0.0    0  1.2  6 150   M    M   3        10 220
22  79  50  65   9   0   0 0.00  0.0    0  1.2  8 250   M    M   3        14 280
23  79  57  68  12   0   3 0.00  0.0    0  1.2  8 210   M    M   1        16 270
24  79  60  70  14   0   5 0.00  0.0    0  0.6  7 180   M    M   2        14 190
25  81  56  69  13   0   4 0.00  0.0    0  1.5  8 220   M    M   0        13 160
26  77  48  63   8   2   0 0.00  0.0    0  2.7  9 330   M    M   4        15  10
27  50  44  47  -8  18   0 0.36  0.0    0  2.3  7  20   M    M  10 1      13  10
28  45  38  42 -13  23   0 0.80  0.0    0  4.0 12 350   M    M  10 1      22  10
29  39  32  36 -18  29   0 0.46    T    0  9.0 18 300   M    M  10 1      25 300
30  37  32  35 -19  30   0 0.76  1.1    T  8.3 15 270   M    M  10 1      25 270
31  45  36  41 -13  24   0 0.08  0.0    0  4.3 15 260   M    M  10 1      23 240
================================================================================
SM 2002 1448       304  24  4.24     1.1  87.7          M      148
================================================================================
AV 64.6 46.7                               2.8 FASTST   M    M   5    MAX(MPH)
                                 MISC ---->  # 18 300               # 33  160
================================================================================
NOTES:
# LAST OF SEVERAL OCCURRENCES

COLUMN 17 PEAK WIND IN M.P.H.

PRELIMINARY LOCAL CLIMATOLOGICAL DATA (WS FORM: F-6) , PAGE 2

                                          STATION:  JACKSON KY
                                          MONTH:    OCTOBER
                                          YEAR:     2012
                                          LATITUDE:   37 35 N
                                          LONGITUDE:  83 19 W

[TEMPERATURE DATA]      [PRECIPITATION DATA]       SYMBOLS USED IN COLUMN 16

AVERAGE MONTHLY: 55.6   TOTAL FOR MONTH:   4.24    1 = FOG OR MIST
DPTR FM NORMAL:  -2.5   DPTR FM NORMAL:    1.05    2 = FOG REDUCING VISIBILITY
HIGHEST:    81 ON 25, 2 GRTST 24HR  1.08 ON  1- 1      TO 1/4 MILE OR LESS
LOWEST:     32 ON 30,29                            3 = THUNDER
                        SNOW, ICE PELLETS, HAIL    4 = ICE PELLETS
                        TOTAL MONTH:   1.1 INCHES  5 = HAIL
                        GRTST 24HR   1.1 ON   M    6 = FREEZING RAIN OR DRIZZLE
                        GRTST DEPTH:   T           7 = DUSTSTORM OR SANDSTORM:
                                                       VSBY 1/2 MILE OR LESS
                                                   8 = SMOKE OR HAZE
[NO. OF DAYS WITH]      [WEATHER - DAYS WITH]      9 = BLOWING SNOW
                                                   X = TORNADO
MAX 32 OR BELOW:   0    0.01 INCH OR MORE:  11
MAX 90 OR ABOVE:   0    0.10 INCH OR MORE:   7
MIN 32 OR BELOW:   2    0.50 INCH OR MORE:   3
MIN  0 OR BELOW:   0    1.00 INCH OR MORE:   1

[HDD (BASE 65) ]
TOTAL THIS MO.   304    CLEAR  (SCALE 0-3)  13
DPTR FM NORMAL    59    PTCLDY (SCALE 4-7)  11
TOTAL FM JUL 1   366    CLOUDY (SCALE 8-10)  7
DPTR FM NORMAL    69

[CDD (BASE 65) ]
TOTAL THIS MO.    24
DPTR FM NORMAL    -5    [PRESSURE DATA]
TOTAL FM JAN 1  1318    HIGHEST SLP 30.34 ON 12
DPTR FM NORMAL   168    LOWEST  SLP 29.56 ON 30

[REMARKS]
#FINAL-10-12#
