000
CXUS55 KJKL 011000
CF6JKL
PRELIMINARY LOCAL CLIMATOLOGICAL DATA (WS FORM: F-6)

                                          STATION:   JACKSON KY
                                          MONTH:     JUNE
                                          YEAR:      2012
                                          LATITUDE:   37 35 N
                                          LONGITUDE:  83 19 W

  TEMPERATURE IN F:       :PCPN:    SNOW:  WIND      :SUNSHINE: SKY     :PK WND
================================================================================
1   2   3   4   5  6A  6B    7    8   9   10  11  12  13   14  15   16   17  18
                                     12Z  AVG MX 2MIN
DY MAX MIN AVG DEP HDD CDD  WTR  SNW DPTH SPD SPD DIR MIN PSBL S-S WX    SPD DR
================================================================================

 1  69  54  62  -6   3   0 0.31  0.0    0  4.0 16 290   M    M   9 1      25 290
 2  69  48  59 -10   6   0 0.00  0.0    0  1.4  9 300   M    M   6 1      16 250
 3  79  54  67  -2   0   2    T  0.0    0  2.8 14 270   M    M   4        23 280
 4  78  58  68  -1   0   3    T  0.0    0  3.3 14 310   M    M   5        20 250
 5  74  53  64  -6   1   0 0.00  0.0    0  0.9  8 330   M    M   4        14 330
 6  73  53  63  -7   2   0 0.00  0.0    0  0.7  8 340   M    M   5        13 350
 7  78  53  66  -4   0   1 0.00  0.0    0  0.7  7 350   M    M   3        12 330
 8  82  53  68  -2   0   3 0.00  0.0    0  1.0  8 320   M    M   1        12 320
 9  85  58  72   1   0   7 0.00  0.0    0  1.3  8 270   M    M   0        15 320
10  85  63  74   3   0   9 0.00  0.0    0  2.0  7 140   M    M   2        10 160
11  79  65  72   1   0   7 0.09  0.0    0  1.2  8 160   M    M   7 1      15 140
12  84  66  75   4   0  10 0.00  0.0    0  2.6 15 310   M    M   4        10 320
13  82  61  72   0   0   7 0.00  0.0    0  1.1 15 360   M    M   0         7 350
14  85  58  72   0   0   7 0.00  0.0    0  0.5  6 360   M    M   0        10 100
15  86  65  76   4   0  11 0.00  0.0    0  2.2  8 130   M    M   3        13 130
16  85  65  75   3   0  10 0.88  0.0    0  2.1  8 130   M    M   3 123    14 250
17  81  63  72  -1   0   7 0.01  0.0    0  1.0  8 270   M    M   5 1      16 220
18  86  67  77   4   0  12 0.00  0.0    0  1.5  9 160   M    M   2        16 180
19  87  66  77   4   0  12 0.00  0.0    0  0.3  7 310   M    M   1        12 270
20  90  68  79   6   0  14 0.28  0.0    0  1.0 15 140   M    M   1        24 120
21  90  68  79   5   0  14 0.00  0.0    0  1.6  8 260   M    M   1 1      15 270
22  89  68  79   5   0  14 0.34  0.0    0  1.2 20 310   M    M   3 138    29 320
23  86  62  74   0   0   9 0.00  0.0    0  0.8  7 310   M    M   1         9 130
24  90  67  79   5   0  14 0.00  0.0    0  0.4  7 320   M    M   0        12 320
25  87  64  76   2   0  11 0.00  0.0    0  1.1 12 350   M    M   1        18 340
26  79  54  67  -7   0   2 0.00  0.0    0  1.2  7  80   M    M   0        18  30
27  86  54  70  -4   0   5 0.00  0.0    0  0.6  8 120   M    M   0        13 120
28 100  61  81   6   0  16 0.00  0.0    0  2.2 10 260   M    M   0        21 260
29 104  73  89  14   0  24    T  0.0    0  2.9 17  10   M    M   0        37  20
30 103  71  87  12   0  22 0.00  0.0    0  2.3 10 330   M    M   0        16 270
================================================================================
SM 2531 1833        12 253  1.91     0.0  45.9          M       71
================================================================================
AV 84.4 61.1                               1.5 FASTST   M    M   2    MAX(MPH)
                                 MISC ---->  # 20 310               # 37   20
================================================================================
NOTES:
# LAST OF SEVERAL OCCURRENCES

COLUMN 17 PEAK WIND IN M.P.H.

PRELIMINARY LOCAL CLIMATOLOGICAL DATA (WS FORM: F-6) , PAGE 2

                                          STATION:  JACKSON KY
                                          MONTH:    JUNE
                                          YEAR:     2012
                                          LATITUDE:   37 35 N
                                          LONGITUDE:  83 19 W

[TEMPERATURE DATA]      [PRECIPITATION DATA]       SYMBOLS USED IN COLUMN 16

AVERAGE MONTHLY: 72.7   TOTAL FOR MONTH:   1.91    1 = FOG OR MIST
DPTR FM NORMAL:   0.7   DPTR FM NORMAL:   -2.79    2 = FOG REDUCING VISIBILITY
HIGHEST:   104 ON 29    GRTST 24HR  0.89 ON 16-17      TO 1/4 MILE OR LESS
LOWEST:     48 ON  2                               3 = THUNDER
                        SNOW, ICE PELLETS, HAIL    4 = ICE PELLETS
                        TOTAL MONTH:   0.0 INCH    5 = HAIL
                        GRTST 24HR     0.0         6 = FREEZING RAIN OR DRIZZLE
                        GRTST DEPTH:   0           7 = DUSTSTORM OR SANDSTORM:
                                                       VSBY 1/2 MILE OR LESS
                                                   8 = SMOKE OR HAZE
[NO. OF DAYS WITH]      [WEATHER - DAYS WITH]      9 = BLOWING SNOW
                                                   X = TORNADO
MAX 32 OR BELOW:   0    0.01 INCH OR MORE:   6
MAX 90 OR ABOVE:   6    0.10 INCH OR MORE:   4
MIN 32 OR BELOW:   0    0.50 INCH OR MORE:   1
MIN  0 OR BELOW:   0    1.00 INCH OR MORE:   0

[HDD (BASE 65) ]
TOTAL THIS MO.    12    CLEAR  (SCALE 0-3)  20
DPTR FM NORMAL     0    PTCLDY (SCALE 4-7)   9
TOTAL FM JUL 1  3339    CLOUDY (SCALE 8-10)  1
DPTR FM NORMAL  -918

[CDD (BASE 65) ]
TOTAL THIS MO.   253
DPTR FM NORMAL    30    [PRESSURE DATA]
TOTAL FM JAN 1   504    HIGHEST SLP 30.23 ON 16
DPTR FM NORMAL   145    LOWEST  SLP 29.66 ON  1

[REMARKS]
#FINAL-06-12#
