000
CXUS55 KJKL 011000
CF6JKL
PRELIMINARY LOCAL CLIMATOLOGICAL DATA (WS FORM: F-6)

                                          STATION:   JACKSON KY
                                          MONTH:     AUGUST
                                          YEAR:      2012
                                          LATITUDE:   37 35 N
                                          LONGITUDE:  83 19 W

  TEMPERATURE IN F:       :PCPN:    SNOW:  WIND      :SUNSHINE: SKY     :PK WND
================================================================================
1   2   3   4   5  6A  6B    7    8   9   10  11  12  13   14  15   16   17  18
                                     12Z  AVG MX 2MIN
DY MAX MIN AVG DEP HDD CDD  WTR  SNW DPTH SPD SPD DIR MIN PSBL S-S WX    SPD DR
================================================================================

 1  88  66  77   2   0  12 0.03  0.0    0  1.5 10 310   M    M   2 13     15 310
 2  88  64  76   1   0  11 0.00  0.0    0  0.8  6 130   M    M   0 1       8 100
 3  80  69  75   0   0  10 1.05  0.0    0  2.0  8 130   M    M   4 123    18 200
 4  88  70  79   4   0  14 0.18  0.0    0  2.2 13 170   M    M   5 13     21 170
 5  80  70  75   0   0  10 0.11  0.0    0  1.2  7 240   M    M   7 13     16 220
 6  83  70  77   2   0  12 1.73  0.0    0  0.1  3 120   M    M   7 123     6 160
 7  84  70  77   2   0  12 0.00  0.0    0  0.7  7 130   M    M   5 12     10 110
 8  89  67  78   3   0  13 0.00  0.0    0  0.5  7 310   M    M   1 12     10 320
 9  86  64  75   0   0  10 0.74  0.0    0  2.0 16 310   M    M   4 123    23 270
10  82  63  73  -2   0   8 0.03  0.0    0  2.5 12 300   M    M   5 12     20 300
11  74  58  66  -9   0   1 0.00  0.0    0  2.5  9 300   M    M   3 1      16 300
12  79  57  68  -7   0   3 0.00  0.0    0  0.9  6 300   M    M   0        10 270
13  80  62  71  -4   0   6    T  0.0    0  1.4  9 150   M    M   3        13 150
14  82  65  74  -1   0   9 0.03  0.0    0  0.7  7 320   M    M   8 13     13 340
15  79  64  72  -3   0   7 0.56  0.0    0  1.1  3 170   M    M   6 123     5 170
16  86  62  74  -1   0   9 0.00  0.0    0  0.7  7 310   M    M   0 1      10 170
17  74  64  69  -6   0   4 0.14  0.0    0  1.8  9 270   M    M   6 12     15 270
18  79  61  70  -5   0   5 0.00  0.0    0  1.0  6 110   M    M   4 12     10 290
19  79  62  71  -4   0   6 0.01  0.0    0  0.6 10 320   M    M   6 13     20 340
20  78  56  67  -8   0   2 0.00  0.0    0  1.9  9 330   M    M   2 12     14 300
21  79  57  68  -6   0   3 0.14  0.0    0  1.2 10 330   M    M   2        18 310
22  81  57  69  -5   0   4 0.00  0.0    0  0.4  6 130   M    M   1 1       8 160
23  84  59  72  -2   0   7 0.00  0.0    0  0.2  5 130   M    M   0         7 100
24  85  63  74   0   0   9 0.00  0.0    0  1.5  8 140   M    M   0        12 160
25  86  63  75   1   0  10 0.00  0.0    0  1.7  6 110   M    M   0        10 110
26  87  63  75   1   0  10 0.00  0.0    0  1.5  6 140   M    M   1 1       9 130
27  89  66  78   4   0  13 0.00  0.0    0  0.9  8 160   M    M   3        14 160
28  81  70  76   2   0  11    T  0.0    0  0.2  5  90   M    M   7 1      13 340
29  84  64  74   1   0   9 0.00  0.0    0  0.3  6 320   M    M   1        10 150
30  88  61  75   2   0  10 0.00  0.0    0  0.7  6 340   M    M   1        10  80
31  89  71  80   7   0  15    T  0.0    0  0.9  8 270   M    M   1        14 260
================================================================================
SM 2571 1978         0 265  4.75     0.0  35.6          M       95
================================================================================
AV 82.9 63.8                               1.1 FASTST   M    M   3    MAX(MPH)
                                 MISC ---->  # 16 310               # 23  270
================================================================================
NOTES:
# LAST OF SEVERAL OCCURRENCES

COLUMN 17 PEAK WIND IN M.P.H.

PRELIMINARY LOCAL CLIMATOLOGICAL DATA (WS FORM: F-6) , PAGE 2

                                          STATION:  JACKSON KY
                                          MONTH:    AUGUST
                                          YEAR:     2012
                                          LATITUDE:   37 35 N
                                          LONGITUDE:  83 19 W

[TEMPERATURE DATA]      [PRECIPITATION DATA]       SYMBOLS USED IN COLUMN 16

AVERAGE MONTHLY: 73.4   TOTAL FOR MONTH:   4.75    1 = FOG OR MIST
DPTR FM NORMAL:  -1.1   DPTR FM NORMAL:    1.06    2 = FOG REDUCING VISIBILITY
HIGHEST:    89 ON 31,27 GRTST 24HR  1.78 ON  5- 6      TO 1/4 MILE OR LESS
LOWEST:     56 ON 20                               3 = THUNDER
                        SNOW, ICE PELLETS, HAIL    4 = ICE PELLETS
                        TOTAL MONTH:   0.0 INCH    5 = HAIL
                        GRTST 24HR     0.0         6 = FREEZING RAIN OR DRIZZLE
                        GRTST DEPTH:   0           7 = DUSTSTORM OR SANDSTORM:
                                                       VSBY 1/2 MILE OR LESS
                                                   8 = SMOKE OR HAZE
[NO. OF DAYS WITH]      [WEATHER - DAYS WITH]      9 = BLOWING SNOW
                                                   X = TORNADO
MAX 32 OR BELOW:   0    0.01 INCH OR MORE:  12
MAX 90 OR ABOVE:   0    0.10 INCH OR MORE:   8
MIN 32 OR BELOW:   0    0.50 INCH OR MORE:   4
MIN  0 OR BELOW:   0    1.00 INCH OR MORE:   2

[HDD (BASE 65) ]
TOTAL THIS MO.     0    CLEAR  (SCALE 0-3)  17
DPTR FM NORMAL    -2    PTCLDY (SCALE 4-7)  14
TOTAL FM JUL 1     0    CLOUDY (SCALE 8-10)  0
DPTR FM NORMAL    -2

[CDD (BASE 65) ]
TOTAL THIS MO.   265
DPTR FM NORMAL   -33    [PRESSURE DATA]
TOTAL FM JAN 1  1178    HIGHEST SLP 30.22 ON 31
DPTR FM NORMAL   200    LOWEST  SLP 29.75 ON 10

[REMARKS]
#FINAL-08-12#
