000
CXUS55 KJKL 011000
CF6JKL
PRELIMINARY LOCAL CLIMATOLOGICAL DATA (WS FORM: F-6)

                                          STATION:   JACKSON KY
                                          MONTH:     JULY
                                          YEAR:      2012
                                          LATITUDE:   37 35 N
                                          LONGITUDE:  83 19 W

  TEMPERATURE IN F:       :PCPN:    SNOW:  WIND      :SUNSHINE: SKY     :PK WND
================================================================================
1   2   3   4   5  6A  6B    7    8   9   10  11  12  13   14  15   16   17  18
                                     12Z  AVG MX 2MIN
DY MAX MIN AVG DEP HDD CDD  WTR  SNW DPTH SPD SPD DIR MIN PSBL S-S WX    SPD DR
================================================================================

 1  98  67  83   8   0  18 0.78  0.0    0  1.9 18 310   M    M   2 1238   33 360
 2  91  65  78   3   0  13 0.03  0.0    0  1.2 10 310   M    M   1 13     14 310
 3  94  71  83   8   0  18 0.00  0.0    0  1.5  8 270   M    M   0        14 180
 4  95  70  83   8   0  18 0.00  0.0    0  0.8  7 290   M    M   0        10 280
 5  94  67  81   6   0  16 0.45  0.0    0  1.4 17 300   M    M   1 13     28  40
 6  94  65  80   5   0  15 0.00  0.0    0  0.6  5 350   M    M   1 128     9 320
 7  98  72  85  10   0  20 0.00  0.0    0  0.5  7 300   M    M   0 1      10 280
 8  98  70  84   9   0  19 1.17  0.0    0  1.5 17 300   M    M   3 13     26 310
 9  79  69  74  -2   0   9    T  0.0    0  0.5  8 320   M    M   6 128    12 320
10  85  69  77   1   0  12    T  0.0    0  0.2  5 120   M    M   3 1       8 160
11  85  69  77   1   0  12 0.00  0.0    0  1.7 10 140   M    M   2 1      15 130
12  79  67  73  -3   0   8 0.11  0.0    0  0.8  6 130   M    M   4 1      10 150
13  78  66  72  -4   0   7 1.08  0.0    0  0.8  8 290   M    M   9 12     10 290
14  84  68  76   0   0  11 0.34  0.0    0  0.9 10 290   M    M   5 123    17 270
15  85  67  76   0   0  11 0.52  0.0    0  0.6 14 280   M    M   4 123    22 280
16  88  69  79   3   0  14 0.18  0.0    0  0.9 15 290   M    M   3 138    23 300
17  87  69  78   2   0  13 0.61  0.0    0  1.0  8 110   M    M   2 123    13 100
18  84  71  78   2   0  13 0.03  0.0    0  1.1  8 320   M    M   2 13     13 310
19  89  68  79   4   0  14 0.13  0.0    0  1.9 14 360   M    M   3 123    24 360
20  81  68  75   0   0  10 0.63  0.0    0  1.3 13 260   M    M   7 1238   23 260
21  82  68  75   0   0  10 0.00  0.0    0  0.6  8 320   M    M   7 18     12 320
22  88  67  78   3   0  13 0.00  0.0    0  1.2  8 280   M    M   2 1      15 280
23  90  73  82   7   0  17    T  0.0    0  1.8  9 300   M    M   2        14 310
24  82  67  75   0   0  10 0.68  0.0    0  2.5 10  50   M    M   2 123    21  60
25  91  70  81   6   0  16 0.08  0.0    0  1.4  8 270   M    M   3 13     13 200
26  92  74  83   8   0  18 0.12  0.0    0  2.9 10 250   M    M   2 13     21 240
27  88  64  76   1   0  11 0.37  0.0    0  1.9 17 350   M    M   5 123    33 340
28  84  64  74  -1   0   9 0.08  0.0    0  2.3  9 260   M    M   3 1      18 260
29  84  63  74  -1   0   9 0.00  0.0    0  0.4  6 300   M    M   2 1       8  40
30  87  66  77   2   0  12 0.00  0.0    0  0.4  5 330   M    M   1 1       9 330
31  87  68  78   3   0  13 0.00  0.0    0  0.9  9 330   M    M   2 1      15 290
================================================================================
SM 2721 2111         0 409  7.39     0.0  37.4          M       89
================================================================================
AV 87.8 68.1                               1.2 FASTST   M    M   3    MAX(MPH)
                                 MISC ---->  # 18 310               # 33  360
================================================================================
NOTES:
# LAST OF SEVERAL OCCURRENCES

COLUMN 17 PEAK WIND IN M.P.H.

PRELIMINARY LOCAL CLIMATOLOGICAL DATA (WS FORM: F-6) , PAGE 2

                                          STATION:  JACKSON KY
                                          MONTH:    JULY
                                          YEAR:     2012
                                          LATITUDE:   37 35 N
                                          LONGITUDE:  83 19 W

[TEMPERATURE DATA]      [PRECIPITATION DATA]       SYMBOLS USED IN COLUMN 16

AVERAGE MONTHLY: 77.9   TOTAL FOR MONTH:   7.39    1 = FOG OR MIST
DPTR FM NORMAL:   2.5   DPTR FM NORMAL:    2.74    2 = FOG REDUCING VISIBILITY
HIGHEST:    98 ON  8, 7 GRTST 24HR  1.17 ON  8- 8      TO 1/4 MILE OR LESS
LOWEST:     63 ON 29                               3 = THUNDER
                        SNOW, ICE PELLETS, HAIL    4 = ICE PELLETS
                        TOTAL MONTH:   0.0 INCH    5 = HAIL
                        GRTST 24HR     0.0         6 = FREEZING RAIN OR DRIZZLE
                        GRTST DEPTH:   0           7 = DUSTSTORM OR SANDSTORM:
                                                       VSBY 1/2 MILE OR LESS
                                                   8 = SMOKE OR HAZE
[NO. OF DAYS WITH]      [WEATHER - DAYS WITH]      9 = BLOWING SNOW
                                                   X = TORNADO
MAX 32 OR BELOW:   0    0.01 INCH OR MORE:  18
MAX 90 OR ABOVE:  11    0.10 INCH OR MORE:  14
MIN 32 OR BELOW:   0    0.50 INCH OR MORE:   7
MIN  0 OR BELOW:   0    1.00 INCH OR MORE:   2

[HDD (BASE 65) ]
TOTAL THIS MO.     0    CLEAR  (SCALE 0-3)  23
DPTR FM NORMAL     0    PTCLDY (SCALE 4-7)   7
TOTAL FM JUL 1     0    CLOUDY (SCALE 8-10)  1
DPTR FM NORMAL     0

[CDD (BASE 65) ]
TOTAL THIS MO.   409
DPTR FM NORMAL    88    [PRESSURE DATA]
TOTAL FM JAN 1   913    HIGHEST SLP 30.21 ON 15
DPTR FM NORMAL   233    LOWEST  SLP 29.75 ON 26

[REMARKS]
#FINAL-07-12#
