000
CXUS55 KJKL 011259
CF6JKL
PRELIMINARY LOCAL CLIMATOLOGICAL DATA (WS FORM: F-6)

                                          STATION:   JACKSON KY
                                          MONTH:     FEBRUARY
                                          YEAR:      2016
                                          LATITUDE:   37 35 N
                                          LONGITUDE:  83 19 W

  TEMPERATURE IN F:       :PCPN:    SNOW:  WIND      :SUNSHINE: SKY     :PK WND
================================================================================
1   2   3   4   5  6A  6B    7    8   9   10  11  12  13   14  15   16   17  18
                                     12Z  AVG MX 2MIN
DY MAX MIN AVG DEP HDD CDD  WTR  SNW DPTH SPD SPD DIR MIN PSBL S-S WX    SPD DR
================================================================================

 1  61  42  52  16  13   0 0.69  0.0    0  2.8 14 300   M    M   9 1      22 310
 2  74  42  58  22   7   0    T  0.0    0  5.2 15 190   M    M   6 1      26 170
 3  65  39  52  16  13   0 1.17  0.0    0  6.4 16 280   M    M   6 1      27 280
 4  39  30  35  -1  30   0 0.00  0.0    0  4.6 10 310   M    M  10        15 280
 5  43  23  33  -4  32   0 0.00  0.0    0  2.4  9 320   M    M   1        15 310
 6  51  28  40   3  25   0 0.00  0.0    0  3.7 12 290   M    M   1        16 310
 7  54  30  42   5  23   0 0.00  0.0    0  3.6 10 260   M    M   0        15 250
 8  45  26  36  -1  29   0 0.19  0.8    0  6.2 20 260   M    M   8 1      33 280
 9  26  19  23 -14  42   0 0.02  0.6    T  6.9 15 290   M    M  10 1      20 270
10  20  13  17 -21  48   0    T  0.5    1  6.2 16 270   M    M   9        25 270
11  31  15  23 -15  42   0    T    T    1  2.2  8 280   M    M   5        12 330
12  33  20  27 -11  38   0    T  0.1    T  4.8 20 300   M    M   9        30 300
13  24  13  19 -19  46   0 0.01  0.3    T  5.4 20 300   M    M   2        27 280
14  23  12  18 -20  47   0 0.29  3.2    0  3.3  7  90   M    M   8 12     12  90
15  39  23  31  -8  34   0 1.71  0.2    3  3.4  9  30   M    M  10 126    14  10
16  37  32  35  -4  30   0 0.64  1.7    2  1.5  9  20   M    M  10 12     14 360
17  34  32  33  -6  32   0 0.01    T    T  2.8 10 330   M    M  10 12     14 320
18  47  32  40   0  25   0 0.00  0.0    0  2.4  8 120   M    M   6 12     12 120
19  68  40  54  14  11   0 0.00  0.0    0  8.2 17 240   M    M   3        33 240
20  70  55  63  23   2   0 0.01  0.0    0  5.0 13 230   M    M   8        21 240
21  59  48  54  14  11   0 0.67  0.0    0  3.1 10 200   M    M  10 123    17 190
22  48  38  43   3  22   0 0.00  0.0    0  3.5  8  60   M    M   7 1      14  40
23  58  41  50   9  15   0 0.18  0.0    0  4.0 10  70   M    M   9 1      20  90
24  62  33  48   7  17   0 0.40    T    0  8.3 20 240   M    M   8 1      42 250
25  36  32  34  -7  31   0 0.16  0.7    T  8.5 17 260   M    M  10 1      30 290
26  39  30  35  -7  30   0 0.02  0.1    T  4.9 14 310   M    M   9 4      20 320
27  53  30  42   0  23   0 0.00  0.0    0  4.2 10 240   M    M   4        17 250
28  69  41  55  13  10   0 0.00  0.0    0  6.5 15 180   M    M   0        27 250
29  61  41  51   9  14   0 0.10  0.0    0  7.3 23 290   M    M   5 1      40 280
================================================================================
SM 1369  900       742   0  6.27     8.2 137.3          M      193
================================================================================
AV 47.2 31.0                               4.7 FASTST   M    M   7    MAX(MPH)
                                 MISC ---->  # 23 290               # 42  250
================================================================================
NOTES:
# LAST OF SEVERAL OCCURRENCES

COLUMN 17 PEAK WIND IN M.P.H.

PRELIMINARY LOCAL CLIMATOLOGICAL DATA (WS FORM: F-6) , PAGE 2

                                          STATION:  JACKSON KY
                                          MONTH:    FEBRUARY
                                          YEAR:     2016
                                          LATITUDE:   37 35 N
                                          LONGITUDE:  83 19 W

[TEMPERATURE DATA]      [PRECIPITATION DATA]       SYMBOLS USED IN COLUMN 16

AVERAGE MONTHLY: 39.1   TOTAL FOR MONTH:   6.27    1 = FOG OR MIST
DPTR FM NORMAL:   0.3   DPTR FM NORMAL:    2.52    2 = FOG REDUCING VISIBILITY
HIGHEST:    74 ON  2    GRTST 24HR  2.28 ON 15-16      TO 1/4 MILE OR LESS
LOWEST:     12 ON 14                               3 = THUNDER
                        SNOW, ICE PELLETS, HAIL    4 = ICE PELLETS
                        TOTAL MONTH:   8.2 INCHES  5 = HAIL
                        GRTST 24HR   3.2 ON   M    6 = FREEZING RAIN OR DRIZZLE
                        GRTST DEPTH:   3 ON 15     7 = DUSTSTORM OR SANDSTORM:
                                                       VSBY 1/2 MILE OR LESS
                                                   8 = SMOKE OR HAZE
[NO. OF DAYS WITH]      [WEATHER - DAYS WITH]      9 = BLOWING SNOW
                                                   X = TORNADO
MAX 32 OR BELOW:   5    0.01 INCH OR MORE:  16
MAX 90 OR ABOVE:   0    0.10 INCH OR MORE:  11
MIN 32 OR BELOW:  18    0.50 INCH OR MORE:   5
MIN  0 OR BELOW:   0    1.00 INCH OR MORE:   2

[HDD (BASE 65) ]
TOTAL THIS MO.   742    CLEAR  (SCALE 0-3)   6
DPTR FM NORMAL     8    PTCLDY (SCALE 4-7)   9
TOTAL FM JUL 1  2754    CLOUDY (SCALE 8-10) 14
DPTR FM NORMAL  -569

[CDD (BASE 65) ]
TOTAL THIS MO.     0
DPTR FM NORMAL     0    [PRESSURE DATA]
TOTAL FM JAN 1     0    HIGHEST SLP 30.53 ON 18
DPTR FM NORMAL     0    LOWEST  SLP 29.22 ON 24

[REMARKS]
#FINAL-02-16#
