000
CXUS55 KJKL 011310
CF6JKL
PRELIMINARY LOCAL CLIMATOLOGICAL DATA (WS FORM: F-6)
STATION: JACKSON KY
MONTH: SEPTEMBER
YEAR: 2021
LATITUDE: 37 35 N
LONGITUDE: 83 19 W
TEMPERATURE IN F: :PCPN: SNOW: WIND :SUNSHINE: SKY :PK WND
================================================================================
1 2 3 4 5 6A 6B 7 8 9 10 11 12 13 14 15 16 17 18
12Z AVG MX 2MIN
DY MAX MIN AVG DEP HDD CDD WTR SNW DPTH SPD SPD DIR MIN PSBL S-S WX SPD DR
================================================================================
1 76 66 71 -2 0 6 0.21 0.0 0 3.2 13 330 M M 7 12 20 320
2 76 60 68 -5 0 3 0.00 0.0 0 0.3 6 90 M M 1 1 17 80
3 79 57 68 -5 0 3 0.00 0.0 0 0.1 6 100 M M 0 9 110
4 83 64 74 2 0 9 0.00 0.0 0 1.9 6 210 M M 2 12 210
5 74 64 69 -3 0 4 0.08 0.0 0 1.2 7 320 M M 8 12 14 200
6 80 63 72 0 0 7 0.00 0.0 0 0.1 7 310 M M 4 12 9 290
7 84 59 72 0 0 7 0.00 0.0 0 1.6 7 170 M M 0 12 170
8 82 65 74 3 0 9 0.14 0.0 0 2.7 13 330 M M 5 12 20 10
9 76 60 68 -3 0 3 0.00 0.0 0 2.1 12 320 M M 6 1 19 270
10 77 55 66 -5 0 1 0.00 0.0 0 0.9 6 360 M M 1 1 11 340
11 80 58 69 -2 0 4 0.00 0.0 0 3.0 10 170 M M 0 18 160
12 83 65 74 4 0 9 0.00 0.0 0 2.7 9 170 M M 0 17 260
13 85 67 76 6 0 11 0.00 0.0 0 2.1 7 160 M M 1 11 220
14 86 67 77 7 0 12 0.00 0.0 0 1.5 7 160 M M 1 12 200
15 75 63 69 0 0 4 0.77 0.0 0 1.8 16 330 M M 7 123 27 320
16 81 63 72 3 0 7 0.00 0.0 0 0.1 5 140 M M 7 12 8 110
17 85 65 75 6 0 10 0.00 0.0 0 0.9 6 300 M M 1 1 10 320
18 85 67 76 8 0 11 0.00 0.0 0 0.5 6 130 M M 2 12 9 110
19 86 68 77 9 0 12 0.13 0.0 0 0.9 10 170 M M 3 13 21 170
20 81 68 75 7 0 10 0.02 0.0 0 2.1 8 130 M M 6 1 13 180
21 76 67 72 5 0 7 0.13 0.0 0 1.1 7 150 M M 10 1 12 160
22 71 53 62 -5 3 0 0.89 0.0 0 3.7 17 300 M M 9 12 29 310
23 67 52 60 -7 5 0 0.01 0.0 0 2.0 10 290 M M 6 1 18 280
24 71 47 59 -7 6 0 0.00 0.0 0 1.5 7 300 M M 0 11 310
25 70 49 60 -6 5 0 0.01 0.0 0 1.7 9 290 M M 2 1 17 260
26 73 47 60 -6 5 0 0.00 0.0 0 1.5 7 310 M M 1 128 14 310
27 80 53 67 2 0 2 0.00 0.0 0 3.2 10 170 M M 0 17 180
28 81 63 72 7 0 7 0.00 0.0 0 1.6 8 240 M M 0 17 250
29 83 62 73 8 0 8 0.00 0.0 0 0.6 7 310 M M 0 18 12 300
30 78 60 69 5 0 4 0.00 0.0 0 0.6 5 110 M M 0 18 11 50
================================================================================
SM 2364 1817 24 170 2.39 0.0 47.2 M 90
================================================================================
AV 78.8 60.6 1.6 FASTST M M 3 MAX(MPH)
MISC ----> 17 300 29 310
================================================================================
NOTES:
# LAST OF SEVERAL OCCURRENCES
COLUMN 17 PEAK WIND IN M.P.H.
PRELIMINARY LOCAL CLIMATOLOGICAL DATA (WS FORM: F-6) , PAGE 2
STATION: JACKSON KY
MONTH: SEPTEMBER
YEAR: 2021
LATITUDE: 37 35 N
LONGITUDE: 83 19 W
[TEMPERATURE DATA] [PRECIPITATION DATA] SYMBOLS USED IN COLUMN 16
AVERAGE MONTHLY: 69.7 TOTAL FOR MONTH: 2.39 1 = FOG OR MIST
DPTR FM NORMAL: 0.6 DPTR FM NORMAL: -1.03 2 = FOG REDUCING VISIBILITY
HIGHEST: 86 ON 19,14 GRTST 24HR 0.90 ON 22-23 TO 1/4 MILE OR LESS
LOWEST: 47 ON 26,24 3 = THUNDER
SNOW, ICE PELLETS, HAIL 4 = ICE PELLETS
TOTAL MONTH: 0.0 INCH 5 = HAIL
GRTST 24HR 0.0 6 = FREEZING RAIN OR DRIZZLE
GRTST DEPTH: 0 7 = DUSTSTORM OR SANDSTORM:
VSBY 1/2 MILE OR LESS
8 = SMOKE OR HAZE
[NO. OF DAYS WITH] [WEATHER - DAYS WITH] 9 = BLOWING SNOW
X = TORNADO
MAX 32 OR BELOW: 0 0.01 INCH OR MORE: 10
MAX 90 OR ABOVE: 0 0.10 INCH OR MORE: 6
MIN 32 OR BELOW: 0 0.50 INCH OR MORE: 2
MIN 0 OR BELOW: 0 1.00 INCH OR MORE: 0
[HDD (BASE 65) ]
TOTAL THIS MO. 24 CLEAR (SCALE 0-3) 19
DPTR FM NORMAL -15 PTCLDY (SCALE 4-7) 8
TOTAL FM JUL 1 24 CLOUDY (SCALE 8-10) 3
DPTR FM NORMAL -16
[CDD (BASE 65) ]
TOTAL THIS MO. 170
DPTR FM NORMAL 9 [PRESSURE DATA]
TOTAL FM JAN 1 1292 HIGHEST SLP 30.26 ON 12
DPTR FM NORMAL 97 LOWEST SLP 29.55 ON 1
[REMARKS]
#FINAL-09-21#