000
CXUS55 KJKL 011310
CF6JKL
PRELIMINARY LOCAL CLIMATOLOGICAL DATA (WS FORM: F-6)
STATION: JACKSON KY
MONTH: AUGUST
YEAR: 2021
LATITUDE: 37 35 N
LONGITUDE: 83 19 W
TEMPERATURE IN F: :PCPN: SNOW: WIND :SUNSHINE: SKY :PK WND
================================================================================
1 2 3 4 5 6A 6B 7 8 9 10 11 12 13 14 15 16 17 18
12Z AVG MX 2MIN
DY MAX MIN AVG DEP HDD CDD WTR SNW DPTH SPD SPD DIR MIN PSBL S-S WX SPD DR
================================================================================
1 80 66 73 -3 0 8 0.00 0.0 0 2.6 10 330 M M 7 18 20 340
2 81 63 72 -4 0 7 0.00 0.0 0 0.5 6 320 M M 2 18 11 70
3 82 63 73 -3 0 8 0.00 0.0 0 0.3 6 330 M M 5 11 50
4 80 64 72 -4 0 7 T 0.0 0 0.4 6 130 M M 6 123 11 150
5 85 64 75 -1 0 10 0.00 0.0 0 1.4 6 290 M M 2 11 190
6 84 67 76 0 0 11 0.00 0.0 0 1.8 6 300 M M 1 11 170
7 82 70 76 0 0 11 0.00 0.0 0 1.9 9 310 M M 3 123 15 310
8 88 67 78 3 0 13 0.00 0.0 0 1.0 8 170 M M 0 12 150
9 85 69 77 2 0 12 1.10 0.0 0 2.7 15 180 M M 2 123 31 230
10 89 69 79 4 0 14 0.02 0.0 0 2.5 9 230 M M 2 3 28 260
11 91 74 83 8 0 18 0.00 0.0 0 1.9 8 260 M M 2 17 280
12 91 74 83 8 0 18 0.00 0.0 0 1.7 8 160 M M 0 14 160
13 90 74 82 7 0 17 T 0.0 0 1.9 9 320 M M 2 15 300
14 85 69 77 2 0 12 0.44 0.0 0 0.2 10 160 M M 3 13 21 220
15 83 69 76 1 0 11 0.94 0.0 0 0.4 6 160 M M 8 123 9 130
16 81 70 76 1 0 11 2.02 0.0 0 1.3 8 170 M M 7 12 13 140
17 74 70 72 -3 0 7 1.65 0.0 0 1.5 10 320 M M 7 1 17 320
18 85 69 77 2 0 12 0.49 0.0 0 2.3 13 330 M M 6 1 19 290
19 76 69 73 -2 0 8 1.42 0.0 0 0.6 12 330 M M 8 12 19 320
20 84 67 76 1 0 11 0.00 0.0 0 0.1 6 130 M M 6 128 10 120
21 87 65 76 1 0 11 0.00 0.0 0 0.3 6 130 M M 0 12 10 110
22 88 68 78 3 0 13 0.00 0.0 0 0.2 5 80 M M 0 1 8 90
23 88 67 78 4 0 13 0.00 0.0 0 0.4 7 310 M M 2 12 11 310
24 91 71 81 7 0 16 0.00 0.0 0 0.1 6 150 M M 1 1 8 190
25 92 72 82 8 0 17 T 0.0 0 0.3 8 320 M M 1 123 16 340
26 90 70 80 6 0 15 0.00 0.0 0 0.4 6 130 M M 0 1 9 130
27 88 71 80 6 0 15 0.00 0.0 0 1.0 8 280 M M 1 123 16 280
28 91 69 80 6 0 15 0.00 0.0 0 0.7 6 200 M M 1 1 9 200
29 89 71 80 6 0 15 0.02 0.0 0 0.5 8 310 M M 3 12 12 310
30 81 69 75 1 0 10 0.14 0.0 0 1.0 7 180 M M 5 123 13 170
31 72 69 71 -2 0 6 0.54 0.0 0 1.1 7 70 M M 10 12 22 50
================================================================================
SM 2633 2129 0 372 8.78 0.0 33.0 M 103
================================================================================
AV 84.9 68.7 1.1 FASTST M M 3 MAX(MPH)
MISC ----> 15 180 31 230
================================================================================
NOTES:
# LAST OF SEVERAL OCCURRENCES
COLUMN 17 PEAK WIND IN M.P.H.
PRELIMINARY LOCAL CLIMATOLOGICAL DATA (WS FORM: F-6) , PAGE 2
STATION: JACKSON KY
MONTH: AUGUST
YEAR: 2021
LATITUDE: 37 35 N
LONGITUDE: 83 19 W
[TEMPERATURE DATA] [PRECIPITATION DATA] SYMBOLS USED IN COLUMN 16
AVERAGE MONTHLY: 76.8 TOTAL FOR MONTH: 8.78 1 = FOG OR MIST
DPTR FM NORMAL: 1.9 DPTR FM NORMAL: 4.52 2 = FOG REDUCING VISIBILITY
HIGHEST: 92 ON 25 GRTST 24HR 2.92 ON 15-16 TO 1/4 MILE OR LESS
LOWEST: 63 ON 3, 2 3 = THUNDER
SNOW, ICE PELLETS, HAIL 4 = ICE PELLETS
TOTAL MONTH: 0.0 INCH 5 = HAIL
GRTST 24HR 0.0 6 = FREEZING RAIN OR DRIZZLE
GRTST DEPTH: 0 7 = DUSTSTORM OR SANDSTORM:
VSBY 1/2 MILE OR LESS
8 = SMOKE OR HAZE
[NO. OF DAYS WITH] [WEATHER - DAYS WITH] 9 = BLOWING SNOW
X = TORNADO
MAX 32 OR BELOW: 0 0.01 INCH OR MORE: 11
MAX 90 OR ABOVE: 7 0.10 INCH OR MORE: 9
MIN 32 OR BELOW: 0 0.50 INCH OR MORE: 6
MIN 0 OR BELOW: 0 1.00 INCH OR MORE: 4
[HDD (BASE 65) ]
TOTAL THIS MO. 0 CLEAR (SCALE 0-3) 20
DPTR FM NORMAL -1 PTCLDY (SCALE 4-7) 9
TOTAL FM JUL 1 0 CLOUDY (SCALE 8-10) 2
DPTR FM NORMAL 0
[CDD (BASE 65) ]
TOTAL THIS MO. 372
DPTR FM NORMAL 66 [PRESSURE DATA]
TOTAL FM JAN 1 1122 HIGHEST SLP 30.22 ON 28
DPTR FM NORMAL 88 LOWEST SLP 29.59 ON 31
[REMARKS]
#FINAL-08-21#