000
CXUS55 KJKL 281313
CF6JKL

PRELIMINARY LOCAL CLIMATOLOGICAL DATA (WS FORM: F-6)

                                          STATION:   JACKSON KY
                                          MONTH:     JULY
                                          YEAR:      2011
                                          LATITUDE:   37 35 N
                                          LONGITUDE:  83 19 W

  TEMPERATURE IN F:       :PCPN:    SNOW:  WIND      :SUNSHINE: SKY     :PK WND
================================================================================
1   2   3   4   5  6A  6B    7    8   9   10  11  12  13   14  15   16   17  18
                                     12Z  AVG MX 2MIN
DY MAX MIN AVG DEP HDD CDD  WTR  SNW DPTH SPD SPD DIR MIN PSBL S-S WX    SPD DR
================================================================================

 1  85  63  74  -1   0   9 0.00  0.0    0  0.3  5 290   M    M   0         8 330
 2  83  64  74  -1   0   9 0.00  0.0    0  0.1  6 320   M    M   0 18      9 330
 3  88  69  79   4   0  14 0.00  0.0    0  1.0 15 320   M    M   1 1238   31 330
 4  80  69  75   0   0  10 0.04  0.0    0  0.6 16 330   M    M   4 123    31 330
 5  84  67  76   1   0  11 0.00  0.0    0  0.3  7 130   M    M   5 12     10 120
 6  88  67  78   3   0  13 0.00  0.0    0  1.0  8 300   M    M   1 13     13 270
 7  89  67  78   3   0  13 0.00  0.0    0  0.6  5 130   M    M   1 12      8 220
 8  81  65  73  -2   0   8 1.82  0.0    0  0.5 10 270   M    M   7 123    16 250
 9  83  65  74  -2   0   9 0.00  0.0    0  0.8  8 140   M    M   6 12     13 140
10  90  68  79   3   0  14 0.00  0.0    0  0.7  8 260   M    M   1 18     10 260
11  91  72  82   6   0  17 0.00  0.0    0  2.3 12 100   M    M   1 1      20  80
12  89  68  79   3   0  14 1.47  0.0    0  2.8 15 330   M    M   3 13     29 320
13  86  68  77   1   0  12    T  0.0    0  1.4  6 350   M    M   3 12     12  20
14  83  65  74  -2   0   9 0.00  0.0    0  0.1  6 100   M    M   1        13  50
15  73  67  70  -6   0   5 1.73  0.0    0  0.6  7 140   M    M   9 123    10 130
16  79  66  73  -3   0   8    T  0.0    0  1.0  8 140   M    M   7 1      13 170
17  80  68  74  -2   0   9 0.18  0.0    0  0.3  5 160   M    M   7 1       9 170
18  88  68  78   2   0  13 0.00  0.0    0  0.8  6 250   M    M   3 18     10 270
19  85  70  78   3   0  13 0.17  0.0    0  1.7 12 310   M    M   5 1238   17 300
20  90  69  80   5   0  15 0.00  0.0    0  0.2  4 270   M    M   4 1       M  M
21  82  74  78   3   0  13 0.01  0.0    0  0.8  7 190   M    M   2 138    16 100
22  90  70  80   5   0  15 0.21  0.0    0  1.1  9 160   M    M   4 13     15 180
23  91  72  82   7   0  17 0.00  0.0    0  0.8  6 290   M    M   2 1      10 270
24  90  73  82   7   0  17 0.14  0.0    0  1.0  8 340   M    M   3 13     13 340
25  87  71  79   4   0  14    T  0.0    0  1.1  7 310   M    M   5 1238   10 300
26  89  71  80   5   0  15 0.00  0.0    0  1.2  7 320   M    M   4 12      9 330
27  90  71  81   6   0  16 0.00  0.0    0  0.8  5 150   M    M   1 1       7 140
28  92  70  81   6   0  16 0.00  0.0    0  1.3  7 300   M    M   0 1      10 300
29  90  72  81   6   0  16 0.03  0.0    0  0.9  9 280   M    M   1 1      16 280
30  87  71  79   4   0  14 0.22  0.0    0  1.1  8 270   M    M   4 13     15 250
31  87  70  79   4   0  14 0.00  0.0    0  0.3  5  80   M    M   5 128     9  20
================================================================================
SM 2670 2130         0 392  6.02     0.0  27.5          M      100
================================================================================
AV 86.1 68.7                               0.9 FASTST   M    M   3    MAX(MPH)
                                 MISC ---->  # 16 330               # 31  330
================================================================================
NOTES:
# LAST OF SEVERAL OCCURRENCES

COLUMN 17 PEAK WIND IN M.P.H.

PRELIMINARY LOCAL CLIMATOLOGICAL DATA (WS FORM: F-6) , PAGE 2

                                          STATION:  JACKSON KY
                                          MONTH:    JULY
                                          YEAR:     2011
                                          LATITUDE:   37 35 N
                                          LONGITUDE:  83 19 W

[TEMPERATURE DATA]      [PRECIPITATION DATA]       SYMBOLS USED IN COLUMN 16

AVERAGE MONTHLY: 77.4   TOTAL FOR MONTH:   6.02    1 = FOG OR MIST
DPTR FM NORMAL:   2.0   DPTR FM NORMAL:    1.37    2 = FOG REDUCING VISIBILITY
HIGHEST:    92 ON 28    GRTST 24HR  1.82 ON  7- 8      TO 1/4 MILE OR LESS
LOWEST:     63 ON  1                               3 = THUNDER
                        SNOW, ICE PELLETS, HAIL    4 = ICE PELLETS
                        TOTAL MONTH:   0.0 INCH    5 = HAIL
                        GRTST 24HR     0.0         6 = FREEZING RAIN OR DRIZZLE
                        GRTST DEPTH:   0           7 = DUSTSTORM OR SANDSTORM:
                                                       VSBY 1/2 MILE OR LESS
                                                   8 = SMOKE OR HAZE
[NO. OF DAYS WITH]      [WEATHER - DAYS WITH]      9 = BLOWING SNOW
                                                   X = TORNADO
MAX 32 OR BELOW:   0    0.01 INCH OR MORE:  11
MAX 90 OR ABOVE:   9    0.10 INCH OR MORE:   8
MIN 32 OR BELOW:   0    0.50 INCH OR MORE:   3
MIN  0 OR BELOW:   0    1.00 INCH OR MORE:   3

[HDD (BASE 65) ]
TOTAL THIS MO.     0    CLEAR  (SCALE 0-3)  17
DPTR FM NORMAL     0    PTCLDY (SCALE 4-7)  13
TOTAL FM JUL 1     0    CLOUDY (SCALE 8-10)  1
DPTR FM NORMAL     0

[CDD (BASE 65) ]
TOTAL THIS MO.   392
DPTR FM NORMAL    71    [PRESSURE DATA]
TOTAL FM JAN 1   826    HIGHEST SLP 30.12 ON 31
DPTR FM NORMAL   146    LOWEST  SLP 29.83 ON 25

[REMARKS]
ESTIMATED MAX SLP 30.21 ON 17TH...MIN SLP 29.76 ON 8TH.
#FINAL-07-11#
