000
CXUS55 KJKL 010900
CF6JKL
PRELIMINARY LOCAL CLIMATOLOGICAL DATA (WS FORM: F-6)
STATION: JACKSON KY
MONTH: MAY
YEAR: 2021
LATITUDE: 37 35 N
LONGITUDE: 83 19 W
TEMPERATURE IN F: :PCPN: SNOW: WIND :SUNSHINE: SKY :PK WND
================================================================================
1 2 3 4 5 6A 6B 7 8 9 10 11 12 13 14 15 16 17 18
12Z AVG MX 2MIN
DY MAX MIN AVG DEP HDD CDD WTR SNW DPTH SPD SPD DIR MIN PSBL S-S WX SPD DR
================================================================================
1 74 42 58 -5 7 0 0.00 0.0 0 2.7 9 310 M M 0 14 160
2 80 54 67 4 0 2 0.01 0.0 0 3.3 10 220 M M 3 23 190
3 76 61 69 6 0 4 0.11 0.0 0 4.5 14 250 M M 7 1 26 260
4 74 63 69 6 0 4 0.48 0.0 0 4.0 12 260 M M 3 13 22 270
5 65 50 58 -6 7 0 0.04 0.0 0 5.1 13 330 M M 8 1 23 280
6 64 43 54 -10 11 0 T 0.0 0 1.5 8 310 M M 2 14 290
7 63 47 55 -9 10 0 0.10 0.0 0 5.9 17 310 M M 7 1 35 250
8 64 45 55 -9 10 0 T 0.0 0 3.7 12 310 M M 6 21 320
9 74 49 62 -2 3 0 0.33 0.0 0 5.8 16 200 M M 7 1 40 200
10 59 42 51 -13 14 0 0.02 0.0 0 1.4 7 170 M M 8 1 14 360
11 68 45 57 -8 8 0 0.00 0.0 0 1.8 10 310 M M 4 17 330
12 65 47 56 -9 9 0 0.00 0.0 0 1.2 9 50 M M 3 19 30
13 69 43 56 -9 9 0 0.00 0.0 0 0.2 8 160 M M 2 17 80
14 72 50 61 -4 4 0 0.00 0.0 0 0.3 7 310 M M 5 12 310
15 74 48 61 -4 4 0 0.00 0.0 0 0.9 8 300 M M 0 14 330
16 65 55 60 -6 5 0 T 0.0 0 1.1 7 280 M M 10 11 250
17 73 56 65 -1 0 0 0.01 0.0 0 1.3 6 130 M M 6 10 80
18 77 60 69 3 0 4 0.36 0.0 0 1.7 8 140 M M 4 1 13 180
19 83 61 72 6 0 7 0.00 0.0 0 2.3 8 140 M M 0 16 80
20 85 62 74 8 0 9 0.00 0.0 0 2.4 8 140 M M 0 16 160
21 85 63 74 7 0 9 0.00 0.0 0 1.5 8 180 M M 0 13 140
22 86 62 74 7 0 9 0.00 0.0 0 0.7 7 350 M M 1 13 30
23 86 62 74 7 0 9 0.00 0.0 0 1.9 10 340 M M 1 19 340
24 87 65 76 9 0 11 0.00 0.0 0 0.6 5 160 M M 3 9 330
25 89 66 78 11 0 13 0.00 0.0 0 0.9 7 290 M M 1 18 12 320
26 87 65 76 8 0 11 T 0.0 0 3.5 18 310 M M 3 28 300
27 85 63 74 6 0 9 0.00 0.0 0 1.1 7 300 M M 3 12 10 300
28 72 57 65 -3 0 0 0.61 0.0 0 2.2 9 320 M M 9 12 19 360
29 57 48 53 -15 12 0 0.14 0.0 0 3.4 10 330 M M 10 12 16 50
30 57 49 53 -16 12 0 0.03 0.0 0 0.5 7 320 M M 10 1 10 330
31 75 49 62 -7 3 0 0.00 0.0 0 2.3 7 150 M M 1 13 50
================================================================================
SM 2290 1672 128 101 2.24 0.0 69.7 M 127
================================================================================
AV 73.9 53.9 2.2 FASTST M M 4 MAX(MPH)
MISC ----> 18 310 40 200
================================================================================
NOTES:
# LAST OF SEVERAL OCCURRENCES
COLUMN 17 PEAK WIND IN M.P.H.
PRELIMINARY LOCAL CLIMATOLOGICAL DATA (WS FORM: F-6) , PAGE 2
STATION: JACKSON KY
MONTH: MAY
YEAR: 2021
LATITUDE: 37 35 N
LONGITUDE: 83 19 W
[TEMPERATURE DATA] [PRECIPITATION DATA] SYMBOLS USED IN COLUMN 16
AVERAGE MONTHLY: 63.9 TOTAL FOR MONTH: 2.24 1 = FOG OR MIST
DPTR FM NORMAL: -1.7 DPTR FM NORMAL: -2.93 2 = FOG REDUCING VISIBILITY
HIGHEST: 89 ON 25 GRTST 24HR 0.67 ON 28-29 TO 1/4 MILE OR LESS
LOWEST: 42 ON 10, 1 3 = THUNDER
SNOW, ICE PELLETS, HAIL 4 = ICE PELLETS
TOTAL MONTH: 0.0 INCH 5 = HAIL
GRTST 24HR 0.0 6 = FREEZING RAIN OR DRIZZLE
GRTST DEPTH: 0 7 = DUSTSTORM OR SANDSTORM:
VSBY 1/2 MILE OR LESS
8 = SMOKE OR HAZE
[NO. OF DAYS WITH] [WEATHER - DAYS WITH] 9 = BLOWING SNOW
X = TORNADO
MAX 32 OR BELOW: 0 0.01 INCH OR MORE: 12
MAX 90 OR ABOVE: 0 0.10 INCH OR MORE: 7
MIN 32 OR BELOW: 0 0.50 INCH OR MORE: 1
MIN 0 OR BELOW: 0 1.00 INCH OR MORE: 0
[HDD (BASE 65) ]
TOTAL THIS MO. 128 CLEAR (SCALE 0-3) 13
DPTR FM NORMAL 39 PTCLDY (SCALE 4-7) 13
TOTAL FM JUL 1 3869 CLOUDY (SCALE 8-10) 5
DPTR FM NORMAL -190
[CDD (BASE 65) ]
TOTAL THIS MO. 101
DPTR FM NORMAL -8 [PRESSURE DATA]
TOTAL FM JAN 1 136 HIGHEST SLP 30.47 ON 21
DPTR FM NORMAL -23 LOWEST SLP 29.65 ON 3
[REMARKS]
#FINAL-05-21#