000
CXUS55 KJKL 071649
CF6JKL
PRELIMINARY LOCAL CLIMATOLOGICAL DATA (WS FORM: F-6)

                                          STATION:   JACKSON KY
                                          MONTH:     JUNE
                                          YEAR:      2011
                                          LATITUDE:   37 35 N
                                          LONGITUDE:  83 19 W

  TEMPERATURE IN F:       :PCPN:    SNOW:  WIND      :SUNSHINE: SKY     :PK WND
================================================================================
1   2   3   4   5  6A  6B    7    8   9   10  11  12  13   14  15   16   17  18
                                     12Z  AVG MX 2MIN
DY MAX MIN AVG DEP HDD CDD  WTR  SNW DPTH SPD SPD DIR MIN PSBL S-S WX    SPD DR
================================================================================

 1  88  72  80  12   0  15 0.00  0.0    0  2.3  9 320   M    M   1 1      13 340
 2  82  64  73   4   0   8 0.00  0.0    0  0.6  7 110   M    M   0        12 100
 3  81  64  73   4   0   8 0.00  0.0    0  0.9  6  70   M    M   0        13  80
 4  88  63  76   7   0  11 0.00  0.0    0  0.6  6 270   M    M   0        10 290
 5  86  66  76   6   0  11 0.00  0.0    0  0.9  7 130   M    M   1 3      12 120
 6  87  68  78   8   0  13 0.00  0.0    0  0.9  6 310   M    M   1 1       8 300
 7  89  66  78   8   0  13 0.00  0.0    0  0.8  8 290   M    M   0 13     20  70
 8  92  69  81  11   0  16 0.01  0.0    0  1.1  7 310   M    M   1         9 320
 9  87  68  78   7   0  13 0.52  0.0    0  1.2 17 140   M    M   2 13     26 130
10  89  65  77   6   0  12 0.86    T    0  1.0 36 310   M    M   1 135    48 310
11  85  66  76   5   0  11 0.07  0.0    0  1.7 14 290   M    M   1 13     24 290
12  83  64  74   3   0   9    T  0.0    0  2.0 13 320   M    M   4 13     20 320
13  75  58  67  -5   0   2 0.00  0.0    0  0.9  8 330   M    M   1        13 320
14  76  55  66  -6   0   1 0.00  0.0    0  0.9  7 320   M    M   0        10 240
15  69  57  63  -9   2   0 0.17  0.0    0  2.0 21 280   M    M   1 13     35 260
16  81  62  72   0   0   7 0.04  0.0    0  2.1  9 290   M    M   6 1      17 160
17  85  64  75   2   0  10    T  0.0    0  0.9  9 160   M    M   2        21 150
18  77  66  72  -1   0   7 0.37  0.0    0  2.1  9 180   M    M   5 13     18 170
19  78  64  71  -2   0   6 0.44  0.0    0  3.0 13 260   M    M   4 13     23 220
20  73  63  68  -5   0   3 2.33  0.0    0  3.1 15 300   M    M   5 123    24 310
21  88  67  78   4   0  13 0.43  0.0    0  1.7 22 260   M    M   2 13     40 260
22  82  66  74   0   0   9    T  0.0    0  3.5  9 170   M    M   5 1      21 150
23  83  67  75   1   0  10 0.06  0.0    0  2.9 12 220   M    M   6 3      24 280
24  79  62  71  -3   0   6 0.00  0.0    0  3.5 13 290   M    M   6        20 310
25  77  60  69  -5   0   4 0.00  0.0    0  2.1  9 300   M    M   4 1      13 300
26  74  63  69  -5   0   4 0.14  0.0    0  3.8 16 260   M    M   6 13     35 270
27  84  61  73  -1   0   8 0.02  0.0    0  0.8  9 170   M    M   5 123    20 160
28  82  66  74  -1   0   9 0.03  0.0    0  2.4  8 290   M    M   5 138    13 260
29  80  61  71  -4   0   6 0.00  0.0    0  1.2  8 310   M    M   0        14 320
30  82  58  70  -5   0   5 0.00  0.0    0  0.5  8 130   M    M   0        13 120
================================================================================
SM 2462 1915         2 250  5.49    T     51.4          M       75
================================================================================
AV 82.1 63.8                               1.7 FASTST   M    M   3    MAX(MPH)
                                 MISC ---->  # 36 310               # 48  310
================================================================================
NOTES:
# LAST OF SEVERAL OCCURRENCES

COLUMN 17 PEAK WIND IN M.P.H.

PRELIMINARY LOCAL CLIMATOLOGICAL DATA (WS FORM: F-6) , PAGE 2

                                          STATION:  JACKSON KY
                                          MONTH:    JUNE
                                          YEAR:     2011
                                          LATITUDE:   37 35 N
                                          LONGITUDE:  83 19 W

[TEMPERATURE DATA]      [PRECIPITATION DATA]       SYMBOLS USED IN COLUMN 16

AVERAGE MONTHLY: 72.9   TOTAL FOR MONTH:   5.49    1 = FOG OR MIST
DPTR FM NORMAL:   0.9   DPTR FM NORMAL:    0.79    2 = FOG REDUCING VISIBILITY
HIGHEST:    92 ON  8    GRTST 24HR  2.34 ON 19-20      TO 1/4 MILE OR LESS
LOWEST:     55 ON 14                               3 = THUNDER
                        SNOW, ICE PELLETS, HAIL    4 = ICE PELLETS
                        TOTAL MONTH:    T          5 = HAIL
                        GRTST 24HR    T  ON 10-10  6 = FREEZING RAIN OR DRIZZLE
                        GRTST DEPTH:   0           7 = DUSTSTORM OR SANDSTORM:
                                                       VSBY 1/2 MILE OR LESS
                                                   8 = SMOKE OR HAZE
[NO. OF DAYS WITH]      [WEATHER - DAYS WITH]      9 = BLOWING SNOW
                                                   X = TORNADO
MAX 32 OR BELOW:   0    0.01 INCH OR MORE:  14
MAX 90 OR ABOVE:   1    0.10 INCH OR MORE:   8
MIN 32 OR BELOW:   0    0.50 INCH OR MORE:   3
MIN  0 OR BELOW:   0    1.00 INCH OR MORE:   1

[HDD (BASE 65) ]
TOTAL THIS MO.     2    CLEAR  (SCALE 0-3)  18
DPTR FM NORMAL   -10    PTCLDY (SCALE 4-7)  12
TOTAL FM JUL 1  4399    CLOUDY (SCALE 8-10)  0
DPTR FM NORMAL   165

[CDD (BASE 65) ]
TOTAL THIS MO.   250
DPTR FM NORMAL    27    [PRESSURE DATA]
TOTAL FM JAN 1   434    HIGHEST SLP 30.24 ON  1
DPTR FM NORMAL    75    LOWEST  SLP 29.70 ON 23

[REMARKS]
#FINAL-06-11#
