000
CXUS55 KJKL 071649
CF6JKL
PRELIMINARY LOCAL CLIMATOLOGICAL DATA (WS FORM: F-6)

                                          STATION:   JACKSON KY
                                          MONTH:     MAY
                                          YEAR:      2011
                                          LATITUDE:   37 35 N
                                          LONGITUDE:  83 19 W

  TEMPERATURE IN F:       :PCPN:    SNOW:  WIND      :SUNSHINE: SKY     :PK WND
================================================================================
1   2   3   4   5  6A  6B    7    8   9   10  11  12  13   14  15   16   17  18
                                     12Z  AVG MX 2MIN
DY MAX MIN AVG DEP HDD CDD  WTR  SNW DPTH SPD SPD DIR MIN PSBL S-S WX    SPD DR
================================================================================

 1  74  55  65   3   0   0 0.60  0.0    0  2.6  8 150   M    M   4 13     13 160
 2  75  60  68   6   0   3    T  0.0    0  2.7 13 170   M    M   3        21 160
 3  68  43  56  -6   9   0 1.31  0.0    0  3.7 16 290   M    M   9 12     23 280
 4  52  41  47 -15  18   0    T  0.0    0  3.0 13 310   M    M   8 12     21 300
 5  62  34  48 -14  17   0 0.00  0.0    0  0.3  7 130   M    M   4 128    12 120
 6  65  45  55  -7  10   0    T  0.0    0  2.2 10 260   M    M   4        18 260
 7  66  46  56  -7   9   0 0.09  0.0    0  2.1  7 130   M    M   4 13     14 220
 8  75  53  64   1   1   0 0.46  0.0    0  0.3  6  50   M    M   6 128    12  70
 9  79  52  66   3   0   1 0.00  0.0    0  1.4  7 140   M    M   0 18     10  70
10  83  61  72   9   0   7    T  0.0    0  2.0  9 170   M    M   3 3      16  40
11  86  61  74  10   0   9    T  0.0    0  1.8  9 310   M    M   4        15  80
12  87  66  77  13   0  12 0.00  0.0    0  0.6  8 170   M    M   2        14 150
13  82  62  72   8   0   7 0.08  0.0    0  1.2  9 160   M    M   5 13     18 220
14  70  57  64   0   1   0 0.57  0.0    0  2.7 10 280   M    M   5 13     16 240
15  60  51  56  -8   9   0 0.04  0.0    0  3.4  9 240   M    M  10 1      17 240
16  51  45  48 -17  17   0 0.03  0.0    0  2.5  9 320   M    M   8 1      24  60
17  47  43  45 -20  20   0 0.78  0.0    0  2.6  8 300   M    M  10 12     30 300
18  53  46  50 -15  15   0 0.01  0.0    0  0.6  6 180   M    M  10 12     15 140
19  67  51  59  -6   6   0 0.07  0.0    0  0.1  5 250   M    M   8 12     13 300
20  77  50  64  -1   1   0 0.00  0.0    0  0.4  8 320   M    M   3 12     10 320
21  83  56  70   4   0   5    T  0.0    0  1.1  9 240   M    M   1 18     16 280
22  85  62  74   8   0   9 0.77  0.0    0  2.2 13 190   M    M   3 13     26 160
23  82  62  72   6   0   7 1.22    T    0  3.5 12 240   M    M   2 135    30 220
24  72  63  68   2   0   3 0.14  0.0    0  1.5 12 240   M    M   4 13     30 260
25  84  62  73   6   0   8 0.03  0.0    0  2.8 12 170   M    M   2 18     20 170
26  76  61  69   2   0   4 0.48  0.0    0  3.2 22 290   M    M   3 13     36 260
27  69  58  64  -3   1   0 0.01  0.0    0  1.6  8 290   M    M   8 1      10 310
28  80  54  67   0   0   2 0.00  0.0    0  0.8  8 160   M    M   4 12     13 150
29  89  65  77   9   0  12 0.00  0.0    0  2.0  8 160   M    M   0        15 180
30  89  68  79  11   0  14 0.00  0.0    0  0.5  7 300   M    M   0        10 300
31  90  71  81  13   0  16 0.00  0.0    0  1.5  9 320   M    M   0        14 310
================================================================================
SM 2278 1704       134 119  6.69    T     56.9          M      137
================================================================================
AV 73.5 55.0                               1.8 FASTST   M    M   4    MAX(MPH)
                                 MISC ---->  # 22 290               # 36  260
================================================================================
NOTES:
# LAST OF SEVERAL OCCURRENCES

COLUMN 17 PEAK WIND IN M.P.H.

PRELIMINARY LOCAL CLIMATOLOGICAL DATA (WS FORM: F-6) , PAGE 2

                                          STATION:  JACKSON KY
                                          MONTH:    MAY
                                          YEAR:     2011
                                          LATITUDE:   37 35 N
                                          LONGITUDE:  83 19 W

[TEMPERATURE DATA]      [PRECIPITATION DATA]       SYMBOLS USED IN COLUMN 16

AVERAGE MONTHLY: 64.2   TOTAL FOR MONTH:   6.69    1 = FOG OR MIST
DPTR FM NORMAL:  -0.4   DPTR FM NORMAL:    1.49    2 = FOG REDUCING VISIBILITY
HIGHEST:    90 ON 31    GRTST 24HR  1.31 ON  2- 3      TO 1/4 MILE OR LESS
LOWEST:     34 ON  5                               3 = THUNDER
                        SNOW, ICE PELLETS, HAIL    4 = ICE PELLETS
                        TOTAL MONTH:    T          5 = HAIL
                        GRTST 24HR    T  ON 23-23  6 = FREEZING RAIN OR DRIZZLE
                        GRTST DEPTH:   0           7 = DUSTSTORM OR SANDSTORM:
                                                       VSBY 1/2 MILE OR LESS
                                                   8 = SMOKE OR HAZE
[NO. OF DAYS WITH]      [WEATHER - DAYS WITH]      9 = BLOWING SNOW
                                                   X = TORNADO
MAX 32 OR BELOW:   0    0.01 INCH OR MORE:  17
MAX 90 OR ABOVE:   1    0.10 INCH OR MORE:   9
MIN 32 OR BELOW:   0    0.50 INCH OR MORE:   6
MIN  0 OR BELOW:   0    1.00 INCH OR MORE:   2

[HDD (BASE 65) ]
TOTAL THIS MO.   134    CLEAR  (SCALE 0-3)  11
DPTR FM NORMAL    33    PTCLDY (SCALE 4-7)  15
TOTAL FM JUL 1  4397    CLOUDY (SCALE 8-10)  5
DPTR FM NORMAL   175

[CDD (BASE 65) ]
TOTAL THIS MO.   119
DPTR FM NORMAL    29    [PRESSURE DATA]
TOTAL FM JAN 1   184    HIGHEST SLP 30.39 ON  5
DPTR FM NORMAL    48    LOWEST  SLP 29.58 ON 14

[REMARKS]
#FINAL-05-11#
