000
CXUS55 KJKL 011000
CF6JKL
PRELIMINARY LOCAL CLIMATOLOGICAL DATA (WS FORM: F-6)

                                          STATION:   JACKSON KY
                                          MONTH:     OCTOBER
                                          YEAR:      2017
                                          LATITUDE:   37 35 N
                                          LONGITUDE:  83 19 W

  TEMPERATURE IN F:       :PCPN:    SNOW:  WIND      :SUNSHINE: SKY     :PK WND
================================================================================
1   2   3   4   5  6A  6B    7    8   9   10  11  12  13   14  15   16   17  18
                                     12Z  AVG MX 2MIN
DY MAX MIN AVG DEP HDD CDD  WTR  SNW DPTH SPD SPD DIR MIN PSBL S-S WX    SPD DR
================================================================================

 1  74  47  61  -1   4   0 0.00  0.0    0  1.7  7 140   M    M   0        12  40
 2  72  50  61  -1   4   0 0.00  0.0    0  2.1  6 130   M    M   0         9 100
 3  80  52  66   4   0   1 0.00  0.0    0  2.1  7 140   M    M   0        10 140
 4  81  56  69   7   0   4 0.00  0.0    0  1.6  8 310   M    M   0        13 300
 5  81  56  69   8   0   4 0.00  0.0    0  0.7  8 300   M    M   0        13 300
 6  83  57  70   9   0   5 0.00  0.0    0  0.8  7 190   M    M   0        14 180
 7  85  63  74  13   0   9 0.01  0.0    0  3.2 10 170   M    M   2        21 180
 8  71  68  70  10   0   5 2.26  0.0    0  3.0  9 140   M    M   8 1      16  80
 9  82  68  75  15   0  10 0.12  0.0    0  1.4  7 240   M    M   5 1      20 270
10  81  64  73  13   0   8 0.40  0.0    0  1.1  7 350   M    M   3 12     14 360
11  83  59  71  12   0   6 0.01  0.0    0  3.6 13 300   M    M   6 1      23 300
12  69  56  63   4   2   0    T  0.0    0  0.6  6 310   M    M   6 1       9 310
13  81  52  67   8   0   2 0.00  0.0    0  0.9  6 320   M    M   0 1      12 250
14  82  58  70  12   0   5 0.00  0.0    0  0.6  7 170   M    M   2        13 200
15  79  51  65   7   0   0 0.37  0.0    0  3.1 21 310   M    M   5 13     39 320
16  61  46  54  -4  11   0 0.00  0.0    0  2.1 12 320   M    M   6        19 330
17  64  39  52  -6  13   0 0.00  0.0    0  1.0  7 150   M    M   0        12 140
18  71  42  57   0   8   0 0.00  0.0    0  0.7  7 160   M    M   0        12 180
19  71  44  58   1   7   0 0.00  0.0    0  1.2  9 170   M    M   0        14 190
20  74  49  62   5   3   0 0.00  0.0    0  0.5  8 140   M    M   0        14 130
21  76  52  64   7   1   0 0.00  0.0    0  1.9  6 130   M    M   0        10 110
22  77  52  65   9   0   0 0.00  0.0    0  2.2  9 140   M    M   0        16 140
23  68  50  59   3   6   0 1.45  0.0    0  5.2 15 250   M    M   7 12     27 240
24  60  44  52  -4  13   0    T  0.0    0  2.6 13 250   M    M   5 1      27 240
25  50  39  45 -11  20   0 0.00  0.0    0  2.0  9 310   M    M   7        15 330
26  62  34  48  -7  17   0 0.00  0.0    0  1.8  7 150   M    M   0        14 160
27  71  48  60   5   5   0    T  0.0    0  3.7 12 190   M    M   1        26 200
28  57  37  47  -8  18   0 0.63  0.0    0  2.6 13 300   M    M  10 12     20 300
29  37  33  35 -19  30   0 0.04    T    0  4.2 12 310   M    M  10 1      21 310
30  59  29  44 -10  21   0 0.00  0.0    0  2.6 12 250   M    M   4        25 200
31  57  39  48  -6  17   0 0.00  0.0    0  1.2  8 260   M    M   4        15 270
================================================================================
SM 2199 1534       200  59  5.29    T     62.0          M       91
================================================================================
AV 70.9 49.5                               2.0 FASTST   M    M   3    MAX(MPH)
                                 MISC ---->  # 21 310               # 39  320
================================================================================
NOTES:
# LAST OF SEVERAL OCCURRENCES

COLUMN 17 PEAK WIND IN M.P.H.

PRELIMINARY LOCAL CLIMATOLOGICAL DATA (WS FORM: F-6) , PAGE 2

                                          STATION:  JACKSON KY
                                          MONTH:    OCTOBER
                                          YEAR:     2017
                                          LATITUDE:   37 35 N
                                          LONGITUDE:  83 19 W

[TEMPERATURE DATA]      [PRECIPITATION DATA]       SYMBOLS USED IN COLUMN 16

AVERAGE MONTHLY: 60.2   TOTAL FOR MONTH:   5.29    1 = FOG OR MIST
DPTR FM NORMAL:   2.1   DPTR FM NORMAL:    2.10    2 = FOG REDUCING VISIBILITY
HIGHEST:    85 ON  7    GRTST 24HR  2.26 ON  8- 8      TO 1/4 MILE OR LESS
LOWEST:     29 ON 30                               3 = THUNDER
                        SNOW, ICE PELLETS, HAIL    4 = ICE PELLETS
                        TOTAL MONTH:    T          5 = HAIL
                        GRTST 24HR    T  ON 29-29  6 = FREEZING RAIN OR DRIZZLE
                        GRTST DEPTH:   0           7 = DUSTSTORM OR SANDSTORM:
                                                       VSBY 1/2 MILE OR LESS
                                                   8 = SMOKE OR HAZE
[NO. OF DAYS WITH]      [WEATHER - DAYS WITH]      9 = BLOWING SNOW
                                                   X = TORNADO
MAX 32 OR BELOW:   0    0.01 INCH OR MORE:   9
MAX 90 OR ABOVE:   0    0.10 INCH OR MORE:   6
MIN 32 OR BELOW:   1    0.50 INCH OR MORE:   3
MIN  0 OR BELOW:   0    1.00 INCH OR MORE:   2

[HDD (BASE 65) ]
TOTAL THIS MO.   200    CLEAR  (SCALE 0-3)  17
DPTR FM NORMAL   -45    PTCLDY (SCALE 4-7)  11
TOTAL FM JUL 1   234    CLOUDY (SCALE 8-10)  3
DPTR FM NORMAL   -63

[CDD (BASE 65) ]
TOTAL THIS MO.    59
DPTR FM NORMAL    30    [PRESSURE DATA]
TOTAL FM JAN 1  1195    HIGHEST SLP 30.50 ON  3
DPTR FM NORMAL    45    LOWEST  SLP 29.63 ON 23

[REMARKS]
#FINAL-10-17#
