000
CXUS55 KJKL 011142
CF6JKL

PRELIMINARY LOCAL CLIMATOLOGICAL DATA (WS FORM: F-6)

                                          STATION:   JACKSON KY
                                          MONTH:     SEPTEMBER
                                          YEAR:      2016
                                          LATITUDE:   37 35 N
                                          LONGITUDE:  83 19 W

  TEMPERATURE IN F:       :PCPN:    SNOW:  WIND      :SUNSHINE: SKY     :PK WND
================================================================================
1   2   3   4   5  6A  6B    7    8   9   10  11  12  13   14  15   16   17  18
                                     12Z  AVG MX 2MIN
DY MAX MIN AVG DEP HDD CDD  WTR  SNW DPTH SPD SPD DIR MIN PSBL S-S WX    SPD DR
================================================================================

 1  81  63  72  -1   0   7    T  0.0    0  0.1  6 350   M    M   4 1      11 330
 2  79  58  69  -3   0   4 0.00  0.0    0  0.7  7  90   M    M   0        15  50
 3  79  57  68  -4   0   3 0.00  0.0    0  0.5  7 100   M    M   1        10  70
 4  83  58  71  -1   0   6 0.00  0.0    0  0.4  6 310   M    M   0         8 280
 5  87  61  74   2   0   9 0.00  0.0    0  1.3  6 320   M    M   0        10 280
 6  89  65  77   6   0  12 0.00  0.0    0  0.4  8 310   M    M   0        12 300
 7  89  66  78   7   0  13 0.00  0.0    0  0.8  7 270   M    M   1        10 260
 8  90  68  79   8   0  14 0.00  0.0    0  1.5  7 260   M    M   0        14 230
 9  88  69  79   9   0  14 0.00  0.0    0  0.8  8 270   M    M   3        14 250
10  89  67  78   8   0  13 0.17  0.0    0  2.2 21 300   M    M   2 1      33 310
11  78  62  70   0   0   5    T  0.0    0  1.5  9 330   M    M   3        16 320
12  85  58  72   2   0   7 0.00  0.0    0  1.0  7 300   M    M   0        10 260
13  90  63  77   8   0  12 0.00  0.0    0  2.1  7 160   M    M   0        12 250
14  88  66  77   8   0  12 0.00  0.0    0  0.5  7 330   M    M   1        10 310
15  87  65  76   8   0  11 0.00  0.0    0  0.1  6 150   M    M   2 1       8 140
16  89  67  78  10   0  13 0.00  0.0    0  1.3  7 170   M    M   3        13 160
17  87  68  78  10   0  13 0.35  0.0    0  2.3  8 290   M    M   2 1      15 150
18  71  68  70   3   0   5 0.42  0.0    0  1.4  6 130   M    M  10 12      9 160
19  83  67  75   8   0  10 0.00  0.0    0  0.1  6 300   M    M   6 12     10 290
20  83  61  72   5   0   7 0.00  0.0    0  0.4  6  10   M    M   0 1      11  70
21  86  62  74   8   0   9 0.00  0.0    0  0.1  6  90   M    M   0        11 140
22  87  61  74   8   0   9 0.00  0.0    0  0.3  6 330   M    M   0         8  20
23  88  65  77  12   0  12 0.00  0.0    0  1.2  7 310   M    M   1        11 290
24  88  65  77  12   0  12 0.00  0.0    0  0.8  7 320   M    M   0        12 320
25  88  65  77  12   0  12 0.00  0.0    0  1.2  7 290   M    M   1 1      10 310
26  82  56  69   5   0   4 0.00  0.0    0  3.2 14 320   M    M   3        20 330
27  76  50  63  -1   2   0 0.00  0.0    0  1.0  7 150   M    M   2 12     11 240
28  80  50  65   1   0   0 0.35  0.0    0  3.2 13 330   M    M   3 1      23 320
29  59  53  56  -7   9   0 0.03  0.0    0  1.3  8 280   M    M  10 12     11 320
30  68  52  60  -3   5   0 0.00  0.0    0  0.9  7 280   M    M   6 12     11 300
================================================================================
SM 2497 1856        16 248  1.32     0.0  32.6          M       64
================================================================================
AV 83.2 61.9                               1.1 FASTST   M    M   2    MAX(MPH)
                                 MISC ---->  # 21 300               # 33  310
================================================================================
NOTES:
# LAST OF SEVERAL OCCURRENCES

COLUMN 17 PEAK WIND IN M.P.H.

PRELIMINARY LOCAL CLIMATOLOGICAL DATA (WS FORM: F-6) , PAGE 2

                                          STATION:  JACKSON KY
                                          MONTH:    SEPTEMBER
                                          YEAR:     2016
                                          LATITUDE:   37 35 N
                                          LONGITUDE:  83 19 W

[TEMPERATURE DATA]      [PRECIPITATION DATA]       SYMBOLS USED IN COLUMN 16

AVERAGE MONTHLY: 72.6   TOTAL FOR MONTH:   1.32    1 = FOG OR MIST
DPTR FM NORMAL:   4.5   DPTR FM NORMAL:   -2.14    2 = FOG REDUCING VISIBILITY
HIGHEST:    90 ON 13, 8 GRTST 24HR  0.75 ON 17-18      TO 1/4 MILE OR LESS
LOWEST:     50 ON 28,27                            3 = THUNDER
                        SNOW, ICE PELLETS, HAIL    4 = ICE PELLETS
                        TOTAL MONTH:   0.0 INCH    5 = HAIL
                        GRTST 24HR     0.0         6 = FREEZING RAIN OR DRIZZLE
                        GRTST DEPTH:   0           7 = DUSTSTORM OR SANDSTORM:
                                                       VSBY 1/2 MILE OR LESS
                                                   8 = SMOKE OR HAZE
[NO. OF DAYS WITH]      [WEATHER - DAYS WITH]      9 = BLOWING SNOW
                                                   X = TORNADO
MAX 32 OR BELOW:   0    0.01 INCH OR MORE:   5
MAX 90 OR ABOVE:   2    0.10 INCH OR MORE:   4
MIN 32 OR BELOW:   0    0.50 INCH OR MORE:   0
MIN  0 OR BELOW:   0    1.00 INCH OR MORE:   0

[HDD (BASE 65) ]
TOTAL THIS MO.    16    CLEAR  (SCALE 0-3)  23
DPTR FM NORMAL   -34    PTCLDY (SCALE 4-7)   5
TOTAL FM JUL 1    16    CLOUDY (SCALE 8-10)  2
DPTR FM NORMAL   -36

[CDD (BASE 65) ]
TOTAL THIS MO.   248
DPTR FM NORMAL   105    [PRESSURE DATA]
TOTAL FM JAN 1  1480    HIGHEST SLP 30.26 ON  5
DPTR FM NORMAL   359    LOWEST  SLP 29.81 ON 28

[REMARKS]
#FINAL-09-16#
