000
CXUS55 KJKL 071649
CF6JKL
PRELIMINARY LOCAL CLIMATOLOGICAL DATA (WS FORM: F-6)

                                          STATION:   JACKSON KY
                                          MONTH:     MARCH
                                          YEAR:      2011
                                          LATITUDE:   37 35 N
                                          LONGITUDE:  83 19 W

  TEMPERATURE IN F:       :PCPN:    SNOW:  WIND      :SUNSHINE: SKY     :PK WND
================================================================================
1   2   3   4   5  6A  6B    7    8   9   10  11  12  13   14  15   16   17  18
                                     12Z  AVG MX 2MIN
DY MAX MIN AVG DEP HDD CDD  WTR  SNW DPTH SPD SPD DIR MIN PSBL S-S WX    SPD DR
================================================================================

 1  53  29  41  -2  24   0 0.00  0.0    0  2.7  8  30   M    M   5        14  20
 2  59  34  47   4  18   0 0.00  0.0    0  4.8 10  50   M    M   0        18  30
 3  63  32  48   5  17   0 0.00  0.0    0  4.9 10  50   M    M   0        17  40
 4  69  48  59  15   6   0 0.00  0.0    0  5.3 15 190   M    M   2        25 180
 5  59  42  51   7  14   0 0.90  0.0    0  4.9 15 300   M    M   8 1      24 190
 6  42  30  36  -8  29   0 0.53  0.6    T  5.4 14 330   M    M  10 1      22 330
 7  42  30  36  -8  29   0    T    T    T  3.0  8  70   M    M   6        14  80
 8  60  32  46   1  19   0 0.03  0.0    0  2.7 12 110   M    M   3        18 130
 9  58  41  50   5  15   0 0.52  0.0    0  5.1 18 160   M    M  10 1      30 170
10  52  31  42  -3  23   0 0.92  0.5    0  7.0 17 260   M    M  10 1      23 270
11  48  30  39  -7  26   0 0.03  0.3    1  6.1 14 290   M    M   7 1      24 250
12  69  35  52   6  13   0 0.00  0.0    0  8.0 22 230   M    M   0        37 260
13  64  40  52   6  13   0 0.00  0.0    0  4.7 12 280   M    M   2        18 250
14  42  36  39  -8  26   0 0.24    T    T  5.6 10  70   M    M   9 1      20  40
15  62  42  52   5  13   0 0.23  0.0    0  4.7 15 290   M    M   8 1      22 250
16  48  41  45  -2  20   0    T  0.0    0  4.0 10 260   M    M   8 1      16 260
17  74  38  56   8   9   0 0.00  0.0    0  4.9 12 190   M    M   0        22 190
18  80  50  65  17   0   0 0.45  0.0    0  6.2 20 340   M    M   7 13     32 330
19  63  44  54   6  11   0 0.05  0.0    0  4.0 10  50   M    M   4 1      18  30
20  78  42  60  11   5   0 0.00  0.0    0  5.5 13 230   M    M   2        21 170
21  80  60  70  21   0   5 0.00  0.0    0  7.6 18 240   M    M   3        28 220
22  80  59  70  21   0   5 0.00  0.0    0  5.5 15 240   M    M   4        24 220
23  76  51  64  14   1   0 0.43  0.0    0  7.2 35 300   M    M   5 135    49 310
24  52  34  43  -7  22   0 0.02  0.0    0  6.4 15 250   M    M   9 1      23 250
25  39  33  36 -14  29   0    T    T    0  0.1  8 250   M    M  10        10 160
26  49  32  41 -10  24   0 0.07    T    0  3.8 10  20   M    M  10 16     20  50
27  38  29  34 -17  31   0 0.08  0.1    0  2.4 10  40   M    M   8 1468   20  40
28  51  30  41 -10  24   0    T  0.1    0  2.3  9 360   M    M   4 18     14 360
29  54  33  44  -8  21   0 0.02    T    0  2.5  9  40   M    M   6 4      18  60
30  40  34  37 -15  28   0 0.11  0.0    0  3.6 10 320   M    M  10 18     15 330
31  37  32  35 -17  30   0 0.11    T    0  1.1  6 330   M    M  10 18      9 330
================================================================================
SM 1781 1174       540  10  4.74     1.6 142.0          M      180
================================================================================
AV 57.5 37.9                               4.6 FASTST   M    M   6    MAX(MPH)
                                 MISC ---->  # 35 300               # 49  310
================================================================================
NOTES:
# LAST OF SEVERAL OCCURRENCES

COLUMN 17 PEAK WIND IN M.P.H.

PRELIMINARY LOCAL CLIMATOLOGICAL DATA (WS FORM: F-6) , PAGE 2

                                          STATION:  JACKSON KY
                                          MONTH:    MARCH
                                          YEAR:     2011
                                          LATITUDE:   37 35 N
                                          LONGITUDE:  83 19 W

[TEMPERATURE DATA]      [PRECIPITATION DATA]       SYMBOLS USED IN COLUMN 16

AVERAGE MONTHLY: 47.7   TOTAL FOR MONTH:   4.74    1 = FOG OR MIST
DPTR FM NORMAL:   0.3   DPTR FM NORMAL:    0.62    2 = FOG REDUCING VISIBILITY
HIGHEST:    80 ON 22,21 GRTST 24HR  0.92 ON 10-10      TO 1/4 MILE OR LESS
LOWEST:     29 ON 27, 1                            3 = THUNDER
                        SNOW, ICE PELLETS, HAIL    4 = ICE PELLETS
                        TOTAL MONTH:   1.6 INCHES  5 = HAIL
                        GRTST 24HR   0.6 ON   M    6 = FREEZING RAIN OR DRIZZLE
                        GRTST DEPTH:   1 ON 11     7 = DUSTSTORM OR SANDSTORM:
                                                       VSBY 1/2 MILE OR LESS
                                                   8 = SMOKE OR HAZE
[NO. OF DAYS WITH]      [WEATHER - DAYS WITH]      9 = BLOWING SNOW
                                                   X = TORNADO
MAX 32 OR BELOW:   0    0.01 INCH OR MORE:  17
MAX 90 OR ABOVE:   0    0.10 INCH OR MORE:  10
MIN 32 OR BELOW:  11    0.50 INCH OR MORE:   4
MIN  0 OR BELOW:   0    1.00 INCH OR MORE:   0

[HDD (BASE 65) ]
TOTAL THIS MO.   540    CLEAR  (SCALE 0-3)   9
DPTR FM NORMAL   -13    PTCLDY (SCALE 4-7)  12
TOTAL FM JUL 1  4078    CLOUDY (SCALE 8-10) 10
DPTR FM NORMAL   225

[CDD (BASE 65) ]
TOTAL THIS MO.    10
DPTR FM NORMAL     3    [PRESSURE DATA]
TOTAL FM JAN 1    10    HIGHEST SLP 30.43 ON  3
DPTR FM NORMAL     3    LOWEST  SLP 29.46 ON 23

[REMARKS]
#FINAL-03-11#
