000
CXUS55 KJKL 071648
CF6JKL
PRELIMINARY LOCAL CLIMATOLOGICAL DATA (WS FORM: F-6)

                                          STATION:   JACKSON KY
                                          MONTH:     FEBRUARY
                                          YEAR:      2011
                                          LATITUDE:   37 35 N
                                          LONGITUDE:  83 19 W

  TEMPERATURE IN F:       :PCPN:    SNOW:  WIND      :SUNSHINE: SKY     :PK WND
================================================================================
1   2   3   4   5  6A  6B    7    8   9   10  11  12  13   14  15   16   17  18
                                     12Z  AVG MX 2MIN
DY MAX MIN AVG DEP HDD CDD  WTR  SNW DPTH SPD SPD DIR MIN PSBL S-S WX    SPD DR
================================================================================

 1  58  36  47  11  18   0 0.30  0.0    0  4.1 10 190   M    M   9 1      20  70
 2  55  21  38   2  27   0    T    T    0  9.3 22 250   M    M   9        41 230
 3  30  19  25 -11  40   0    T    T    0  1.0  9 280   M    M   6 8      14 270
 4  39  22  31  -5  34   0 0.00  0.0    0  1.1  5  80   M    M   5         8  60
 5  47  31  39   2  26   0 0.22    T    0  6.2 26 230   M    M  10 124    43 260
 6  44  31  38   1  27   0 0.00  0.0    0  1.9  9 180   M    M   7        15 210
 7  49  30  40   3  25   0 0.20  1.3    0  3.8 13 300   M    M   8 1      20 290
 8  30  18  24 -13  41   0 0.03  0.6    2  4.8 16 310   M    M   8 1      24 310
 9  24  16  20 -17  45   0 0.13  2.0    1  1.1  6 330   M    M   8 1       9 360
10  29  12  21 -17  44   0    T    T    2  2.5  7 270   M    M   2 1      12 150
11  38  13  26 -12  39   0 0.00  0.0    2  5.0 10 230   M    M   0        17 220
12  45  27  36  -2  29   0 0.00  0.0    1  6.2 16 280   M    M   4        24 220
13  61  31  46   8  19   0 0.00  0.0    0  8.3 17 240   M    M   0        29 250
14  58  37  48  10  17   0 0.00  0.0    0 10.1 23 280   M    M   3        33 280
15  49  28  39   0  26   0 0.00  0.0    0  2.3  8 110   M    M   0        13  70
16  66  38  52  13  13   0 0.00  0.0    0  5.5 14 190   M    M   2        22 190
17  70  47  59  20   6   0 0.00  0.0    0  6.5 15 180   M    M   0        28 220
18  67  49  58  18   7   0 0.01  0.0    0  7.4 18 280   M    M   8        29 220
19  57  34  46   6  19   0 0.00  0.0    0  4.4  9 330   M    M   0        15 310
20  57  35  46   6  19   0 0.04  0.0    0  4.6 13 190   M    M   4        21 190
21  64  42  53  13  12   0 0.48  0.0    0  8.7 22 240   M    M  10 1      37 240
22  43  32  38  -2  27   0 0.02  0.0    0  2.8 13 300   M    M   0 12     22 280
23  51  29  40  -1  25   0 0.00  0.0    0  1.1  7  80   M    M   0 18      9 160
24  53  44  49   8  16   0 0.91  0.0    0  3.9  8  90   M    M  10 12     15 130
25  61  33  47   6  18   0 0.42    T    0  7.8 28 280   M    M   9 1      43 280
26  59  30  45   3  20   0 0.00  0.0    0  3.5 10 240   M    M   2        18 280
27  65  43  54  12  11   0 0.01  0.0    0  3.3 12 180   M    M   9 13     18 190
28  70  35  53  11  12   0 1.20  0.0    0  7.1 21 290   M    M   8 123    41 260
================================================================================
SM 1439  863       662   0  3.97     3.9 134.3          M      141
================================================================================
AV 51.4 30.8                               4.8 FASTST   M    M   5    MAX(MPH)
                                 MISC ---->  # 28 280               # 43  260
================================================================================
NOTES:
# LAST OF SEVERAL OCCURRENCES

COLUMN 17 PEAK WIND IN M.P.H.

PRELIMINARY LOCAL CLIMATOLOGICAL DATA (WS FORM: F-6) , PAGE 2

                                          STATION:  JACKSON KY
                                          MONTH:    FEBRUARY
                                          YEAR:     2011
                                          LATITUDE:   37 35 N
                                          LONGITUDE:  83 19 W

[TEMPERATURE DATA]      [PRECIPITATION DATA]       SYMBOLS USED IN COLUMN 16

AVERAGE MONTHLY: 41.1   TOTAL FOR MONTH:   3.97    1 = FOG OR MIST
DPTR FM NORMAL:   2.3   DPTR FM NORMAL:    0.22    2 = FOG REDUCING VISIBILITY
HIGHEST:    70 ON 28,17 GRTST 24HR  1.33 ON 24-25      TO 1/4 MILE OR LESS
LOWEST:     12 ON 10                               3 = THUNDER
                        SNOW, ICE PELLETS, HAIL    4 = ICE PELLETS
                        TOTAL MONTH:   3.9 INCHES  5 = HAIL
                        GRTST 24HR   2.0 ON  9- 9  6 = FREEZING RAIN OR DRIZZLE
                        GRTST DEPTH:   2 ON 11,10  7 = DUSTSTORM OR SANDSTORM:
                                                       VSBY 1/2 MILE OR LESS
                                                   8 = SMOKE OR HAZE
[NO. OF DAYS WITH]      [WEATHER - DAYS WITH]      9 = BLOWING SNOW
                                                   X = TORNADO
MAX 32 OR BELOW:   4    0.01 INCH OR MORE:  13
MAX 90 OR ABOVE:   0    0.10 INCH OR MORE:   8
MIN 32 OR BELOW:  16    0.50 INCH OR MORE:   2
MIN  0 OR BELOW:   0    1.00 INCH OR MORE:   1

[HDD (BASE 65) ]
TOTAL THIS MO.   662    CLEAR  (SCALE 0-3)  11
DPTR FM NORMAL   -72    PTCLDY (SCALE 4-7)  10
TOTAL FM JUL 1  3538    CLOUDY (SCALE 8-10)  7
DPTR FM NORMAL   238

[CDD (BASE 65) ]
TOTAL THIS MO.     0
DPTR FM NORMAL     0    [PRESSURE DATA]
TOTAL FM JAN 1     0    HIGHEST SLP 30.56 ON  3
DPTR FM NORMAL     0    LOWEST  SLP 29.43 ON 25

[REMARKS]
#FINAL-02-11#
