673
CXUS55 KJKL 011000
CF6JKL
PRELIMINARY LOCAL CLIMATOLOGICAL DATA (WS FORM: F-6)
STATION: JACKSON KY
MONTH: SEPTEMBER
YEAR: 2020
LATITUDE: 37 35 N
LONGITUDE: 83 19 W
TEMPERATURE IN F: :PCPN: SNOW: WIND :SUNSHINE: SKY :PK WND
================================================================================
1 2 3 4 5 6A 6B 7 8 9 10 11 12 13 14 15 16 17 18
12Z AVG MX 2MIN
DY MAX MIN AVG DEP HDD CDD WTR SNW DPTH SPD SPD DIR MIN PSBL S-S WX SPD DR
================================================================================
1 87 71 79 6 0 14 0.03 0.0 0 0.8 8 160 M M 4 12 14 180
2 87 73 80 8 0 15 0.83 0.0 0 2.0 9 290 M M 5 13 19 250
3 81 72 77 5 0 12 0.59 0.0 0 2.1 12 280 M M 7 1 24 270
4 82 66 74 2 0 9 0.08 0.0 0 3.1 13 300 M M 6 12 19 310
5 79 58 69 -3 0 4 0.00 0.0 0 1.2 6 160 M M 0 12 360
6 82 58 70 -1 0 5 0.00 0.0 0 0.9 6 160 M M 0 11 160
7 83 61 72 1 0 7 0.00 0.0 0 2.0 8 160 M M 0 17 140
8 85 64 75 4 0 10 0.00 0.0 0 1.0 7 140 M M 0 13 140
9 85 65 75 5 0 10 0.00 0.0 0 0.8 5 110 M M 1 9 150
10 86 68 77 7 0 12 0.00 0.0 0 0.0 5 100 M M 1 9 100
11 81 69 75 5 0 10 0.00 0.0 0 0.0 5 70 M M 6 1 9 30
12 86 67 77 7 0 12 0.19 0.0 0 0.9 8 140 M M 8 123 14 140
13 75 70 73 4 0 8 1.13 0.0 0 1.2 7 290 M M 10 12 12 270
14 77 62 70 1 0 5 0.00 0.0 0 0.4 3 50 M M 6 12 9 30
15 75 56 66 -2 0 1 0.00 0.0 0 0.3 5 30 M M 0 9 70
16 80 58 69 1 0 4 0.00 0.0 0 0.1 5 310 M M 4 12 8 190
17 77 64 71 3 0 6 0.00 0.0 0 0.0 6 60 M M 5 10 80
18 69 54 62 -5 3 0 0.00 0.0 0 0.1 5 350 M M 7 11 20
19 70 46 58 -9 7 0 0.00 0.0 0 0.4 9 140 M M 2 16 80
20 71 49 60 -7 5 0 0.00 0.0 0 1.4 8 120 M M 1 17 110
21 71 48 60 -6 5 0 0.00 0.0 0 1.3 7 140 M M 0 11 130
22 73 48 61 -5 4 0 0.00 0.0 0 1.4 8 300 M M 1 13 240
23 70 53 62 -3 3 0 0.00 0.0 0 0.4 5 200 M M 1 12 8 190
24 70 59 65 0 0 0 T 0.0 0 0.3 5 140 M M 8 12 8 250
25 75 58 67 2 0 2 0.00 0.0 0 0.3 6 140 M M 7 9 130
26 78 58 68 4 0 3 0.00 0.0 0 1.0 6 200 M M 7 12 11 190
27 80 61 71 7 0 6 T 0.0 0 1.0 7 260 M M 4 15 210
28 80 55 68 4 0 3 0.91 0.0 0 3.4 13 310 M M 0 1 25 300
29 60 49 55 -8 10 0 0.02 0.0 0 0.7 10 260 M M 3 1 24 300
30 71 46 59 -4 6 0 0.00 0.0 0 3.5 10 230 M M 0 1 24 220
================================================================================
SM 2326 1786 43 158 3.78 0.0 32.0 M 104
================================================================================
AV 77.5 59.5 1.1 FASTST M M 3 MAX(MPH)
MISC ----> # 13 300 # 25 300
================================================================================
NOTES:
# LAST OF SEVERAL OCCURRENCES
COLUMN 17 PEAK WIND IN M.P.H.
PRELIMINARY LOCAL CLIMATOLOGICAL DATA (WS FORM: F-6) , PAGE 2
STATION: JACKSON KY
MONTH: SEPTEMBER
YEAR: 2020
LATITUDE: 37 35 N
LONGITUDE: 83 19 W
[TEMPERATURE DATA] [PRECIPITATION DATA] SYMBOLS USED IN COLUMN 16
AVERAGE MONTHLY: 68.5 TOTAL FOR MONTH: 3.78 1 = FOG OR MIST
DPTR FM NORMAL: 0.4 DPTR FM NORMAL: 0.32 2 = FOG REDUCING VISIBILITY
HIGHEST: 87 ON 2, 1 GRTST 24HR 1.13 ON 13-13 TO 1/4 MILE OR LESS
LOWEST: 46 ON 30,19 3 = THUNDER
SNOW, ICE PELLETS, HAIL 4 = ICE PELLETS
TOTAL MONTH: 0.0 INCH 5 = HAIL
GRTST 24HR 0.0 6 = FREEZING RAIN OR DRIZZLE
GRTST DEPTH: 0 7 = DUSTSTORM OR SANDSTORM:
VSBY 1/2 MILE OR LESS
8 = SMOKE OR HAZE
[NO. OF DAYS WITH] [WEATHER - DAYS WITH] 9 = BLOWING SNOW
X = TORNADO
MAX 32 OR BELOW: 0 0.01 INCH OR MORE: 8
MAX 90 OR ABOVE: 0 0.10 INCH OR MORE: 5
MIN 32 OR BELOW: 0 0.50 INCH OR MORE: 4
MIN 0 OR BELOW: 0 1.00 INCH OR MORE: 1
[HDD (BASE 65) ]
TOTAL THIS MO. 43 CLEAR (SCALE 0-3) 15
DPTR FM NORMAL -7 PTCLDY (SCALE 4-7) 14
TOTAL FM JUL 1 43 CLOUDY (SCALE 8-10) 1
DPTR FM NORMAL -9
[CDD (BASE 65) ]
TOTAL THIS MO. 158
DPTR FM NORMAL 15 [PRESSURE DATA]
TOTAL FM JAN 1 1345 HIGHEST SLP 30.44 ON 21
DPTR FM NORMAL 224 LOWEST SLP 29.69 ON 28
[REMARKS]
#FINAL-09-20#