000
CXUS55 KJKL 071648
CF6JKL
PRELIMINARY LOCAL CLIMATOLOGICAL DATA (WS FORM: F-6)

                                          STATION:   JACKSON KY
                                          MONTH:     JANUARY
                                          YEAR:      2011
                                          LATITUDE:   37 35 N
                                          LONGITUDE:  83 19 W

  TEMPERATURE IN F:       :PCPN:    SNOW:  WIND      :SUNSHINE: SKY     :PK WND
================================================================================
1   2   3   4   5  6A  6B    7    8   9   10  11  12  13   14  15   16   17  18
                                     12Z  AVG MX 2MIN
DY MAX MIN AVG DEP HDD CDD  WTR  SNW DPTH SPD SPD DIR MIN PSBL S-S WX    SPD DR
================================================================================

 1  58  38  48  13  17   0 0.65  0.0    0  5.9 17 310   M    M   9 1      28 190
 2  38  24  31  -4  34   0 0.00  0.0    0  5.6 14 280   M    M   1        18 250
 3  40  18  29  -6  36   0 0.00  0.0    0  2.1  7 180   M    M   0        10 230
 4  49  28  39   4  26   0 0.00  0.0    0  6.9 16 240   M    M   3        24 230
 5  42  22  32  -3  33   0 0.00  0.0    0  1.0  9 300   M    M   4        15 280
 6  42  24  33  -2  32   0    T  0.1    0  6.2 18 280   M    M   8 1      29 270
 7  31  26  29  -6  36   0 0.09  1.2    T  4.9 15 260   M    M  10 18     23 270
 8  29  10  20 -15  45   0 0.09  2.1    1  7.5 20 300   M    M   7 189    30 270
 9  25   6  16 -19  49   0 0.00  0.0    1  2.0  7 230   M    M   1        10  60
10  30  20  25 -10  40   0    T    T    1  5.0  9  50   M    M   9        18 100
11  32  22  27  -8  38   0 0.05  1.1    T  4.9 18 290   M    M  10 1689   30 220
12  22  18  20 -15  45   0 0.05  2.2    3  8.2 15 250   M    M  10 1      26 260
13  25  17  21 -14  44   0 0.01  0.4    3  2.9 12 260   M    M  10 1      20 260
14  34  16  25 -10  40   0 0.00  0.0    2  2.9  7 210   M    M   2        14 220
15  41  28  35   0  30   0 0.00  0.0    1  5.6 13 240   M    M   7        31 210
16  37  29  33  -2  32   0    T    T    T  2.0  8 260   M    M  10 18     10 330
17  41  26  34  -1  31   0 0.01  0.0    T  1.8  7 140   M    M   7 8      12 140
18  44  38  41   6  24   0 0.30  0.0    0  3.0  7 230   M    M   9 12     13 220
19  43  31  37   2  28   0 0.07  0.1    T  3.8 12 280   M    M  10 1      18 270
20  42  23  33  -2  32   0 0.22  2.6    T  3.5 17 300   M    M   9 124    25 290
21  23   9  16 -19  49   0    T  0.1    2  4.9 16 290   M    M   5 1      23 250
22  29   8  19 -16  46   0 0.00  0.0    1  1.6 10 270   M    M   1        14 270
23  30  20  25 -10  40   0    T    T    1  2.2  8 250   M    M   6        12 270
24  48  21  35   0  30   0 0.02  0.3    1  2.5 10 190   M    M   9 1      18 200
25  46  37  42   7  23   0 0.12  0.0    0  2.9 10  50   M    M  10 1      17  60
26  37  24  31  -4  34   0 0.89  3.1    0  6.6 14 300   M    M  10 12     20 250
27  31  24  28  -7  37   0    T    T    3  1.5  8 260   M    M  10 1      13 250
28  37  29  33  -3  32   0 0.10  0.3    2  5.1 10 270   M    M   8 12     15 230
29  58  28  43   7  22   0 0.00  0.0    1  6.4 15 250   M    M   1        24 250
30  54  33  44   8  21   0 0.00  0.0    0  3.6 10  50   M    M   3 18     17  10
31  38  32  35  -1  30   0 0.05  0.0    0  2.8  8  60   M    M   9 18     15  70
================================================================================
SM 1176  729      1056   0  2.72    13.6 125.8          M      208
================================================================================
AV 37.9 23.5                               4.1 FASTST   M    M   7    MAX(MPH)
                                 MISC ---->  # 20 300               # 31  210
================================================================================
NOTES:
# LAST OF SEVERAL OCCURRENCES

COLUMN 17 PEAK WIND IN M.P.H.

PRELIMINARY LOCAL CLIMATOLOGICAL DATA (WS FORM: F-6) , PAGE 2

                                          STATION:  JACKSON KY
                                          MONTH:    JANUARY
                                          YEAR:     2011
                                          LATITUDE:   37 35 N
                                          LONGITUDE:  83 19 W

[TEMPERATURE DATA]      [PRECIPITATION DATA]       SYMBOLS USED IN COLUMN 16

AVERAGE MONTHLY: 30.7   TOTAL FOR MONTH:   2.72    1 = FOG OR MIST
DPTR FM NORMAL:  -4.2   DPTR FM NORMAL:   -0.89    2 = FOG REDUCING VISIBILITY
HIGHEST:    58 ON 29, 1 GRTST 24HR  1.01 ON 25-26      TO 1/4 MILE OR LESS
LOWEST:      6 ON  9                               3 = THUNDER
                        SNOW, ICE PELLETS, HAIL    4 = ICE PELLETS
                        TOTAL MONTH:  13.6 INCHES  5 = HAIL
                        GRTST 24HR   3.1 ON   M    6 = FREEZING RAIN OR DRIZZLE
                        GRTST DEPTH:   3 ON 27,13  7 = DUSTSTORM OR SANDSTORM:
                                                       VSBY 1/2 MILE OR LESS
                                                   8 = SMOKE OR HAZE
[NO. OF DAYS WITH]      [WEATHER - DAYS WITH]      9 = BLOWING SNOW
                                                   X = TORNADO
MAX 32 OR BELOW:  11    0.01 INCH OR MORE:  15
MAX 90 OR ABOVE:   0    0.10 INCH OR MORE:   6
MIN 32 OR BELOW:  27    0.50 INCH OR MORE:   2
MIN  0 OR BELOW:   0    1.00 INCH OR MORE:   0

[HDD (BASE 65) ]
TOTAL THIS MO.  1056    CLEAR  (SCALE 0-3)   7
DPTR FM NORMAL   124    PTCLDY (SCALE 4-7)   9
TOTAL FM JUL 1  2876    CLOUDY (SCALE 8-10) 15
DPTR FM NORMAL   310

[CDD (BASE 65) ]
TOTAL THIS MO.     0
DPTR FM NORMAL     0    [PRESSURE DATA]
TOTAL FM JAN 1     0    HIGHEST SLP 30.60 ON 13
DPTR FM NORMAL     0    LOWEST  SLP 29.38 ON  7

[REMARKS]
#FINAL-01-11#
