000
CXUS55 KJKL 011501
CF6JKL
PRELIMINARY LOCAL CLIMATOLOGICAL DATA (WS FORM: F-6)
STATION: JACKSON KY
MONTH: AUGUST
YEAR: 2020
LATITUDE: 37 35 N
LONGITUDE: 83 19 W
TEMPERATURE IN F: :PCPN: SNOW: WIND :SUNSHINE: SKY :PK WND
================================================================================
1 2 3 4 5 6A 6B 7 8 9 10 11 12 13 14 15 16 17 18
12Z AVG MX 2MIN
DY MAX MIN AVG DEP HDD CDD WTR SNW DPTH SPD SPD DIR MIN PSBL S-S WX SPD DR
================================================================================
1 88 71 80 5 0 15 T 0.0 0 3.5 9 190 M M 6 12 26 180
2 80 68 74 -1 0 9 0.01 0.0 0 2.4 10 270 M M 6 1 21 200
3 84 65 75 0 0 10 0.00 0.0 0 0.6 8 310 M M 1 11 280
4 81 64 73 -2 0 8 0.00 0.0 0 2.5 9 300 M M 4 12 15 340
5 82 63 73 -2 0 8 0.00 0.0 0 0.5 8 140 M M 3 1 13 140
6 83 65 74 -1 0 9 0.12 0.0 0 0.5 6 340 M M 6 13 10 330
7 84 64 74 -1 0 9 0.00 0.0 0 0.7 6 310 M M 2 1 11 310
8 86 65 76 1 0 11 0.00 0.0 0 0.5 7 300 M M 2 1 11 290
9 88 65 77 2 0 12 0.00 0.0 0 0.5 7 130 M M 0 1 9 150
10 85 66 76 1 0 11 0.52 0.0 0 1.0 8 360 M M 3 123 18 340
11 86 69 78 3 0 13 1.67 0.0 0 0.2 10 310 M M 6 123 13 310
12 88 69 79 4 0 14 0.00 0.0 0 0.3 7 310 M M 2 12 12 340
13 88 68 78 3 0 13 0.00 0.0 0 0.7 6 300 M M 3 123 9 150
14 84 69 77 2 0 12 0.96 0.0 0 1.0 14 140 M M 7 123 22 140
15 81 68 75 0 0 10 T 0.0 0 0.9 7 350 M M 7 12 11 340
16 84 65 75 0 0 10 0.02 0.0 0 2.0 12 310 M M 7 123 17 330
17 84 65 75 0 0 10 0.00 0.0 0 1.6 9 310 M M 2 12 15 330
18 86 65 76 1 0 11 0.47 0.0 0 1.5 10 330 M M 4 12 19 330
19 79 64 72 -3 0 7 T 0.0 0 0.6 6 120 M M 6 12 10 140
20 83 61 72 -3 0 7 0.00 0.0 0 0.6 10 140 M M 2 15 100
21 76 67 72 -2 0 7 0.21 0.0 0 0.0 5 120 M M 5 123 8 200
22 85 68 77 3 0 12 0.56 0.0 0 0.8 10 280 M M 7 123 19 300
23 86 68 77 3 0 12 T 0.0 0 1.8 14 320 M M 3 3 23 330
24 86 66 76 2 0 11 0.00 0.0 0 1.1 7 300 M M 2 1 12 270
25 88 68 78 4 0 13 0.00 0.0 0 0.3 7 160 M M 1 1 12 130
26 89 68 79 5 0 14 0.00 0.0 0 0.7 5 200 M M 2 1 9 290
27 87 72 80 6 0 15 0.00 0.0 0 0.5 8 310 M M 2 12 320
28 83 73 78 4 0 13 0.19 0.0 0 1.6 8 150 M M 3 1 14 150
29 80 71 76 3 0 11 1.08 0.0 0 2.8 12 310 M M 8 1 19 290
30 80 65 73 0 0 8 T 0.0 0 0.9 6 140 M M 3 11 130
31 83 65 74 1 0 9 0.40 0.0 0 0.8 7 310 M M 8 123 12 280
================================================================================
SM 2607 2070 0 334 6.21 0.0 33.4 M 123
================================================================================
AV 84.1 66.8 1.1 FASTST M M 4 MAX(MPH)
MISC ----> # 14 140 # 26 180
================================================================================
NOTES:
# LAST OF SEVERAL OCCURRENCES
COLUMN 17 PEAK WIND IN M.P.H.
PRELIMINARY LOCAL CLIMATOLOGICAL DATA (WS FORM: F-6) , PAGE 2
STATION: JACKSON KY
MONTH: AUGUST
YEAR: 2020
LATITUDE: 37 35 N
LONGITUDE: 83 19 W
[TEMPERATURE DATA] [PRECIPITATION DATA] SYMBOLS USED IN COLUMN 16
AVERAGE MONTHLY: 75.4 TOTAL FOR MONTH: 6.21 1 = FOG OR MIST
DPTR FM NORMAL: 0.9 DPTR FM NORMAL: 2.52 2 = FOG REDUCING VISIBILITY
HIGHEST: 89 ON 26 GRTST 24HR 1.67 ON 11-11 TO 1/4 MILE OR LESS
LOWEST: 61 ON 20 3 = THUNDER
SNOW, ICE PELLETS, HAIL 4 = ICE PELLETS
TOTAL MONTH: 0.0 INCH 5 = HAIL
GRTST 24HR 0.0 6 = FREEZING RAIN OR DRIZZLE
GRTST DEPTH: 0 7 = DUSTSTORM OR SANDSTORM:
VSBY 1/2 MILE OR LESS
8 = SMOKE OR HAZE
[NO. OF DAYS WITH] [WEATHER - DAYS WITH] 9 = BLOWING SNOW
X = TORNADO
MAX 32 OR BELOW: 0 0.01 INCH OR MORE: 12
MAX 90 OR ABOVE: 0 0.10 INCH OR MORE: 10
MIN 32 OR BELOW: 0 0.50 INCH OR MORE: 5
MIN 0 OR BELOW: 0 1.00 INCH OR MORE: 2
[HDD (BASE 65) ]
TOTAL THIS MO. 0 CLEAR (SCALE 0-3) 14
DPTR FM NORMAL -2 PTCLDY (SCALE 4-7) 16
TOTAL FM JUL 1 0 CLOUDY (SCALE 8-10) 1
DPTR FM NORMAL -2
[CDD (BASE 65) ]
TOTAL THIS MO. 334
DPTR FM NORMAL 36 [PRESSURE DATA]
TOTAL FM JAN 1 1187 HIGHEST SLP M ON M
DPTR FM NORMAL 209 LOWEST SLP 29.63 ON 29
[REMARKS]
#FINAL-08-20#