000
CXUS55 KJKL 011000
CF6JKL
PRELIMINARY LOCAL CLIMATOLOGICAL DATA (WS FORM: F-6)

                                          STATION:   JACKSON KY
                                          MONTH:     DECEMBER
                                          YEAR:      2010
                                          LATITUDE:   37 35 N
                                          LONGITUDE:  83 19 W

  TEMPERATURE IN F:       :PCPN:    SNOW:  WIND      :SUNSHINE: SKY     :PK WND
================================================================================
1   2   3   4   5  6A  6B    7    8   9   10  11  12  13   14  15   16   17  18
                                     12Z  AVG MX 2MIN
DY MAX MIN AVG DEP HDD CDD  WTR  SNW DPTH SPD SPD DIR MIN PSBL S-S WX    SPD DR
================================================================================

 1  36  26  31 -12  34   0 0.03  0.4    T  7.0 17 290   M    M   8 18     26 260
 2  36  23  30 -12  35   0    T  0.1    0  2.1  9 220   M    M   5 1      14 230
 3  41  28  35  -7  30   0    T  0.1    T  1.6  9 320   M    M   6 1      13 330
 4  31  27  29 -13  36   0 0.47  4.4    T  2.1 12 320   M    M   9 126    18 330
 5  29  23  26 -15  39   0 0.02  1.1    3  6.5 14 280   M    M   8 19     21 270
 6  23  16  20 -21  45   0 0.01  1.1    4  7.6 16 280   M    M  10 18     28 290
 7  24  13  19 -22  46   0 0.01  0.3    5  5.9 14 310   M    M   8 1      24 310
 8  28  11  20 -20  45   0 0.00  0.0    2  2.0  7 280   M    M   0        15 340
 9  35  15  25 -15  40   0 0.00  0.0    2  1.2  8 140   M    M   1        12 140
10  49  31  40   0  25   0 0.00  0.0    1  3.4 13 240   M    M   4        23 240
11  53  36  45   6  20   0 0.17  0.0    0  4.1 10 130   M    M   5 1      15 150
12  39  19  29 -10  36   0 0.38  1.5    0  6.3 22 260   M    M  10 1      35 280
13  21  15  18 -21  47   0 0.14  3.9    3  9.6 20 310   M    M  10 1      30 290
14  22   8  15 -24  50   0 0.01  0.5    4  6.0 13 290   M    M   7 18     20 290
15  27   5  16 -22  49   0 0.04  0.5    3  1.4  6 160   M    M   2 1       9 150
16  32  22  27 -11  38   0 1.20  1.0    2  2.6 10 280   M    M  10 1246   15 280
17  28  25  27 -11  38   0    T    T    1  3.2 14 280   M    M  10 16     18 280
18  25  23  24 -13  41   0    T    T    1  0.6  6 300   M    M  10 1       8  20
19  25  20  23 -14  42   0    T    T    1  0.3  5 320   M    M   9 1       7 350
20  35  20  28  -9  37   0 0.04  0.5    1  1.0  6  60   M    M   7 1      10  60
21  33  28  31  -6  34   0 0.07  0.5    1  1.5  6  50   M    M  10 12      8  80
22  34  25  30  -7  35   0 0.02    T    1  4.6 15 320   M    M  10 128    21 330
23  29  25  27  -9  38   0    T    T    1  3.5  8 320   M    M  10 18     14 290
24  31  26  29  -7  36   0    T    T    1  1.2  7  70   M    M  10        13 100
25  28  23  26 -10  39   0 0.09  1.3    1  3.2  7  20   M    M  10 18     13  20
26  24  21  23 -13  42   0 0.06  1.1    2  6.7 14 320   M    M  10 18     22 320
27  24  19  22 -14  43   0    T  0.2    2  6.2 14 320   M    M   8        23 290
28  35  19  27  -8  38   0 0.00  0.0    1  2.5  9 250   M    M   2        14 250
29  41  28  35   0  30   0 0.00  0.0    1  2.2  7 190   M    M  10        12 200
30  60  37  49  14  16   0 0.21  0.0    T  4.1 10 180   M    M   7 1      21 230
31  65  46  56  21   9   0 0.00  0.0    0  5.3 15 190   M    M   4        32 210
================================================================================
SM 1043  703      1133   0  2.97    18.5 115.5          M      230
================================================================================
AV 33.6 22.7                               3.7 FASTST   M    M   7    MAX(MPH)
                                 MISC ---->  # 22 260               # 35  280
================================================================================
NOTES:
# LAST OF SEVERAL OCCURRENCES

COLUMN 17 PEAK WIND IN M.P.H.

PRELIMINARY LOCAL CLIMATOLOGICAL DATA (WS FORM: F-6) , PAGE 2

                                          STATION:  JACKSON KY
                                          MONTH:    DECEMBER
                                          YEAR:     2010
                                          LATITUDE:   37 35 N
                                          LONGITUDE:  83 19 W

[TEMPERATURE DATA]      [PRECIPITATION DATA]       SYMBOLS USED IN COLUMN 16

AVERAGE MONTHLY: 28.2   TOTAL FOR MONTH:   2.97    1 = FOG OR MIST
DPTR FM NORMAL: -10.1   DPTR FM NORMAL:   -1.30    2 = FOG REDUCING VISIBILITY
HIGHEST:    65 ON 31    GRTST 24HR  2.50 ON 30- 1      TO 1/4 MILE OR LESS
LOWEST:      5 ON 15                               3 = THUNDER
                        SNOW, ICE PELLETS, HAIL    4 = ICE PELLETS
                        TOTAL MONTH:  18.5 INCHES  5 = HAIL
                        GRTST 24HR   4.4 ON   M    6 = FREEZING RAIN OR DRIZZLE
                        GRTST DEPTH:   5 ON  7     7 = DUSTSTORM OR SANDSTORM:
                                                       VSBY 1/2 MILE OR LESS
                                                   8 = SMOKE OR HAZE
[NO. OF DAYS WITH]      [WEATHER - DAYS WITH]      9 = BLOWING SNOW
                                                   X = TORNADO
MAX 32 OR BELOW:  17    0.01 INCH OR MORE:  17
MAX 90 OR ABOVE:   0    0.10 INCH OR MORE:   6
MIN 32 OR BELOW:  28    0.50 INCH OR MORE:   1
MIN  0 OR BELOW:   0    1.00 INCH OR MORE:   1

[HDD (BASE 65) ]
TOTAL THIS MO.  1133    CLEAR  (SCALE 0-3)   4
DPTR FM NORMAL   303    PTCLDY (SCALE 4-7)  10
TOTAL FM JUL 1  1820    CLOUDY (SCALE 8-10) 17
DPTR FM NORMAL   157

[CDD (BASE 65) ]
TOTAL THIS MO.     0
DPTR FM NORMAL     0    [PRESSURE DATA]
TOTAL FM JAN 1  1504    HIGHEST SLP 30.43 ON 23
DPTR FM NORMAL   445    LOWEST  SLP 29.43 ON 12

[REMARKS]
#FINAL-12-10#
