000
CXUS55 KJKL 011000
CF6JKL
PRELIMINARY LOCAL CLIMATOLOGICAL DATA (WS FORM: F-6)

                                          STATION:   JACKSON KY
                                          MONTH:     AUGUST
                                          YEAR:      2010
                                          LATITUDE:   37 35 N
                                          LONGITUDE:  83 19 W

  TEMPERATURE IN F:       :PCPN:    SNOW:  WIND      :SUNSHINE: SKY     :PK WND
================================================================================
1   2   3   4   5  6A  6B    7    8   9   10  11  12  13   14  15   16   17  18
                                     12Z  AVG MX 2MIN
DY MAX MIN AVG DEP HDD CDD  WTR  SNW DPTH SPD SPD DIR MIN PSBL S-S WX    SPD DR
================================================================================

 1  87  70  79   4   0  14 0.00  0.0    0  0.4  5  60   M    M   4 12      9  50
 2  90  69  80   5   0  15 0.00  0.0    0  0.8  6 270   M    M   1 18      8 140
 3  90  73  82   7   0  17 0.00  0.0    0  0.9  7 290   M    M   2 18     13 220
 4  95  73  84   9   0  19 0.00  0.0    0  1.6  9 190   M    M   1 138    17 240
 5  89  69  79   4   0  14 0.02  0.0    0  2.3 12 240   M    M   2 138    25 240
 6  87  69  78   3   0  13 0.00  0.0    0  1.1 10 310   M    M   4 128    15 330
 7  84  64  74  -1   0   9 0.00  0.0    0  0.2  6  90   M    M   1        10 130
 8  89  63  76   1   0  11 0.00  0.0    0  0.6  6 190   M    M   0 1       9 220
 9  93  65  79   4   0  14 0.00  0.0    0  1.1  6 310   M    M   1 18      9 330
10  95  73  84   9   0  19 0.00  0.0    0  1.1  8 300   M    M   1 18     12 300
11  97  72  85  11   0  20 1.30  0.0    0  1.7 21 310   M    M   2 1238   36 330
12  91  70  81   7   0  16 0.01  0.0    0  0.8  9 320   M    M   4 123    16 310
13  94  71  83   9   0  18 0.00  0.0    0  0.8 10 330   M    M   1 13     16 280
14  92  71  82   8   0  17 0.57  0.0    0  1.4 26 300   M    M   2 13     40 280
15  90  71  81   7   0  16 0.06  0.0    0  0.5 15 330   M    M   4 123    22 340
16  86  71  79   5   0  14 0.00  0.0    0  0.6  7 330   M    M   4 1      13 310
17  86  69  78   4   0  13 0.00  0.0    0  0.4  7  80   M    M   4        12  50
18  73  63  68  -6   0   3 1.49  0.0    0  1.1 12 320   M    M   9 12     16 320
19  81  68  75   1   0  10 0.01  0.0    0  0.1  5 350   M    M   7 128     8 290
20  87  66  77   3   0  12 0.00  0.0    0  1.5  8 130   M    M   0 1      13 160
21  84  71  78   5   0  13 0.05  0.0    0  1.4 10 180   M    M   5 13     17 190
22  84  70  77   4   0  12    T  0.0    0  1.5  8 330   M    M   5 1      13 350
23  79  65  72  -1   0   7 0.00  0.0    0  0.8  8 350   M    M   3 18     13 330
24  76  64  70  -3   0   5 0.00  0.0    0  0.3  5  10   M    M   6 1       9  10
25  81  62  72  -1   0   7 0.00  0.0    0  1.2  7 310   M    M   4 12     12 310
26  81  63  72  -1   0   7 0.00  0.0    0  1.1  8 310   M    M   2        10 360
27  82  59  71  -1   0   6 0.00  0.0    0  1.1  6 320   M    M   1        10 320
28  88  62  75   3   0  10 0.00  0.0    0  0.3  5  60   M    M   1        10  50
29  89  68  79   7   0  14 0.00  0.0    0  1.4  8 160   M    M   1        16 140
30  88  68  78   6   0  13 0.00  0.0    0  1.1  8 290   M    M   0        12 300
31  89  66  78   6   0  13 0.00  0.0    0  1.1  7 300   M    M   0 1      10 220
================================================================================
SM 2697 2098         0 391  3.51     0.0  30.3          M       82
================================================================================
AV 87.0 67.7                               1.0 FASTST   M    M   3    MAX(MPH)
                                 MISC ---->  # 26 300               # 40  280
================================================================================
NOTES:
# LAST OF SEVERAL OCCURRENCES

COLUMN 17 PEAK WIND IN M.P.H.

PRELIMINARY LOCAL CLIMATOLOGICAL DATA (WS FORM: F-6) , PAGE 2

                                          STATION:  JACKSON KY
                                          MONTH:    AUGUST
                                          YEAR:     2010
                                          LATITUDE:   37 35 N
                                          LONGITUDE:  83 19 W

[TEMPERATURE DATA]      [PRECIPITATION DATA]       SYMBOLS USED IN COLUMN 16

AVERAGE MONTHLY: 77.3   TOTAL FOR MONTH:   3.51    1 = FOG OR MIST
DPTR FM NORMAL:   3.5   DPTR FM NORMAL:   -0.62    2 = FOG REDUCING VISIBILITY
HIGHEST:    97 ON 11    GRTST 24HR  1.49 ON 18-18      TO 1/4 MILE OR LESS
LOWEST:     59 ON 27                               3 = THUNDER
                        SNOW, ICE PELLETS, HAIL    4 = ICE PELLETS
                        TOTAL MONTH:   0.0 INCH    5 = HAIL
                        GRTST 24HR     0.0         6 = FREEZING RAIN OR DRIZZLE
                        GRTST DEPTH:   0           7 = DUSTSTORM OR SANDSTORM:
                                                       VSBY 1/2 MILE OR LESS
                                                   8 = SMOKE OR HAZE
[NO. OF DAYS WITH]      [WEATHER - DAYS WITH]      9 = BLOWING SNOW
                                                   X = TORNADO
MAX 32 OR BELOW:   0    0.01 INCH OR MORE:   8
MAX 90 OR ABOVE:  10    0.10 INCH OR MORE:   3
MIN 32 OR BELOW:   0    0.50 INCH OR MORE:   3
MIN  0 OR BELOW:   0    1.00 INCH OR MORE:   2

[HDD (BASE 65) ]
TOTAL THIS MO.     0    CLEAR  (SCALE 0-3)  19
DPTR FM NORMAL    -4    PTCLDY (SCALE 4-7)  11
TOTAL FM JUL 1     0    CLOUDY (SCALE 8-10)  1
DPTR FM NORMAL    -4

[CDD (BASE 65) ]
TOTAL THIS MO.   391
DPTR FM NORMAL   114    [PRESSURE DATA]
TOTAL FM JAN 1  1287    HIGHEST SLP 30.32 ON 30
DPTR FM NORMAL   388    LOWEST  SLP 29.79 ON 12

[REMARKS]
#FINAL-08-10#
