000
CXUS55 KJKL 011000
CF6JKL
PRELIMINARY LOCAL CLIMATOLOGICAL DATA (WS FORM: F-6)

                                          STATION:   JACKSON KY
                                          MONTH:     SEPTEMBER
                                          YEAR:      2010
                                          LATITUDE:   37 35 N
                                          LONGITUDE:  83 19 W

  TEMPERATURE IN F:       :PCPN:    SNOW:  WIND      :SUNSHINE: SKY     :PK WND
================================================================================
1   2   3   4   5  6A  6B    7    8   9   10  11  12  13   14  15   16   17  18
                                     12Z  AVG MX 2MIN
DY MAX MIN AVG DEP HDD CDD  WTR  SNW DPTH SPD SPD DIR MIN PSBL S-S WX    SPD DR
================================================================================

 1  90  64  77   5   0  12 0.00  0.0    0  1.3  8 160   M    M   0 1      15 180
 2  92  65  79   8   0  14 0.00  0.0    0  0.9  8 290   M    M   0        14 280
 3  84  64  74   3   0   9    T  0.0    0  4.6 14 270   M    M   1        29 300
 4  75  56  66  -5   0   1 0.00  0.0    0  4.3 14 280   M    M   1        21 280
 5  77  50  64  -7   1   0 0.00  0.0    0  1.0  7 290   M    M   0        10 240
 6  85  54  70  -1   0   5 0.00  0.0    0  2.3 12 170   M    M   0        18 170
 7  92  63  78   8   0  13 0.00  0.0    0  2.4 10 250   M    M   0        20 250
 8  82  64  73   3   0   8 0.00  0.0    0  3.7  9 300   M    M   3        15 280
 9  81  55  68  -2   0   3 0.00  0.0    0  1.9  9 300   M    M   0 8      16 330
10  77  57  67  -3   0   2    T  0.0    0  1.3  8  60   M    M   5        14  80
11  82  61  72   3   0   7 0.77  0.0    0  1.4 15 320   M    M   9 123    22 330
12  77  61  69   0   0   4 0.00  0.0    0  3.6 10 300   M    M   6 128    16 320
13  84  53  69   0   0   4 0.00  0.0    0  1.3  9 300   M    M   0 1      15 250
14  86  60  73   4   0   8 0.20  0.0    0  1.2 13 270   M    M   2 13     18 270
15  87  62  75   7   0  10 0.00  0.0    0  0.7  9 150   M    M   0        13 170
16  80  63  72   4   0   7 0.40  0.0    0  2.1  9 220   M    M   6 13     23 200
17  77  61  69   1   0   4 0.00  0.0    0  1.1  8 330   M    M   3        12 290
18  84  56  70   3   0   5 0.00  0.0    0  0.6  7 120   M    M   0 1      10 100
19  88  59  74   7   0   9 0.00  0.0    0  0.9  8 310   M    M   1        10 290
20  82  63  73   6   0   8 0.00  0.0    0  0.5  5  60   M    M   0        12  50
21  91  62  77  10   0  12 0.00  0.0    0  1.9 10 220   M    M   0        18 230
22  89  68  79  13   0  14 0.08  0.0    0  2.6  9 170   M    M   0 13     15 220
23  92  67  80  14   0  15 0.00  0.0    0  1.0  8 170   M    M   0        14 210
24  89  68  79  14   0  14    T  0.0    0  3.1 12 170   M    M   1        24 240
25  80  62  71   6   0   6    T  0.0    0  3.3 10 270   M    M   2        17 290
26  63  55  59  -6   6   0    T  0.0    0  1.1  6  70   M    M   4        14  30
27  57  54  56  -8   9   0 0.43  0.0    0  1.1  7 260   M    M  10 12     12 260
28  63  53  58  -6   7   0 0.17  0.0    0  2.2  9 260   M    M   8 12     16 250
29  75  50  63  -1   2   0 0.00  0.0    0  0.8  7  60   M    M   0 1      13  90
30  75  55  65   2   0   0 0.00  0.0    0  2.4 10 320   M    M   2 1      16  20
================================================================================
SM 2436 1785        25 194  2.05     0.0  56.6          M       64
================================================================================
AV 81.2 59.5                               1.9 FASTST   M    M   2    MAX(MPH)
                                 MISC ---->  # 15 320               # 29  300
================================================================================
NOTES:
# LAST OF SEVERAL OCCURRENCES

COLUMN 17 PEAK WIND IN M.P.H.

PRELIMINARY LOCAL CLIMATOLOGICAL DATA (WS FORM: F-6) , PAGE 2

                                          STATION:  JACKSON KY
                                          MONTH:    SEPTEMBER
                                          YEAR:     2010
                                          LATITUDE:   37 35 N
                                          LONGITUDE:  83 19 W

[TEMPERATURE DATA]      [PRECIPITATION DATA]       SYMBOLS USED IN COLUMN 16

AVERAGE MONTHLY: 70.3   TOTAL FOR MONTH:   2.05    1 = FOG OR MIST
DPTR FM NORMAL:   2.4   DPTR FM NORMAL:   -1.72    2 = FOG REDUCING VISIBILITY
HIGHEST:    92 ON 23, 7 GRTST 24HR  0.77 ON 10-11      TO 1/4 MILE OR LESS
LOWEST:     50 ON 29, 5                            3 = THUNDER
                        SNOW, ICE PELLETS, HAIL    4 = ICE PELLETS
                        TOTAL MONTH:   0.0 INCH    5 = HAIL
                        GRTST 24HR     0.0         6 = FREEZING RAIN OR DRIZZLE
                        GRTST DEPTH:   0           7 = DUSTSTORM OR SANDSTORM:
                                                       VSBY 1/2 MILE OR LESS
                                                   8 = SMOKE OR HAZE
[NO. OF DAYS WITH]      [WEATHER - DAYS WITH]      9 = BLOWING SNOW
                                                   X = TORNADO
MAX 32 OR BELOW:   0    0.01 INCH OR MORE:   6
MAX 90 OR ABOVE:   5    0.10 INCH OR MORE:   5
MIN 32 OR BELOW:   0    0.50 INCH OR MORE:   1
MIN  0 OR BELOW:   0    1.00 INCH OR MORE:   0

[HDD (BASE 65) ]
TOTAL THIS MO.    25    CLEAR  (SCALE 0-3)  22
DPTR FM NORMAL   -19    PTCLDY (SCALE 4-7)   6
TOTAL FM JUL 1    25    CLOUDY (SCALE 8-10)  2
DPTR FM NORMAL   -23

[CDD (BASE 65) ]
TOTAL THIS MO.   194
DPTR FM NORMAL    64    [PRESSURE DATA]
TOTAL FM JAN 1  1481    HIGHEST SLP 30.21 ON 23
DPTR FM NORMAL   452    LOWEST  SLP 29.69 ON 30

[REMARKS]
#FINAL-09-10#
