000
CXUS55 KJKL 061325 CCA
CF6JKL

PRELIMINARY LOCAL CLIMATOLOGICAL DATA (WS FORM: F-6)

                                          STATION:   JACKSON KY
                                          MONTH:     JUNE
                                          YEAR:      2010
                                          LATITUDE:   37 35 N
                                          LONGITUDE:  83 19 W

  TEMPERATURE IN F:       :PCPN:    SNOW:  WIND      :SUNSHINE: SKY     :PK WND
================================================================================
1   2   3   4   5  6A  6B    7    8   9   10  11  12  13   14  15   16   17  18
                                     12Z  AVG MX 2MIN
DY MAX MIN AVG DEP HDD CDD  WTR  SNW DPTH SPD SPD DIR MIN PSBL S-S WX    SPD DR
================================================================================

 1  83  64  74   6   0   9    T  0.0    0  1.3  8 310   M    M   4 1      13 250
 2  85  64  75   6   0  10 0.00  0.0    0  0.6  7 260   M    M   1 1      12 150
 3  87  65  76   7   0  11 0.49  0.0    0  2.8 14 310   M    M   2 13     23 330
 4  83  64  74   5   0   9 0.27  0.0    0  1.3  7 170   M    M   3 123    13 180
 5  85  67  76   7   0  11    T  0.0    0  2.3  9 230   M    M   3 1      17 230
 6  76  60  68  -2   0   3 0.29  0.0    0  5.4 16 320   M    M   5 1      24 330
 7  77  59  68  -2   0   3    T  0.0    0  3.0 10 310   M    M   2        18 320
 8  79  60  70   0   0   5 0.00  0.0    0  0.8  7 140   M    M   2        10 130
 9  76  65  71   1   0   6 0.37  0.0    0  2.6 10 240   M    M   8 13     20 260
10  83  70  77   7   0  12 0.00  0.0    0  1.3  8 320   M    M   6 1      14 270
11  86  67  77   6   0  12 0.00  0.0    0  1.2  7 180   M    M   2 13     14 200
12  82  69  76   5   0  11 0.25  0.0    0  1.6  9 240   M    M   3 138    18 210
13  87  72  80   9   0  15    T  0.0    0  2.7 12 270   M    M   3 123    21 280
14  80  69  75   4   0  10 0.33  0.0    0  0.8 17 310   M    M   3 123    26 320
15  90  70  80   9   0  15    T  0.0    0  1.9 14 320   M    M   1 13     21 320
16  85  69  77   5   0  12    T  0.0    0  3.1 10 290   M    M   3 3      17 260
17  83  66  75   3   0  10 0.00  0.0    0  0.8  8 310   M    M   2 1      10 320
18  85  64  75   3   0  10 0.00  0.0    0  0.9  6 330   M    M   1         8 160
19  87  67  77   5   0  12 0.04  0.0    0  1.9 12 270   M    M   1 18     18 280
20  87  69  78   6   0  13 0.00  0.0    0  1.8  8 320   M    M   1 12     12 320
21  89  66  78   5   0  13 1.50  0.0    0  1.2 17 320   M    M   2 138    29 310
22  90  64  77   4   0  12 0.96  0.0    0  1.8 20 300   M    M   2 138    51 260
23  89  69  79   6   0  14    T  0.0    0  1.3  7 270   M    M   1 1      13 230
24  88  69  79   6   0  14 0.26  0.0    0  1.6 13 340   M    M   4 123    22 250
25  85  67  76   3   0  11 0.00  0.0    0  0.2  6 340   M    M   4 12     10 330
26  88  66  77   4   0  12 0.00  0.0    0  1.6  7 280   M    M   2 1      12 280
27  88  71  80   7   0  15 0.19  0.0    0  1.9 18 310   M    M   1 13     32 320
28  84  71  78   4   0  13 0.65  0.0    0  2.2 24 310   M    M   5 1238   39 320
29  83  68  76   2   0  11 0.00  0.0    0  1.4  8 260   M    M   5 1      12 260
30  78  62  70  -4   0   5 0.00  0.0    0  0.1  6 330   M    M   2 1      13  70
================================================================================
SM 2528 1993         0 319  5.60     0.0  51.4          M       84
================================================================================
AV 84.3 66.4                               1.7 FASTST   M    M   3    MAX(MPH)
                                 MISC ---->  # 24 310               # 51  260
================================================================================
NOTES:
# LAST OF SEVERAL OCCURRENCES

COLUMN 17 PEAK WIND IN M.P.H.

PRELIMINARY LOCAL CLIMATOLOGICAL DATA (WS FORM: F-6) , PAGE 2

                                          STATION:  JACKSON KY
                                          MONTH:    JUNE
                                          YEAR:     2010
                                          LATITUDE:   37 35 N
                                          LONGITUDE:  83 19 W

[TEMPERATURE DATA]      [PRECIPITATION DATA]       SYMBOLS USED IN COLUMN 16

AVERAGE MONTHLY: 75.4   TOTAL FOR MONTH:   5.60    1 = FOG OR MIST
DPTR FM NORMAL:   4.0   DPTR FM NORMAL:    0.93    2 = FOG REDUCING VISIBILITY
HIGHEST:    90 ON 22,15 GRTST 24HR  1.50 ON 21-21      TO 1/4 MILE OR LESS
LOWEST:     59 ON  7                               3 = THUNDER
                        SNOW, ICE PELLETS, HAIL    4 = ICE PELLETS
                        TOTAL MONTH:   0.0 INCH    5 = HAIL
                        GRTST 24HR     0.0         6 = FREEZING RAIN OR DRIZZLE
                        GRTST DEPTH:   0           7 = DUSTSTORM OR SANDSTORM:
                                                       VSBY 1/2 MILE OR LESS
                                                   8 = SMOKE OR HAZE
[NO. OF DAYS WITH]      [WEATHER - DAYS WITH]      9 = BLOWING SNOW
                                                   X = TORNADO
MAX 32 OR BELOW:   0    0.01 INCH OR MORE:  12
MAX 90 OR ABOVE:   2    0.10 INCH OR MORE:  11
MIN 32 OR BELOW:   0    0.50 INCH OR MORE:   3
MIN  0 OR BELOW:   0    1.00 INCH OR MORE:   1

[HDD (BASE 65) ]
TOTAL THIS MO.     0    CLEAR  (SCALE 0-3)  21
DPTR FM NORMAL   -10    PTCLDY (SCALE 4-7)   9
TOTAL FM JUL 1  4455    CLOUDY (SCALE 8-10)  0
DPTR FM NORMAL    97

[CDD (BASE 65) ]
TOTAL THIS MO.   319
DPTR FM NORMAL   118    [PRESSURE DATA]
TOTAL FM JAN 1   532    HIGHEST SLP M ON M
DPTR FM NORMAL   220    LOWEST  SLP M ON M

[REMARKS]
CORRECTED FOR INCORRECT LOWEST SLP.
#FINAL-06-10#
