000
CXUS55 KJKL 101339 CCA
CF6JKL

PRELIMINARY LOCAL CLIMATOLOGICAL DATA (WS FORM: F-6)

                                          STATION:   JACKSON KY
                                          MONTH:     MARCH
                                          YEAR:      2014
                                          LATITUDE:   37 35 N
                                          LONGITUDE:  83 19 W

  TEMPERATURE IN F:       :PCPN:    SNOW:  WIND      :SUNSHINE: SKY     :PK WND
================================================================================
1   2   3   4   5  6A  6B    7    8   9   10  11  12  13   14  15   16   17  18
                                     12Z  AVG MX 2MIN
DY MAX MIN AVG DEP HDD CDD  WTR  SNW DPTH SPD SPD DIR MIN PSBL S-S WX    SPD DR
================================================================================

 1  59  34  47   4  18   0    T    T    0  3.3 10 250   M    M  10        17 260
 2  54  29  42  -1  23   0 1.57    T    0  4.5 15  10   M    M  10 12346  26  10
 3  30  10  20 -23  45   0 1.04  6.4    4  4.6 13  50   M    M   8 124689 23  20
 4  34   8  21 -23  44   0 0.00  0.0    4  1.4  8  40   M    M   3        12  40
 5  46  26  36  -8  29   0 0.00  0.0    3  2.5  9  50   M    M   5 8      16  60
 6  50  25  38  -6  27   0 0.00  0.0    1  4.6  9  50   M    M   0        16  60
 7  61  36  49   5  16   0 0.00  0.0    T  2.2  7 330   M    M   3        13  90
 8  64  38  51   6  14   0 0.00  0.0    0  5.1 15 290   M    M   2        24 260
 9  56  36  46   1  19   0 0.00  0.0    0  4.7 14 330   M    M   5 1      19 330
10  68  37  53   8  12   0 0.00  0.0    0  6.6 15 250   M    M   0        22 240
11  77  49  63  17   2   0 0.00  0.0    0  5.5 13 240   M    M   0        21 230
12  62  28  45  -1  20   0 0.30  0.9    0  9.2 29 280   M    M  10 1      46 270
13  40  18  29 -17  36   0 0.00  0.0    T  5.9 13 300   M    M   1        25 260
14  64  30  47   0  18   0 0.00  0.0    0  7.2 17 240   M    M   2        35 190
15  65  47  56   9   9   0 0.00  0.0    0  5.5 16 230   M    M   3        26 260
16  51  28  40  -7  25   0 0.68  0.7    0  8.2 14  50   M    M   7 146    27  70
17  35  25  30 -18  35   0 0.05    T    1  2.8  9  50   M    M   9 168    17  40
18  58  33  46  -2  19   0 0.00  0.0    0  2.4  8 160   M    M   7 1      12 160
19  63  43  53   5  12   0 0.00  0.0    0  7.1 20 280   M    M   5        30 290
20  57  36  47  -2  18   0 0.00  0.0    0  6.1 14 260   M    M   2 8      21 280
21  71  40  56   7   9   0 0.00  0.0    0  5.7 13 240   M    M   0 8      23 250
22  64  43  54   5  11   0 0.00  0.0    0  6.2 12 340   M    M   2        20 220
23  47  28  38 -12  27   0 0.00  0.0    0  5.5 14 300   M    M   4 8      21 310
24  46  23  35 -15  30   0 0.00  0.0    0  3.8  9  20   M    M   1        14  10
25  35  25  30 -20  35   0 0.19  1.6    1  5.6 18 290   M    M   9 128    29 300
26  42  20  31 -20  34   0 0.00  0.0    T  3.5 10 310   M    M   3        18 320
27  63  31  47  -4  18   0    T  0.0    0  5.9 16 190   M    M   6        26 200
28  68  50  59   8   6   0 0.12  0.0    0  5.3 16 190   M    M   8 1      30 210
29  57  32  45  -7  20   0 1.52  1.0    0  6.7 16 310   M    M   9 12     26 320
30  53  31  42 -10  23   0 0.04  0.3    1  6.3 16 280   M    M   5 1      23 330
31  68  35  52   0  13   0 0.00  0.0    0  3.0  8 130   M    M   0        12 130
================================================================================
SM 1708  974       667   0  5.51    10.9 156.9          M      139
================================================================================
AV 55.1 31.4                               5.1 FASTST   M    M   4    MAX(MPH)
                                 MISC ---->  # 29 280               # 46  270
================================================================================
NOTES:
# LAST OF SEVERAL OCCURRENCES

COLUMN 17 PEAK WIND IN M.P.H.

PRELIMINARY LOCAL CLIMATOLOGICAL DATA (WS FORM: F-6) , PAGE 2

                                          STATION:  JACKSON KY
                                          MONTH:    MARCH
                                          YEAR:     2014
                                          LATITUDE:   37 35 N
                                          LONGITUDE:  83 19 W

[TEMPERATURE DATA]      [PRECIPITATION DATA]       SYMBOLS USED IN COLUMN 16

AVERAGE MONTHLY: 43.3   TOTAL FOR MONTH:   5.51    1 = FOG OR MIST
DPTR FM NORMAL:  -4.1   DPTR FM NORMAL:    1.39    2 = FOG REDUCING VISIBILITY
HIGHEST:    77 ON 11    GRTST 24HR  2.44 ON  2- 3      TO 1/4 MILE OR LESS
LOWEST:      8 ON  4                               3 = THUNDER
                        SNOW, ICE PELLETS, HAIL    4 = ICE PELLETS
                        TOTAL MONTH:  10.9 INCHES  5 = HAIL
                        GRTST 24HR   6.4 ON   3    6 = FREEZING RAIN OR DRIZZLE
                        GRTST DEPTH:   4 ON  4, 3  7 = DUSTSTORM OR SANDSTORM:
                                                       VSBY 1/2 MILE OR LESS
                                                   8 = SMOKE OR HAZE
[NO. OF DAYS WITH]      [WEATHER - DAYS WITH]      9 = BLOWING SNOW
                                                   X = TORNADO
MAX 32 OR BELOW:   1    0.01 INCH OR MORE:   9
MAX 90 OR ABOVE:   0    0.10 INCH OR MORE:   7
MIN 32 OR BELOW:  17    0.50 INCH OR MORE:   4
MIN  0 OR BELOW:   0    1.00 INCH OR MORE:   3

[HDD (BASE 65) ]
TOTAL THIS MO.   667    CLEAR  (SCALE 0-3)  15
DPTR FM NORMAL   114    PTCLDY (SCALE 4-7)   9
TOTAL FM JUL 1  4268    CLOUDY (SCALE 8-10)  7
DPTR FM NORMAL   415

[CDD (BASE 65) ]
TOTAL THIS MO.     0
DPTR FM NORMAL    -7    [PRESSURE DATA]
TOTAL FM JAN 1     0    HIGHEST SLP 30.39 ON 26
DPTR FM NORMAL    -7    LOWEST  SLP 29.28 ON 12

[REMARKS]
#FINAL-03-14#
