000
CXUS55 KJKL 011000
CF6JKL
PRELIMINARY LOCAL CLIMATOLOGICAL DATA (WS FORM: F-6)

                                          STATION:   JACKSON KY
                                          MONTH:     MARCH
                                          YEAR:      2010
                                          LATITUDE:   37 35 N
                                          LONGITUDE:  83 19 W

  TEMPERATURE IN F:       :PCPN:    SNOW:  WIND      :SUNSHINE: SKY     :PK WND
================================================================================
1   2   3   4   5  6A  6B    7    8   9   10  11  12  13   14  15   16   17  18
                                     12Z  AVG MX 2MIN
DY MAX MIN AVG DEP HDD CDD  WTR  SNW DPTH SPD SPD DIR MIN PSBL S-S WX    SPD DR
================================================================================

 1  36  30  33  -9  32   0 0.01    T    T  0.6  6 310   M    M  10 1       8 320
 2  39  28  34  -8  31   0    T    T    0  5.0 10  30   M    M  10        17  10
 3  33  28  31 -12  34   0 0.01  0.2    0  5.2 10 280   M    M  10 18     15 290
 4  45  28  37  -6  28   0    T    T    0  5.9 13 330   M    M   3        21 300
 5  45  26  36  -7  29   0 0.00  0.0    0  4.7 12 320   M    M   0        21 300
 6  50  25  38  -6  27   0 0.00  0.0    0  3.4  8  30   M    M   0        13  20
 7  57  28  43  -1  22   0    T  0.0    0  1.6  8 240   M    M   1        12 270
 8  65  38  52   7  13   0 0.03  0.0    0  1.7  9 250   M    M   2        15 250
 9  72  41  57  12   8   0    T  0.0    0  3.2 12 220   M    M   3        20 220
10  67  51  59  14   6   0    T  0.0    0  3.1  9 190   M    M   8        20 140
11  65  51  58  12   7   0 0.05  0.0    0  3.7 12 140   M    M   6        20 120
12  68  49  59  13   6   0 0.70  0.0    0  3.0 18 180   M    M   M 1235   30 260
13  50  41  46   0  19   0 0.02  0.0    0  4.6 12 240   M    M   4 1      18 220
14  46  40  43  -4  22   0 0.05  0.0    0  3.4  9 330   M    M  10 1      16 330
15  43  39  41  -6  24   0 0.02  0.0    0  5.9 12 300   M    M  10 18     17 310
16  50  40  45  -2  20   0 0.03  0.0    0  1.4  9  30   M    M  10 1      15 340
17  58  43  51   4  14   0 0.00  0.0    0  1.1  7  70   M    M   9        12  80
18  66  47  57   9   8   0 0.00  0.0    0  3.3 14 320   M    M   4        20 310
19  69  42  56   8   9   0 0.00  0.0    0  3.3 13 290   M    M   0        24 230
20  71  47  59  11   6   0 0.00  0.0    0  2.5 15 250   M    M   2        22 250
21  71  47  59  10   6   0 0.17  0.0    0  6.3 21 240   M    M   4 1      36 250
22  47  37  42  -7  23   0 0.24    T    0  4.3 13 250   M    M   9 12     18 280
23  60  37  49   0  16   0 0.02  0.0    0  7.1 16 280   M    M   6 1      26 260
24  71  42  57   7   8   0 0.00  0.0    0  2.3  8 180   M    M   0        12 190
25  59  50  55   5  10   0 0.05  0.0    0  4.8 17 180   M    M   6        33 180
26  50  32  41  -9  24   0 0.30    T    0  5.2 13  10   M    M   6 14     23  10
27  67  30  49  -2  16   0 0.00  0.0    0  3.5 12 150   M    M   0        18 180
28  55  44  50  -1  15   0 0.66  0.0    0  4.4 17 260   M    M   7 135    31 270
29  49  43  46  -5  19   0 0.07  0.0    0  4.6 10 320   M    M  10 1      17 330
30  59  39  49  -3  16   0    T  0.0    0  3.0  8 260   M    M   6 1      15 330
31  74  41  58   6   7   0 0.00  0.0    0  3.4  8 210   M    M   0        14 210
================================================================================
SM 1757 1204       525   0  2.43     0.2 115.5          M      156
================================================================================
AV 56.7 38.8                               3.7 FASTST   M    M   5    MAX(MPH)
                                 MISC ---->  # 21 240               # 36  250
================================================================================
NOTES:
# LAST OF SEVERAL OCCURRENCES

COLUMN 17 PEAK WIND IN M.P.H.

PRELIMINARY LOCAL CLIMATOLOGICAL DATA (WS FORM: F-6) , PAGE 2

                                          STATION:  JACKSON KY
                                          MONTH:    MARCH
                                          YEAR:     2010
                                          LATITUDE:   37 35 N
                                          LONGITUDE:  83 19 W

[TEMPERATURE DATA]      [PRECIPITATION DATA]       SYMBOLS USED IN COLUMN 16

AVERAGE MONTHLY: 47.8   TOTAL FOR MONTH:   2.43    1 = FOG OR MIST
DPTR FM NORMAL:   0.7   DPTR FM NORMAL:   -1.95    2 = FOG REDUCING VISIBILITY
HIGHEST:    74 ON 31    GRTST 24HR  0.70 ON 12-12      TO 1/4 MILE OR LESS
LOWEST:     25 ON  6                               3 = THUNDER
                        SNOW, ICE PELLETS, HAIL    4 = ICE PELLETS
                        TOTAL MONTH:   0.2 INCH    5 = HAIL
                        GRTST 24HR   0.2 ON   M    6 = FREEZING RAIN OR DRIZZLE
                        GRTST DEPTH:   T           7 = DUSTSTORM OR SANDSTORM:
                                                       VSBY 1/2 MILE OR LESS
                                                   8 = SMOKE OR HAZE
[NO. OF DAYS WITH]      [WEATHER - DAYS WITH]      9 = BLOWING SNOW
                                                   X = TORNADO
MAX 32 OR BELOW:   0    0.01 INCH OR MORE:  16
MAX 90 OR ABOVE:   0    0.10 INCH OR MORE:   5
MIN 32 OR BELOW:   9    0.50 INCH OR MORE:   2
MIN  0 OR BELOW:   0    1.00 INCH OR MORE:   0

[HDD (BASE 65) ]
TOTAL THIS MO.   525    CLEAR  (SCALE 0-3)  10
DPTR FM NORMAL   -32    PTCLDY (SCALE 4-7)  11
TOTAL FM JUL 1  4241    CLOUDY (SCALE 8-10)  9
DPTR FM NORMAL   294

[CDD (BASE 65) ]
TOTAL THIS MO.     0
DPTR FM NORMAL     0    [PRESSURE DATA]
TOTAL FM JAN 1     0    HIGHEST SLP 30.40 ON  6
DPTR FM NORMAL     0    LOWEST  SLP 29.43 ON 13

[REMARKS]
#FINAL-03-10#
