000
CXUS55 KJKL 031921 AAA
CF6JKL

PRELIMINARY LOCAL CLIMATOLOGICAL DATA (WS FORM: F-6)

                                          STATION:   JACKSON KY
                                          MONTH:     JANUARY
                                          YEAR:      2014
                                          LATITUDE:   37 35 N
                                          LONGITUDE:  83 19 W

  TEMPERATURE IN F:       :PCPN:    SNOW:  WIND      :SUNSHINE: SKY     :PK WND
================================================================================
1   2   3   4   5  6A  6B    7    8   9   10  11  12  13   14  15   16   17  18
                                     12Z  AVG MX 2MIN
DY MAX MIN AVG DEP HDD CDD  WTR  SNW DPTH SPD SPD DIR MIN PSBL S-S WX    SPD DR
================================================================================

 1  52  28  40   5  25   0 0.00  0.0    0  3.8  9 240   M    M   0        14 250
 2  40  13  27  -8  38   0 0.29  1.3    0  7.8 21 280   M    M   9 129    30 280
 3  21   8  15 -20  50   0    T  0.1    1  4.3 15 310   M    M   4        23 320
 4  46  14  30  -5  35   0 0.00  0.0    T  3.9 10 190   M    M   0        18 180
 5  56  33  45  10  20   0 0.42    T    0  7.1 24 260   M    M   5 1      40 280
 6  34  -3  16 -19  49   0 0.16  1.9    1 10.6 21 290   M    M   9 129    35 290
 7  12  -7   3 -32  62   0    T    T    1  4.9 14 260   M    M   2        20 240
 8  33   6  20 -15  45   0 0.00  0.0    1  2.7  8 180   M    M   1        14 220
 9  43  28  36   1  29   0 0.03  0.0    T  2.1  7 150   M    M   8        10 120
10  55  36  46  11  19   0 0.12  0.0    0  2.9  9 200   M    M   8 1      16 210
11  59  38  49  14  16   0 0.87  0.0    0  7.8 20 280   M    M   8 13     32 280
12  53  34  44   9  21   0 0.00  0.0    0  5.0 12 240   M    M   3 8      16 250
13  52  41  47  12  18   0 0.28  0.0    0  5.5 14 190   M    M   6 1      24 200
14  52  39  46  11  19   0 0.21  0.0    0  6.0 16 300   M    M   6 12     22 250
15  39  22  31  -4  34   0    T  0.0    0  5.9 13 270   M    M   5        20 320
16  37  20  29  -6  36   0    T    T    0  3.6 13 260   M    M   6        23 220
17  38  17  28  -7  37   0 0.15  2.2    1  5.8 16 270   M    M   9 1      24 290
18  35  13  24 -11  41   0    T    T    1  4.8 12 270   M    M   8 8      18 280
19  41  33  37   2  28   0 0.02  0.2    0  7.1 14 240   M    M   6 18     22 300
20  55  36  46  11  19   0 0.00  0.0    0  6.2 15 240   M    M   0        26 240
21  38   8  23 -12  42   0 0.36  5.4    3  6.4 16 330   M    M   9 128    25 310
22  17   0   9 -26  56   0    T    T    2  3.0 10 340   M    M   6 1      15 320
23  18   1  10 -25  55   0 0.01  0.5    3  7.5 16 310   M    M   5 18     22 270
24  21  -3   9 -26  56   0 0.00  0.0    3  4.8 12 210   M    M   1        20 210
25  33  19  26  -9  39   0 0.22  2.4    2  8.9 22 300   M    M   7 128    35 310
26  51  13  32  -3  33   0 0.00  0.0    3  6.2 14 230   M    M   4        27 210
27  47   9  28  -7  37   0 0.01    T    T  7.2 23 310   M    M   6        33 320
28  12   3   8 -28  57   0 0.00  0.0    T  2.1  8 350   M    M   5        11 340
29  22  -1  11 -25  54   0 0.00  0.0    T  2.5  7 250   M    M   0        11 260
30  40   8  24 -12  41   0 0.00  0.0    T  4.9 10 190   M    M   0        17 180
31  42  31  37   1  28   0 0.00  0.0    T  3.3  9 240   M    M   6        14 280
================================================================================
SM 1194  537      1139   0  3.15    14.0 164.6          M      152
================================================================================
AV 38.5 17.3                               5.3 FASTST   M    M   5    MAX(MPH)
                                 MISC ---->  # 24 260               # 40  280
================================================================================
NOTES:
# LAST OF SEVERAL OCCURRENCES

COLUMN 17 PEAK WIND IN M.P.H.

PRELIMINARY LOCAL CLIMATOLOGICAL DATA (WS FORM: F-6) , PAGE 2

                                          STATION:  JACKSON KY
                                          MONTH:    JANUARY
                                          YEAR:     2014
                                          LATITUDE:   37 35 N
                                          LONGITUDE:  83 19 W

[TEMPERATURE DATA]      [PRECIPITATION DATA]       SYMBOLS USED IN COLUMN 16

AVERAGE MONTHLY: 27.9   TOTAL FOR MONTH:   3.15    1 = FOG OR MIST
DPTR FM NORMAL:  -7.0   DPTR FM NORMAL:   -0.46    2 = FOG REDUCING VISIBILITY
HIGHEST:    59 ON 11    GRTST 24HR  0.87 ON 11-11      TO 1/4 MILE OR LESS
LOWEST:     -7 ON  7                               3 = THUNDER
                        SNOW, ICE PELLETS, HAIL    4 = ICE PELLETS
                        TOTAL MONTH:  14.0 INCHES  5 = HAIL
                        GRTST 24HR   5.4 ON 21     6 = FREEZING RAIN OR DRIZZLE
                        GRTST DEPTH:   3 ON 26,24  7 = DUSTSTORM OR SANDSTORM:
                                                       VSBY 1/2 MILE OR LESS
                                                   8 = SMOKE OR HAZE
[NO. OF DAYS WITH]      [WEATHER - DAYS WITH]      9 = BLOWING SNOW
                                                   X = TORNADO
MAX 32 OR BELOW:   7    0.01 INCH OR MORE:  14
MAX 90 OR ABOVE:   0    0.10 INCH OR MORE:  10
MIN 32 OR BELOW:  23    0.50 INCH OR MORE:   1
MIN  0 OR BELOW:   5    1.00 INCH OR MORE:   0

[HDD (BASE 65) ]
TOTAL THIS MO.  1139    CLEAR  (SCALE 0-3)   8
DPTR FM NORMAL   207    PTCLDY (SCALE 4-7)  18
TOTAL FM JUL 1  2784    CLOUDY (SCALE 8-10)  5
DPTR FM NORMAL   218

[CDD (BASE 65) ]
TOTAL THIS MO.     0
DPTR FM NORMAL     0    [PRESSURE DATA]
TOTAL FM JAN 1     0    HIGHEST SLP 30.68 ON 24
DPTR FM NORMAL     0    LOWEST  SLP 29.52 ON  5

[REMARKS]
#FINAL-01-14#
