000
CXUS55 KJKL 011925 CCA
CF6JKL

PRELIMINARY LOCAL CLIMATOLOGICAL DATA (WS FORM: F-6)

                                          STATION:   JACKSON KY
                                          MONTH:     MARCH
                                          YEAR:      2016
                                          LATITUDE:   37 35 N
                                          LONGITUDE:  83 19 W

  TEMPERATURE IN F:       :PCPN:    SNOW:  WIND      :SUNSHINE: SKY     :PK WND
================================================================================
1   2   3   4   5  6A  6B    7    8   9   10  11  12  13   14  15   16   17  18
                                     12Z  AVG MX 2MIN
DY MAX MIN AVG DEP HDD CDD  WTR  SNW DPTH SPD SPD DIR MIN PSBL S-S WX    SPD DR
================================================================================

 1  69  33  51   8  14   0 0.49  0.0    0  7.6 23 260   M    M   3 1      38 260
 2  37  27  32 -11  33   0    T    T    0  5.1 16 280   M    M   7        25 290
 3  33  27  30 -13  35   0 0.22  2.8    0  1.9  7  80   M    M   9 12     12 100
 4  36  31  34 -10  31   0 0.01    T    1  1.4  7 330   M    M   9 12      9 290
 5  46  33  40  -4  25   0 0.14  0.0    0  3.0 14 320   M    M  10 12     21 320
 6  55  35  45   1  20   0 0.00  0.0    0  2.2  8 150   M    M   5 1      11 120
 7  66  42  54  10  11   0 0.00  0.0    0  4.3  8 210   M    M   0        14 210
 8  77  53  65  20   0   0 0.00  0.0    0  4.7 15 240   M    M   0        23 210
 9  78  53  66  21   0   1 0.00  0.0    0  3.9 10 180   M    M   1        17 200
10  78  60  69  24   0   4    T  0.0    0  4.6 17 320   M    M   5        27 330
11  62  53  58  12   7   0 0.04  0.0    0  3.7  8  60   M    M   6 12     16  80
12  75  51  63  17   2   0    T  0.0    0  2.2  6 280   M    M   5         9  50
13  69  58  64  18   1   0 0.10  0.0    0  3.3  9 190   M    M   9 1      14 160
14  74  56  65  18   0   0 0.19  0.0    0  4.5 17 190   M    M   5 13     26 210
15  80  53  67  20   0   2 0.00  0.0    0  3.9  9 190   M    M   4 1      17 170
16  72  54  63  16   2   0    T  0.0    0  8.0 17 250   M    M   2        30 250
17  67  45  56   8   9   0 0.00  0.0    0  5.6 17 310   M    M   1        25 300
18  67  43  55   7  10   0 0.00  0.0    0  3.3 12 310   M    M   1        19  40
19  52  37  45  -3  20   0    T  0.0    0  3.6  9  10   M    M  10        17  90
20  50  31  41  -8  24   0 0.00  0.0    0  4.6 16 300   M    M   5        23 300
21  53  30  42  -7  23   0 0.00  0.0    0  5.5 14 270   M    M   1        20 320
22  69  36  53   4  12   0 0.00  0.0    0  6.4 14 180   M    M   0        23 180
23  74  52  63  13   2   0 0.00  0.0    0  5.5 15 170   M    M   0        24 260
24  75  55  65  15   0   0 0.35  0.0    0  7.3 18 180   M    M   7 1      32 170
25  57  38  48  -2  17   0 0.01  0.0    0  4.7 17 290   M    M  10 1      25 310
26  73  36  55   4  10   0 0.00  0.0    0  3.7  7  60   M    M   0        13  60
27  74  55  65  14   0   0 0.10  0.0    0  4.1 12 190   M    M   6 1      21 180
28  61  43  52   1  13   0 0.36  0.0    0  6.7 18 290   M    M   5 1      29 260
29  61  40  51  -1  14   0 0.00  0.0    0  3.3  9 320   M    M   2        14  20
30  77  44  61   9   4   0 0.00  0.0    0  5.1 13 200   M    M   0        22 180
31  74  57  66  14   0   1 0.37  0.0    0  7.5 20 190   M    M   4 13     43 170
================================================================================
SM 1991 1361       339   8  2.38     2.8 141.2          M      132
================================================================================
AV 64.2 43.9                               4.6 FASTST   M    M   4    MAX(MPH)
                                 MISC ---->  # 23 260               # 43  170
================================================================================
NOTES:
# LAST OF SEVERAL OCCURRENCES

COLUMN 17 PEAK WIND IN M.P.H.

PRELIMINARY LOCAL CLIMATOLOGICAL DATA (WS FORM: F-6) , PAGE 2

                                          STATION:  JACKSON KY
                                          MONTH:    MARCH
                                          YEAR:     2016
                                          LATITUDE:   37 35 N
                                          LONGITUDE:  83 19 W

[TEMPERATURE DATA]      [PRECIPITATION DATA]       SYMBOLS USED IN COLUMN 16

AVERAGE MONTHLY: 54.1   TOTAL FOR MONTH:   2.38    1 = FOG OR MIST
DPTR FM NORMAL:   6.7   DPTR FM NORMAL:   -1.74    2 = FOG REDUCING VISIBILITY
HIGHEST:    80 ON 15    GRTST 24HR  0.49 ON  1- 1      TO 1/4 MILE OR LESS
LOWEST:     27 ON  3, 2                            3 = THUNDER
                        SNOW, ICE PELLETS, HAIL    4 = ICE PELLETS
                        TOTAL MONTH:   2.8 INCHES  5 = HAIL
                        GRTST 24HR   2.8 ON  3     6 = FREEZING RAIN OR DRIZZLE
                        GRTST DEPTH:   1 ON  4     7 = DUSTSTORM OR SANDSTORM:
                                                       VSBY 1/2 MILE OR LESS
                                                   8 = SMOKE OR HAZE
[NO. OF DAYS WITH]      [WEATHER - DAYS WITH]      9 = BLOWING SNOW
                                                   X = TORNADO
MAX 32 OR BELOW:   0    0.01 INCH OR MORE:  12
MAX 90 OR ABOVE:   0    0.10 INCH OR MORE:   9
MIN 32 OR BELOW:   5    0.50 INCH OR MORE:   0
MIN  0 OR BELOW:   0    1.00 INCH OR MORE:   0

[HDD (BASE 65) ]
TOTAL THIS MO.   339    CLEAR  (SCALE 0-3)  13
DPTR FM NORMAL  -214    PTCLDY (SCALE 4-7)  12
TOTAL FM JUL 1  3093    CLOUDY (SCALE 8-10)  6
DPTR FM NORMAL  -760

[CDD (BASE 65) ]
TOTAL THIS MO.     8
DPTR FM NORMAL     1    [PRESSURE DATA]
TOTAL FM JAN 1     8    HIGHEST SLP 30.35 ON  6
DPTR FM NORMAL     1    LOWEST  SLP 29.63 ON 16

[REMARKS]
#FINAL-03-16#
