000
CXUS55 KJKL 011434
CF6JKL
PRELIMINARY LOCAL CLIMATOLOGICAL DATA (WS FORM: F-6)

                                          STATION:   JACKSON KY
                                          MONTH:     SEPTEMBER
                                          YEAR:      2015
                                          LATITUDE:   37 35 N
                                          LONGITUDE:  83 19 W

  TEMPERATURE IN F:       :PCPN:    SNOW:  WIND      :SUNSHINE: SKY     :PK WND
================================================================================
1   2   3   4   5  6A  6B    7    8   9   10  11  12  13   14  15   16   17  18
                                     12Z  AVG MX 2MIN
DY MAX MIN AVG DEP HDD CDD  WTR  SNW DPTH SPD SPD DIR MIN PSBL S-S WX    SPD DR
================================================================================

 1  88  66  77   4   0  12 0.00  0.0    0  0.6  5 260   M    M   2 1       7 350
 2  89  67  78   6   0  13 0.00  0.0    0  1.0  7 310   M    M   1 1      10 320
 3  87  66  77   5   0  12 0.00  0.0    0  1.2  9 320   M    M   1 138    14 310
 4  88  68  78   6   0  13 0.00  0.0    0  0.6  6 310   M    M   1 18      9  70
 5  88  68  78   6   0  13 0.00  0.0    0  1.4  8 140   M    M   0 18     13 120
 6  88  66  77   6   0  12 0.00  0.0    0  1.5  6 120   M    M   1         9 290
 7  89  67  78   7   0  13 0.00  0.0    0  1.1  6 300   M    M   1        10 140
 8  89  67  78   7   0  13 0.00  0.0    0  1.3  7 170   M    M   3 1      12 190
 9  86  69  78   8   0  13 0.19  0.0    0  0.8 13 280   M    M   7 123    18 280
10  76  65  71   1   0   6 0.16  0.0    0  0.5  9 300   M    M   8 12     13 310
11  80  63  72   2   0   7 0.32  0.0    0  1.2  8 300   M    M   6 12     13 300
12  69  54  62  -8   3   0 0.02  0.0    0  4.7 17 310   M    M   9 13     27 320
13  67  52  60  -9   5   0 0.00  0.0    0  3.6  9 310   M    M   6        14 290
14  73  46  60  -9   5   0 0.00  0.0    0  1.1  6 290   M    M   0        10 300
15  79  52  66  -2   0   1 0.00  0.0    0  0.7  6 120   M    M   0         9 100
16  82  54  68   0   0   3 0.00  0.0    0  0.8  6 110   M    M   0         9 310
17  81  57  69   1   0   4 0.00  0.0    0  0.7  7 160   M    M   0        10 170
18  84  58  71   4   0   6 0.00  0.0    0  1.0  7 160   M    M   0        10 150
19  85  60  73   6   0   8 0.14  0.0    0  2.0 15 320   M    M   3 1      22 360
20  73  58  66  -1   0   1    T  0.0    0   M   8  80   M    M   5        13  70
21  74  55  65  -1   0   0 0.00  0.0    0  1.1  8 320   M    M   2        11 330
22  79  57  68   2   0   3 0.00  0.0    0  0.6  6  80   M    M   3 12      9  10
23  82  59  71   6   0   6 0.00  0.0    0  0.9  6  60   M    M   0        12 140
24  81  60  71   6   0   6 0.00  0.0    0  1.0  6  50   M    M   0        10  90
25  67  57  62  -3   3   0 0.40  0.0    0  2.3  7  70   M    M   7 1      15  90
26  67  57  62  -2   3   0 0.28  0.0    0  2.3  8  90   M    M  10 1      14 120
27  75  59  67   3   0   2 0.00  0.0    0  2.6  9 130   M    M   6        14 150
28  82  65  74  10   0   9 0.02  0.0    0  0.9  5  60   M    M   5 3       8 170
29  71  67  69   6   0   4 0.53  0.0    0  0.5  6  20   M    M   8 1      11 360
30  67  60  64   1   1   0 0.03  0.0    0  0.3  5  40   M    M  10 1      10  20
================================================================================
SM 2386 1819        20 180  2.09     0.0  38.3          M      105
================================================================================
AV 79.5 60.6                               1.3 FASTST   M    M   4    MAX(MPH)
                                 MISC ---->  # 17 310               # 27  320
================================================================================
NOTES:
# LAST OF SEVERAL OCCURRENCES

COLUMN 17 PEAK WIND IN M.P.H.

PRELIMINARY LOCAL CLIMATOLOGICAL DATA (WS FORM: F-6) , PAGE 2

                                          STATION:  JACKSON KY
                                          MONTH:    SEPTEMBER
                                          YEAR:     2015
                                          LATITUDE:   37 35 N
                                          LONGITUDE:  83 19 W

[TEMPERATURE DATA]      [PRECIPITATION DATA]       SYMBOLS USED IN COLUMN 16

AVERAGE MONTHLY: 70.1   TOTAL FOR MONTH:   2.09    1 = FOG OR MIST
DPTR FM NORMAL:   2.0   DPTR FM NORMAL:   -1.37    2 = FOG REDUCING VISIBILITY
HIGHEST:    89 ON  8, 7 GRTST 24HR  0.54 ON 29-30      TO 1/4 MILE OR LESS
LOWEST:     46 ON 14                               3 = THUNDER
                        SNOW, ICE PELLETS, HAIL    4 = ICE PELLETS
                        TOTAL MONTH:   0.0 INCH    5 = HAIL
                        GRTST 24HR     0.0         6 = FREEZING RAIN OR DRIZZLE
                        GRTST DEPTH:   0           7 = DUSTSTORM OR SANDSTORM:
                                                       VSBY 1/2 MILE OR LESS
                                                   8 = SMOKE OR HAZE
[NO. OF DAYS WITH]      [WEATHER - DAYS WITH]      9 = BLOWING SNOW
                                                   X = TORNADO
MAX 32 OR BELOW:   0    0.01 INCH OR MORE:  10
MAX 90 OR ABOVE:   0    0.10 INCH OR MORE:   7
MIN 32 OR BELOW:   0    0.50 INCH OR MORE:   1
MIN  0 OR BELOW:   0    1.00 INCH OR MORE:   0

[HDD (BASE 65) ]
TOTAL THIS MO.    20    CLEAR  (SCALE 0-3)  18
DPTR FM NORMAL   -30    PTCLDY (SCALE 4-7)   8
TOTAL FM JUL 1    20    CLOUDY (SCALE 8-10)  4
DPTR FM NORMAL   -32

[CDD (BASE 65) ]
TOTAL THIS MO.   180
DPTR FM NORMAL    37    [PRESSURE DATA]
TOTAL FM JAN 1  1231    HIGHEST SLP 30.38 ON 15
DPTR FM NORMAL   110    LOWEST  SLP 29.78 ON 29

[REMARKS]
#FINAL-09-15#
