000
CXUS55 KJKL 011006
CF6JKL

PRELIMINARY LOCAL CLIMATOLOGICAL DATA (WS FORM: F-6)

                                          STATION:   JACKSON KY
                                          MONTH:     NOVEMBER
                                          YEAR:      2013
                                          LATITUDE:   37 35 N
                                          LONGITUDE:  83 19 W

  TEMPERATURE IN F:       :PCPN:    SNOW:  WIND      :SUNSHINE: SKY     :PK WND
================================================================================
1   2   3   4   5  6A  6B    7    8   9   10  11  12  13   14  15   16   17  18
                                     12Z  AVG MX 2MIN
DY MAX MIN AVG DEP HDD CDD  WTR  SNW DPTH SPD SPD DIR MIN PSBL S-S WX    SPD DR
================================================================================

 1  72  54  63   9   2   0 0.38  0.0    0  5.5 28 270   M    M   6 13     47 290
 2  59  44  52  -1  13   0    T  0.0    0  4.6 14 310   M    M   4        23 270
 3  53  38  46  -7  19   0 0.00  0.0    0  2.0  7 130   M    M   6        10  70
 4  62  38  50  -3  15   0 0.00  0.0    0  1.5  8 140   M    M   0        12 120
 5  66  46  56   4   9   0 0.00  0.0    0  2.6  7 160   M    M   0        12 150
 6  73  53  63  11   2   0    T  0.0    0  6.2 16 180   M    M   7 1      28 190
 7  60  35  48  -4  17   0 0.40  0.0    0  6.4 14 300   M    M   5 1      24 300
 8  52  31  42  -9  23   0 0.00  0.0    0  3.1 10 320   M    M   0        14 290
 9  62  34  48  -3  17   0 0.00  0.0    0  4.8 13 220   M    M   0        24 220
10  56  39  48  -3  17   0 0.00  0.0    0  5.6 16 300   M    M   0        23 300
11  64  31  48  -2  17   0    T  0.0    0  3.4  9 240   M    M   2        14 150
12  55  25  40 -10  25   0 0.17  0.9    T  5.2 14  20   M    M   8 1      23  10
13  40  21  31 -18  34   0 0.00  0.0    0  2.5  7 270   M    M   0        10 330
14  56  26  41  -8  24   0 0.00  0.0    0  4.6 10 250   M    M   0        19 240
15  56  39  48  -1  17   0 0.07  0.0    0  3.3 10 240   M    M   5 1      16 230
16  65  46  56   8   9   0 0.00  0.0    0  3.2  9 180   M    M   8 128    17 200
17  68  54  61  13   4   0 0.41  0.0    0  6.2 17 250   M    M   9 1      37 240
18  60  41  51   3  14   0 0.00  0.0    0  6.8 20 260   M    M   2 8      29 260
19  46  32  39  -8  26   0 0.00  0.0    0  4.7 10 310   M    M   0 8      16  20
20  58  30  44  -3  21   0 0.00  0.0    0  3.4  8 150   M    M   0        15  50
21  64  41  53   7  12   0 0.01  0.0    0  3.9  8 200   M    M   5        14 190
22  59  43  51   5  14   0 0.43  0.0    0  4.7 15 330   M    M   9 1      22 330
23  43  24  34 -12  31   0    T    T    0  6.9 14 340   M    M   6        26 330
24  30  17  24 -21  41   0    T    T    0  3.9 10  10   M    M   1        18 350
25  44  20  32 -13  33   0 0.09  0.2    0  2.3  8 240   M    M   4 16     16 300
26  37  31  34 -10  31   0 0.96  0.3    T  2.9 10 320   M    M  10 1246   16 340
27  31  20  26 -18  39   0 0.09  1.4    1  6.4 17 320   M    M   9 1      26 320
28  36  16  26 -18  39   0 0.00  0.0    1  3.3  8 180   M    M   0        12 190
29  44  26  35  -8  30   0 0.00  0.0    0  2.3  7  70   M    M   0        13  50
30  56  29  43   0  22   0 0.00  0.0    0  3.8 12 240   M    M   0        18 240
================================================================================
SM 1627 1024       617   0  3.01     2.8 126.0          M      106
================================================================================
AV 54.2 34.1                               4.2 FASTST   M    M   4    MAX(MPH)
                                 MISC ---->  # 28 270               # 47  290
================================================================================
NOTES:
# LAST OF SEVERAL OCCURRENCES

COLUMN 17 PEAK WIND IN M.P.H.

PRELIMINARY LOCAL CLIMATOLOGICAL DATA (WS FORM: F-6) , PAGE 2

                                          STATION:  JACKSON KY
                                          MONTH:    NOVEMBER
                                          YEAR:     2013
                                          LATITUDE:   37 35 N
                                          LONGITUDE:  83 19 W

[TEMPERATURE DATA]      [PRECIPITATION DATA]       SYMBOLS USED IN COLUMN 16

AVERAGE MONTHLY: 44.2   TOTAL FOR MONTH:   3.01    1 = FOG OR MIST
DPTR FM NORMAL:  -4.2   DPTR FM NORMAL:   -0.95    2 = FOG REDUCING VISIBILITY
HIGHEST:    73 ON  6    GRTST 24HR  1.00 ON 26-27      TO 1/4 MILE OR LESS
LOWEST:     16 ON 28                               3 = THUNDER
                        SNOW, ICE PELLETS, HAIL    4 = ICE PELLETS
                        TOTAL MONTH:   2.8 INCHES  5 = HAIL
                        GRTST 24HR   1.7 ON 26-27  6 = FREEZING RAIN OR DRIZZLE
                        GRTST DEPTH:   1 ON 28,27  7 = DUSTSTORM OR SANDSTORM:
                                                       VSBY 1/2 MILE OR LESS
                                                   8 = SMOKE OR HAZE
[NO. OF DAYS WITH]      [WEATHER - DAYS WITH]      9 = BLOWING SNOW
                                                   X = TORNADO
MAX 32 OR BELOW:   2    0.01 INCH OR MORE:  10
MAX 90 OR ABOVE:   0    0.10 INCH OR MORE:   6
MIN 32 OR BELOW:  15    0.50 INCH OR MORE:   1
MIN  0 OR BELOW:   0    1.00 INCH OR MORE:   0

[HDD (BASE 65) ]
TOTAL THIS MO.   617    CLEAR  (SCALE 0-3)  15
DPTR FM NORMAL   114    PTCLDY (SCALE 4-7)  11
TOTAL FM JUL 1   887    CLOUDY (SCALE 8-10)  4
DPTR FM NORMAL    87

[CDD (BASE 65) ]
TOTAL THIS MO.     0
DPTR FM NORMAL    -4    [PRESSURE DATA]
TOTAL FM JAN 1  1069    HIGHEST SLP 30.67 ON 24
DPTR FM NORMAL   -85    LOWEST  SLP 29.69 ON 17

[REMARKS]
#FINAL-11-13#
