000
CXUS55 KJKL 301000
CF6JKL
PRELIMINARY LOCAL CLIMATOLOGICAL DATA (WS FORM: F-6)

                                          STATION:   JACKSON KY
                                          MONTH:     AUGUST
                                          YEAR:      2016
                                          LATITUDE:   37 35 N
                                          LONGITUDE:  83 19 W

  TEMPERATURE IN F:       :PCPN:    SNOW:  WIND      :SUNSHINE: SKY     :PK WND
================================================================================
1   2   3   4   5  6A  6B    7    8   9   10  11  12  13   14  15   16   17  18
                                     12Z  AVG MX 2MIN
DY MAX MIN AVG DEP HDD CDD  WTR  SNW DPTH SPD SPD DIR MIN PSBL S-S WX    SPD DR
================================================================================

 1  84  69  77   2   0  12 0.49  0.0    0  0.3  9 300   M    M   3 123    15 270
 2  83  69  76   1   0  11 0.35  0.0    0  1.2  7 310   M    M   6 12     11 300
 3  87  69  78   3   0  13 0.00  0.0    0  0.1  6 310   M    M   4 12      8 120
 4  90  70  80   5   0  15 0.76  0.0    0  1.7  9 240   M    M   4 1238   20 240
 5  87  71  79   4   0  14    T  0.0    0  1.2 12 280   M    M   4 1      15 270
 6  86  70  78   3   0  13 0.58  0.0    0  0.8  7 260   M    M   7 13     13 240
 7  85  69  77   2   0  12 0.00  0.0    0  0.7  7 120   M    M   6        12  60
 8  83  70  77   2   0  12 0.00  0.0    0  0.7  5  50   M    M   9        11 100
 9  90  72  81   6   0  16    T  0.0    0  2.4  7 130   M    M   4        11 120
10  89  74  82   7   0  17 0.57  0.0    0  1.6 10 160   M    M   4 13     15 150
11  90  72  81   6   0  16 0.00  0.0    0  1.7  6 150   M    M   2 3       9 160
12  90  74  82   7   0  17 0.00  0.0    0  1.2  6 160   M    M   3        11 150
13  88  74  81   6   0  16 0.00  0.0    0  2.1  9 170   M    M   2        19 200
14  89  72  81   6   0  16    T  0.0    0  1.3  7 250   M    M   2        13 260
15  90  70  80   5   0  15 0.21  0.0    0  1.3 14 170   M    M   2 123    27 150
16  87  70  79   4   0  14 0.29  0.0    0  2.1 15 300   M    M   3 138    27 290
17  83  70  77   2   0  12 1.32  0.0    0  1.0 13 310   M    M   4 13     24 320
18  79  70  75   0   0  10 0.28  0.0    0  1.1  9 320   M    M   8 12     13 150
19  80  69  75   0   0  10 0.15  0.0    0  0.5  6 270   M    M   6 12     10 260
20  81  68  75   0   0  10 1.40  0.0    0  1.2  9 270   M    M   8 123    16 290
21  79  64  72  -2   0   7 0.05  0.0    0  2.5 10 330   M    M   6 1      15 330
22  79  59  69  -5   0   4 0.00  0.0    0  0.8  7 310   M    M   1 1       9 310
23  83  60  72  -2   0   7 0.00  0.0    0  1.3  7 170   M    M   0        11 140
24  86  64  75   1   0  10 0.00  0.0    0  1.3  8 160   M    M   1        14 270
25  90  72  81   7   0  16    T  0.0    0  1.0  7 280   M    M   2        13 270
26  90  72  81   7   0  16 0.00  0.0    0  0.3  5 300   M    M   1 1       7 320
27  92  72  82   8   0  17 0.00  0.0    0  1.0  7 150   M    M   0 3      10 280
28  90  70  80   6   0  15    T  0.0    0  1.3 10 310   M    M   1 3      16 340
29  89  68  79   6   0  14 0.38  0.0    0  0.5 12 320   M    M   1 13     19  40
================================================================================
SM 2499 2013         0 377  6.83     0.0  34.2          M      104
================================================================================
AV 86.2 69.4                               1.2 FASTST   M    M   4    MAX(MPH)
                                 MISC ---->  # 15 300               # 27  150
================================================================================
NOTES:
# LAST OF SEVERAL OCCURRENCES

COLUMN 17 PEAK WIND IN M.P.H.

PRELIMINARY LOCAL CLIMATOLOGICAL DATA (WS FORM: F-6) , PAGE 2

                                          STATION:  JACKSON KY
                                          MONTH:    AUGUST
                                          YEAR:     2016
                                          LATITUDE:   37 35 N
                                          LONGITUDE:  83 19 W

[TEMPERATURE DATA]      [PRECIPITATION DATA]       SYMBOLS USED IN COLUMN 16

AVERAGE MONTHLY: 77.8   TOTAL FOR MONTH:   6.83    1 = FOG OR MIST
DPTR FM NORMAL:   3.1   DPTR FM NORMAL:    3.34    2 = FOG REDUCING VISIBILITY
HIGHEST:    92 ON 27    GRTST 24HR  1.44 ON 20-21      TO 1/4 MILE OR LESS
LOWEST:     59 ON 22                               3 = THUNDER
                        SNOW, ICE PELLETS, HAIL    4 = ICE PELLETS
                        TOTAL MONTH:   0.0 INCH    5 = HAIL
                        GRTST 24HR     0.0         6 = FREEZING RAIN OR DRIZZLE
                        GRTST DEPTH:   0           7 = DUSTSTORM OR SANDSTORM:
                                                       VSBY 1/2 MILE OR LESS
                                                   8 = SMOKE OR HAZE
[NO. OF DAYS WITH]      [WEATHER - DAYS WITH]      9 = BLOWING SNOW
                                                   X = TORNADO
MAX 32 OR BELOW:   0    0.01 INCH OR MORE:  13
MAX 90 OR ABOVE:   9    0.10 INCH OR MORE:  12
MIN 32 OR BELOW:   0    0.50 INCH OR MORE:   5
MIN  0 OR BELOW:   0    1.00 INCH OR MORE:   2

[HDD (BASE 65) ]
TOTAL THIS MO.     0    CLEAR  (SCALE 0-3)  15
DPTR FM NORMAL     0    PTCLDY (SCALE 4-7)  12
TOTAL FM JUL 1     0    CLOUDY (SCALE 8-10)  2
DPTR FM NORMAL     0

[CDD (BASE 65) ]
TOTAL THIS MO.   377
DPTR FM NORMAL    96    [PRESSURE DATA]
TOTAL FM JAN 1  1205    HIGHEST SLP M ON M
DPTR FM NORMAL   244    LOWEST  SLP 29.79 ON 20

[REMARKS]
