000
CXUS55 KJKL 010800
CF6JKL
PRELIMINARY LOCAL CLIMATOLOGICAL DATA (WS FORM: F-6)

                                          STATION:   JACKSON KY
                                          MONTH:     JUNE
                                          YEAR:      2013
                                          LATITUDE:   37 35 N
                                          LONGITUDE:  83 19 W

  TEMPERATURE IN F:       :PCPN:    SNOW:  WIND      :SUNSHINE: SKY     :PK WND
================================================================================
1   2   3   4   5  6A  6B    7    8   9   10  11  12  13   14  15   16   17  18
                                     12Z  AVG MX 2MIN
DY MAX MIN AVG DEP HDD CDD  WTR  SNW DPTH SPD SPD DIR MIN PSBL S-S WX    SPD DR
================================================================================

 1  84  68  76   8   0  11 0.17  0.0    0  3.1 13 200   M    M   5 138    26 170
 2  72  65  69   0   0   4 0.14  0.0    0  1.3 10 270   M    M   9 1      21 240
 3  75  60  68  -1   0   3    T  0.0    0  2.1 12 330   M    M   7 12     16 320
 4  76  56  66  -3   0   1 0.00  0.0    0  0.7  7 140   M    M   2        13  60
 5  82  60  71   1   0   6 0.01  0.0    0  2.0  7 230   M    M   3 3      16 220
 6  79  64  72   2   0   7    T  0.0    0  1.5 10 300   M    M   8        16 300
 7  76  63  70   0   0   5 0.00  0.0    0  1.2  9 340   M    M   6        15 340
 8  79  58  69  -1   0   4 0.00  0.0    0  0.1  6 300   M    M   4 1       8 260
 9  82  63  73   2   0   8 1.06  0.0    0  2.0 17 310   M    M   5 123    24 310
10  79  62  71   0   0   6 0.70  0.0    0  1.5 12 250   M    M   8 138    21 220
11  81  62  72   1   0   7 0.00  0.0    0  0.7  8 280   M    M   6 12     15 290
12  91  68  80   9   0  15 0.00  0.0    0  2.2  9 310   M    M   1        16 220
13  79  62  71  -1   0   6 0.90  0.0    0  4.0 20 300   M    M   4 138    32 300
14  78  57  68  -4   0   3 0.00  0.0    0  1.4  9 310   M    M   1        15 300
15  81  56  69  -3   0   4 0.00  0.0    0  1.2  7 320   M    M   1 1      13 270
16  82  65  74   2   0   9 0.72  0.0    0  1.2 13 250   M    M   3 1238   22 250
17  84  64  74   1   0   9 0.84  0.0    0  0.6 10 310   M    M   4 123    15 320
18  77  63  70  -3   0   5 0.68  0.0    0  0.5  9 300   M    M   7 12     16 300
19  80  63  72  -1   0   7 0.00  0.0    0  0.0  5 340   M    M   5 18      8 310
20  82  62  72  -1   0   7 0.00  0.0    0  0.1  5  80   M    M   0 1       8 110
21  85  64  75   1   0  10 0.00  0.0    0  1.2  8 260   M    M   1 3      12 270
22  86  64  75   1   0  10 0.00  0.0    0  0.6  7 300   M    M   2 1      10 210
23  86  65  76   2   0  11 0.00  0.0    0  1.4  6 150   M    M   1 1      10 180
24  86  67  77   3   0  12 0.03  0.0    0  1.5  8 180   M    M   2 13     15 200
25  84  66  75   1   0  10 0.00  0.0    0  0.8  6 170   M    M   1 13     12 170
26  86  66  76   2   0  11 0.60  0.0    0  2.1 17 320   M    M   2 13     25 330
27  80  64  72  -2   0   7 0.44  0.0    0  1.6 13 320   M    M   7 13     20 310
28  85  68  77   2   0  12 0.00  0.0    0  3.0 13 270   M    M   4 1      20 250
29  81  63  72  -3   0   7 0.00  0.0    0  1.7 10 310   M    M   5 3      16 310
30  81  63  72  -3   0   7 0.07  0.0    0  1.6  9 300   M    M   4 13     15 140
================================================================================
SM 2439 1891         0 224  6.36     0.0  42.9          M      118
================================================================================
AV 81.3 63.0                               1.4 FASTST   M    M   4    MAX(MPH)
                                 MISC ---->  # 20 300               # 32  300
================================================================================
NOTES:
# LAST OF SEVERAL OCCURRENCES

COLUMN 17 PEAK WIND IN M.P.H.

PRELIMINARY LOCAL CLIMATOLOGICAL DATA (WS FORM: F-6) , PAGE 2

                                          STATION:  JACKSON KY
                                          MONTH:    JUNE
                                          YEAR:     2013
                                          LATITUDE:   37 35 N
                                          LONGITUDE:  83 19 W

[TEMPERATURE DATA]      [PRECIPITATION DATA]       SYMBOLS USED IN COLUMN 16

AVERAGE MONTHLY: 72.2   TOTAL FOR MONTH:   6.36    1 = FOG OR MIST
DPTR FM NORMAL:   0.2   DPTR FM NORMAL:    1.66    2 = FOG REDUCING VISIBILITY
HIGHEST:    91 ON 12    GRTST 24HR  1.62 ON  9-10      TO 1/4 MILE OR LESS
LOWEST:     56 ON 15, 4                            3 = THUNDER
                        SNOW, ICE PELLETS, HAIL    4 = ICE PELLETS
                        TOTAL MONTH:   0.0 INCH    5 = HAIL
                        GRTST 24HR     0.0         6 = FREEZING RAIN OR DRIZZLE
                        GRTST DEPTH:   0           7 = DUSTSTORM OR SANDSTORM:
                                                       VSBY 1/2 MILE OR LESS
                                                   8 = SMOKE OR HAZE
[NO. OF DAYS WITH]      [WEATHER - DAYS WITH]      9 = BLOWING SNOW
                                                   X = TORNADO
MAX 32 OR BELOW:   0    0.01 INCH OR MORE:  13
MAX 90 OR ABOVE:   1    0.10 INCH OR MORE:  10
MIN 32 OR BELOW:   0    0.50 INCH OR MORE:   7
MIN  0 OR BELOW:   0    1.00 INCH OR MORE:   1

[HDD (BASE 65) ]
TOTAL THIS MO.     0    CLEAR  (SCALE 0-3)  11
DPTR FM NORMAL   -12    PTCLDY (SCALE 4-7)  18
TOTAL FM JUL 1  4364    CLOUDY (SCALE 8-10)  1
DPTR FM NORMAL   130

[CDD (BASE 65) ]
TOTAL THIS MO.   224
DPTR FM NORMAL     1    [PRESSURE DATA]
TOTAL FM JAN 1   372    HIGHEST SLP 30.23 ON 22
DPTR FM NORMAL    13    LOWEST  SLP 29.60 ON 29

[REMARKS]
#FINAL-06-13#
