000
CXUS55 KJKL 011040
CF6JKL

PRELIMINARY LOCAL CLIMATOLOGICAL DATA (WS FORM: F-6)

                                          STATION:   JACKSON KY
                                          MONTH:     FEBRUARY
                                          YEAR:      2013
                                          LATITUDE:   37 35 N
                                          LONGITUDE:  83 19 W

  TEMPERATURE IN F:       :PCPN:    SNOW:  WIND      :SUNSHINE: SKY     :PK WND
================================================================================
1   2   3   4   5  6A  6B    7    8   9   10  11  12  13   14  15   16   17  18
                                     12Z  AVG MX 2MIN
DY MAX MIN AVG DEP HDD CDD  WTR  SNW DPTH SPD SPD DIR MIN PSBL S-S WX    SPD DR
================================================================================

 1  31   9  20 -16  45   0 0.09  1.1    1  6.7 25 290   M    M   4 129    40 320
 2  31  14  23 -13  42   0 0.17  2.3    T  3.0 10 290   M    M   8 126    17 300
 3  30  24  27  -9  38   0 0.02  0.3    2  5.2 15 260   M    M  10 1      22 280
 4  47  22  35  -1  30   0    T  0.0    2  2.8 14 260   M    M   7        24 240
 5  54  40  47  10  18   0    T  0.0    0  5.0 15 290   M    M   9        23 310
 6  51  32  42   5  23   0 0.00  0.0    0  2.8 13 300   M    M   3 1      21 290
 7  62  36  49  12  16   0 0.00  0.0    0  3.2  8 190   M    M   3        13 210
 8  49  33  41   4  24   0 0.15  0.0    0  6.7 16 320   M    M  10 1      28 340
 9  46  27  37   0  28   0 0.00  0.0    0  2.3  7  80   M    M   3        13  60
10  58  34  46   8  19   0 0.20  0.0    0  3.1  9 150   M    M   6 1       M  M
11  59  41  50  12  15   0 0.01  0.0    0  7.2 17 240   M    M   4 1      32 220
12  53  32  43   5  22   0 0.00  0.0    0  2.0  9 250   M    M   0        14 260
13  44  31  38   0  27   0 0.12    T    0  4.0 15 330   M    M  10 1      23 330
14  53  29  41   3  24   0 0.00  0.0    0  4.4 13 240   M    M   5 1      23 160
15  42  31  37  -2  28   0 0.04    T    0  2.5 15 330   M    M   7 1      23 310
16  33  21  27 -12  38   0 0.02  0.4    0  5.4 14 280   M    M   5 12     21 320
17  33  17  25 -14  40   0    T  0.2    T  3.6 14 270   M    M   4 1      20 270
18  57  25  41   1  24   0 0.00  0.0    0  5.8 14 190   M    M   1        23 190
19  50  28  39  -1  26   0 0.17  0.0    0 10.6 17 260   M    M   6 1      33 220
20  36  20  28 -12  37   0 0.00  0.0    0  5.4 15 270   M    M   3        24 260
21  40  18  29 -11  36   0 0.14    T    0  4.2 10  50   M    M   2 146    18  60
22  60  30  45   5  20   0 0.17  0.0    0  4.3 12 220   M    M   6 16     21 240
23  53  37  45   4  20   0 0.00  0.0    0  3.5 10 290   M    M   6        14 310
24  48  27  38  -3  27   0 0.00  0.0    0  3.7 12 280   M    M   0        17 300
25  50  27  39  -2  26   0 0.00  0.0    0  5.5 12  60   M    M   0        18  50
26  59  39  49   7  16   0 0.44  0.0    0  7.2 17 230   M    M   8 13     32 230
27  42  32  37  -5  28   0 0.11  0.3    0  5.8 14 240   M    M   9 1      26 250
28  33  30  32 -10  33   0 0.06  0.7    1  5.8 13 260   M    M   9 16     22 270
================================================================================
SM 1304  786       770   0  1.91     5.3 131.7          M      148
================================================================================
AV 46.6 28.1                               4.7 FASTST   M    M   5    MAX(MPH)
                                 MISC ---->  # 25 290               # 40  320
================================================================================
NOTES:
# LAST OF SEVERAL OCCURRENCES

COLUMN 17 PEAK WIND IN M.P.H.

PRELIMINARY LOCAL CLIMATOLOGICAL DATA (WS FORM: F-6) , PAGE 2

                                          STATION:  JACKSON KY
                                          MONTH:    FEBRUARY
                                          YEAR:     2013
                                          LATITUDE:   37 35 N
                                          LONGITUDE:  83 19 W

[TEMPERATURE DATA]      [PRECIPITATION DATA]       SYMBOLS USED IN COLUMN 16

AVERAGE MONTHLY: 37.3   TOTAL FOR MONTH:   1.91    1 = FOG OR MIST
DPTR FM NORMAL:  -1.5   DPTR FM NORMAL:   -1.84    2 = FOG REDUCING VISIBILITY
HIGHEST:    62 ON  7    GRTST 24HR  0.46 ON 26-27      TO 1/4 MILE OR LESS
LOWEST:      9 ON  1                               3 = THUNDER
                        SNOW, ICE PELLETS, HAIL    4 = ICE PELLETS
                        TOTAL MONTH:   5.3 INCHES  5 = HAIL
                        GRTST 24HR   2.4 ON  2-3   6 = FREEZING RAIN OR DRIZZLE
                        GRTST DEPTH:   2 ON  4, 3  7 = DUSTSTORM OR SANDSTORM:
                                                       VSBY 1/2 MILE OR LESS
                                                   8 = SMOKE OR HAZE
[NO. OF DAYS WITH]      [WEATHER - DAYS WITH]      9 = BLOWING SNOW
                                                   X = TORNADO
MAX 32 OR BELOW:   3    0.01 INCH OR MORE:  15
MAX 90 OR ABOVE:   0    0.10 INCH OR MORE:   9
MIN 32 OR BELOW:  21    0.50 INCH OR MORE:   0
MIN  0 OR BELOW:   0    1.00 INCH OR MORE:   0

[HDD (BASE 65) ]
TOTAL THIS MO.   770    CLEAR  (SCALE 0-3)   7
DPTR FM NORMAL    36    PTCLDY (SCALE 4-7)  13
TOTAL FM JUL 1  3226    CLOUDY (SCALE 8-10)  8
DPTR FM NORMAL   -74

[CDD (BASE 65) ]
TOTAL THIS MO.     0
DPTR FM NORMAL     0    [PRESSURE DATA]
TOTAL FM JAN 1     0    HIGHEST SLP 30.42 ON  1
DPTR FM NORMAL     0    LOWEST  SLP 29.38 ON 26

[REMARKS]
#FINAL-02-13#
