000
CXUS55 KJKL 011531 CCA
CF6JKL

PRELIMINARY LOCAL CLIMATOLOGICAL DATA (WS FORM: F-6)

                                          STATION:   JACKSON KY
                                          MONTH:     DECEMBER
                                          YEAR:      2016
                                          LATITUDE:   37 35 N
                                          LONGITUDE:  83 19 W

  TEMPERATURE IN F:       :PCPN:    SNOW:  WIND      :SUNSHINE: SKY     :PK WND
================================================================================
1   2   3   4   5  6A  6B    7    8   9   10  11  12  13   14  15   16   17  18
                                     12Z  AVG MX 2MIN
DY MAX MIN AVG DEP HDD CDD  WTR  SNW DPTH SPD SPD DIR MIN PSBL S-S WX    SPD DR
================================================================================

 1  48  36  42   0  23   0 0.00  0.0    0  5.3 15 270   M    M   4        25 270
 2  47  29  38  -4  27   0 0.00  0.0    0  4.3 12 310   M    M   2        17 300
 3  41  34  38  -4  27   0 0.00  0.0    0  0.1  5  50   M    M   8         7  50
 4  45  36  41   0  24   0 0.13  0.0    0  2.5  8 230   M    M  10 128    16 230
 5  49  42  46   5  19   0 0.00  0.0    0  3.7  9 300   M    M   7        17 270
 6  54  42  48   7  17   0 0.70  0.0    0  5.9 16 310   M    M  10 12     27 290
 7  48  32  40   0  25   0 0.00  0.0    0  2.3  9 300   M    M   4        14 280
 8  38  24  31  -9  34   0 0.00  0.0    0  6.1 15 290   M    M   4        22 290
 9  28  20  24 -16  41   0    T  0.1    0  4.0 12 320   M    M   9        17 310
10  32  16  24 -15  41   0 0.00  0.0    0  0.8  7 240   M    M   4        11 230
11  54  27  41   2  24   0 0.05  0.0    0  5.5 16 200   M    M   3        29 200
12  50  35  43   4  22   0 1.03  0.0    0  5.4 14 250   M    M   7 1      22 250
13  42  34  38   0  27   0 0.00  0.0    0  2.7  8 340   M    M   5        13  80
14  36  28  32  -6  33   0 0.00  0.0    0  3.7 14 300   M    M  10        21 310
15  28  13  21 -17  44   0 0.00  0.0    0  5.7 16 300   M    M   0        27 300
16  44  12  28 -10  37   0 0.00  0.0    0  3.0  9 190   M    M   7        19 200
17  64  43  54  16  11   0 0.09  0.0    0  8.0 15 190   M    M  10 1      27 200
18  67  25  46   9  19   0 1.74    T    0  6.8 18 300   M    M  10 134    31 160
19  33  25  29  -8  36   0    T    T    0  1.4  7 140   M    M   9        11  70
20  38  17  28  -9  37   0    T    T    0  2.4  8 270   M    M   3 12     12 260
21  50  27  39   2  26   0 0.00  0.0    0  3.4  8 210   M    M   4        15 210
22  49  31  40   4  25   0 0.00  0.0    0  5.0 13 280   M    M   4        19 350
23  52  30  41   5  24   0 0.01  0.0    0  3.5  9 180   M    M   4        17 210
24  53  42  48  12  17   0 0.89  0.0    0  3.6  9 260   M    M  10 12     17 200
25  59  48  54  18  11   0 0.13  0.0    0  3.1  6 160   M    M   8 12     10 160
26  70  54  62  26   3   0    T  0.0    0  5.8 14 190   M    M   4        24 190
27  64  35  50  14  15   0 0.64  0.0    0  6.7 16 310   M    M   4 1      25 220
28  51  28  40   4  25   0 0.40  0.0    0  3.1  9 310   M    M   1 1      14 230
29  47  32  40   5  25   0 0.23  0.2    0  9.8 21 280   M    M   5 12     34 290
30  41  29  35   0  30   0    T    T    T  6.7 20 280   M    M   6        31 310
31  44  29  37   2  28   0 0.12    T    0  5.1 13 190   M    M   7 14     23 220
================================================================================
SM 1466  955       797   0  6.16     0.3 135.4          M      183
================================================================================
AV 47.3 30.8                               4.4 FASTST   M    M   6    MAX(MPH)
                                 MISC ---->  # 21 280               # 34  290
================================================================================
NOTES:
# LAST OF SEVERAL OCCURRENCES

COLUMN 17 PEAK WIND IN M.P.H.

PRELIMINARY LOCAL CLIMATOLOGICAL DATA (WS FORM: F-6) , PAGE 2

                                          STATION:  JACKSON KY
                                          MONTH:    DECEMBER
                                          YEAR:     2016
                                          LATITUDE:   37 35 N
                                          LONGITUDE:  83 19 W

[TEMPERATURE DATA]      [PRECIPITATION DATA]       SYMBOLS USED IN COLUMN 16

AVERAGE MONTHLY: 39.0   TOTAL FOR MONTH:   6.16    1 = FOG OR MIST
DPTR FM NORMAL:   0.9   DPTR FM NORMAL:    1.98    2 = FOG REDUCING VISIBILITY
HIGHEST:    70 ON 26    GRTST 24HR  1.79 ON 30- 1      TO 1/4 MILE OR LESS
LOWEST:     12 ON 16                               3 = THUNDER
                        SNOW, ICE PELLETS, HAIL    4 = ICE PELLETS
                        TOTAL MONTH:   0.3 INCH    5 = HAIL
                        GRTST 24HR   0.2 ON 29     6 = FREEZING RAIN OR DRIZZLE
                        GRTST DEPTH:   T           7 = DUSTSTORM OR SANDSTORM:
                                                       VSBY 1/2 MILE OR LESS
                                                   8 = SMOKE OR HAZE
[NO. OF DAYS WITH]      [WEATHER - DAYS WITH]      9 = BLOWING SNOW
                                                   X = TORNADO
MAX 32 OR BELOW:   3    0.01 INCH OR MORE:  13
MAX 90 OR ABOVE:   0    0.10 INCH OR MORE:  10
MIN 32 OR BELOW:  19    0.50 INCH OR MORE:   5
MIN  0 OR BELOW:   0    1.00 INCH OR MORE:   2

[HDD (BASE 65) ]
TOTAL THIS MO.   797    CLEAR  (SCALE 0-3)   4
DPTR FM NORMAL   -37    PTCLDY (SCALE 4-7)  18
TOTAL FM JUL 1  1323    CLOUDY (SCALE 8-10)  9
DPTR FM NORMAL  -311

[CDD (BASE 65) ]
TOTAL THIS MO.     0
DPTR FM NORMAL    -1    [PRESSURE DATA]
TOTAL FM JAN 1  1580    HIGHEST SLP 30.69 ON 19
DPTR FM NORMAL   425    LOWEST  SLP 29.59 ON  6

[REMARKS]
#FINAL-12-16#

...CORRRECTED TO ADD DATE GRTST 24HR SF...
