000
CXUS55 KJKL 011000
CF6JKL
PRELIMINARY LOCAL CLIMATOLOGICAL DATA (WS FORM: F-6)

                                          STATION:   JACKSON KY
                                          MONTH:     NOVEMBER
                                          YEAR:      2016
                                          LATITUDE:   37 35 N
                                          LONGITUDE:  83 19 W

  TEMPERATURE IN F:       :PCPN:    SNOW:  WIND      :SUNSHINE: SKY     :PK WND
================================================================================
1   2   3   4   5  6A  6B    7    8   9   10  11  12  13   14  15   16   17  18
                                     12Z  AVG MX 2MIN
DY MAX MIN AVG DEP HDD CDD  WTR  SNW DPTH SPD SPD DIR MIN PSBL S-S WX    SPD DR
================================================================================

 1  82  63  73  19   0   8 0.00  0.0    0  3.2  8 220   M    M   1        16 210
 2  84  62  73  20   0   8 0.00  0.0    0  3.2  8 240   M    M   1 8      14 210
 3  78  59  69  16   0   4 0.03  0.0    0  5.0 12 290   M    M   6 8      19 290
 4  66  48  57   4   8   0 0.00  0.0    0  1.6  9 330   M    M   3        14 330
 5  64  43  54   2  11   0 0.00  0.0    0  1.0  8 330   M    M   0        10  40
 6  67  44  56   4   9   0 0.00  0.0    0  1.9  8 130   M    M   0        12  50
 7  72  45  59   7   6   0 0.00  0.0    0  1.4  7 240   M    M   2 8      12 250
 8  66  45  56   5   9   0 0.03  0.0    0  3.1 10 250   M    M   4 18     15 270
 9  51  40  46  -5  19   0 0.08  0.0    0  4.2 13 330   M    M   9 1      19 320
10  62  36  49  -2  16   0 0.00  0.0    0  3.5  8 230   M    M   1 18     13 220
11  60  41  51   1  14   0 0.00  0.0    0  4.2  9 340   M    M   1        15 230
12  54  33  44  -6  21   0 0.00  0.0    0  2.1  7  50   M    M   0        15  40
13  62  32  47  -2  18   0 0.00  0.0    0  2.0  6 280   M    M   0         9 130
14  61  35  48  -1  17   0 0.00  0.0    0  1.2  9 300   M    M   0        14 280
15  64  37  51   2  14   0 0.00  0.0    0  2.3  8 270   M    M   3 18     12 250
16  65  43  54   6  11   0 0.00  0.0    0  3.0  9 300   M    M   0        12 300
17  75  46  61  13   4   0 0.00  0.0    0  2.6  7 200   M    M   0        12 210
18  79  54  67  19   0   2 0.00  0.0    0  3.7 12 260   M    M   0        16 250
19  62  34  48   1  17   0 0.26  0.0    0  8.2 25 310   M    M   8 18     43 280
20  42  29  36 -11  29   0 0.00  0.0    0  5.5 15 300   M    M   4        20 300
21  43  24  34 -12  31   0 0.00  0.0    0  3.0  8 270   M    M   2        11 310
22  50  25  38  -8  27   0 0.00  0.0    0  1.4  7  70   M    M   0        14  90
23  63  37  50   4  15   0 0.01  0.0    0  2.9 10 230   M    M   2        19 200
24  63  50  57  12   8   0    T  0.0    0  3.5  9 280   M    M   8 1      13 280
25  50  37  44  -1  21   0    T  0.0    0  3.4 12 300   M    M  10 12     19 260
26  43  33  38  -6  27   0 0.00  0.0    0  2.4  9 300   M    M   8        14 280
27  55  28  42  -2  23   0 0.00  0.0    0  2.5  7 130   M    M   0 18      9 180
28  62  45  54  10  11   0 0.08  0.0    0  5.5 13 170   M    M   4 18     23 160
29  69  51  60  17   5   0 0.51  0.0    0  4.1 12 230   M    M   3 1      21 160
30  59  44  52   9  13   0 1.91  0.0    0  5.6 22 280   M    M   9 12     32 280
================================================================================
SM 1873 1243       404  22  2.91     0.0  97.2          M       89
================================================================================
AV 62.4 41.4                               3.2 FASTST   M    M   3    MAX(MPH)
                                 MISC ---->  # 25 310               # 43  280
================================================================================
NOTES:
# LAST OF SEVERAL OCCURRENCES

COLUMN 17 PEAK WIND IN M.P.H.

PRELIMINARY LOCAL CLIMATOLOGICAL DATA (WS FORM: F-6) , PAGE 2

                                          STATION:  JACKSON KY
                                          MONTH:    NOVEMBER
                                          YEAR:     2016
                                          LATITUDE:   37 35 N
                                          LONGITUDE:  83 19 W

[TEMPERATURE DATA]      [PRECIPITATION DATA]       SYMBOLS USED IN COLUMN 16

AVERAGE MONTHLY: 51.9   TOTAL FOR MONTH:   2.91    1 = FOG OR MIST
DPTR FM NORMAL:   3.5   DPTR FM NORMAL:   -1.05    2 = FOG REDUCING VISIBILITY
HIGHEST:    84 ON  2    GRTST 24HR  1.92 ON 29-30      TO 1/4 MILE OR LESS
LOWEST:     24 ON 21                               3 = THUNDER
                        SNOW, ICE PELLETS, HAIL    4 = ICE PELLETS
                        TOTAL MONTH:   0.0 INCH    5 = HAIL
                        GRTST 24HR     0.0         6 = FREEZING RAIN OR DRIZZLE
                        GRTST DEPTH:   0           7 = DUSTSTORM OR SANDSTORM:
                                                       VSBY 1/2 MILE OR LESS
                                                   8 = SMOKE OR HAZE
[NO. OF DAYS WITH]      [WEATHER - DAYS WITH]      9 = BLOWING SNOW
                                                   X = TORNADO
MAX 32 OR BELOW:   0    0.01 INCH OR MORE:   8
MAX 90 OR ABOVE:   0    0.10 INCH OR MORE:   3
MIN 32 OR BELOW:   5    0.50 INCH OR MORE:   2
MIN  0 OR BELOW:   0    1.00 INCH OR MORE:   1

[HDD (BASE 65) ]
TOTAL THIS MO.   404    CLEAR  (SCALE 0-3)  18
DPTR FM NORMAL   -99    PTCLDY (SCALE 4-7)   7
TOTAL FM JUL 1   526    CLOUDY (SCALE 8-10)  5
DPTR FM NORMAL  -274

[CDD (BASE 65) ]
TOTAL THIS MO.    22
DPTR FM NORMAL    18    [PRESSURE DATA]
TOTAL FM JAN 1  1580    HIGHEST SLP 30.43 ON 26
DPTR FM NORMAL   426    LOWEST  SLP 29.54 ON 28

[REMARKS]
#FINAL-11-16#
