000
CXUS55 KJKL 311000
CF6JKL
PRELIMINARY LOCAL CLIMATOLOGICAL DATA (WS FORM: F-6)

                                          STATION:   JACKSON KY
                                          MONTH:     DECEMBER
                                          YEAR:      2012
                                          LATITUDE:   37 35 N
                                          LONGITUDE:  83 19 W

  TEMPERATURE IN F:       :PCPN:    SNOW:  WIND      :SUNSHINE: SKY     :PK WND
================================================================================
1   2   3   4   5  6A  6B    7    8   9   10  11  12  13   14  15   16   17  18
                                     12Z  AVG MX 2MIN
DY MAX MIN AVG DEP HDD CDD  WTR  SNW DPTH SPD SPD DIR MIN PSBL S-S WX    SPD DR
================================================================================

 1  65  45  55  13  10   0 0.00  0.0    0  2.4 12 210   M    M   2        17 200
 2  69  51  60  18   5   0 0.05  0.0    0  4.3 13 220   M    M   5        30 210
 3  72  54  63  21   2   0    T  0.0    0  3.5  9 190   M    M   4        15 260
 4  68  48  58  17   7   0 0.13  0.0    0  4.8 14 190   M    M   8 1      25 200
 5  56  38  47   6  18   0 0.21  0.0    0  2.5  9  30   M    M   3 12     17  20
 6  52  31  42   1  23   0    T  0.0    0  2.3  8  50   M    M   6        16  40
 7  63  50  57  17   8   0 0.05  0.0    0  3.4 10 180   M    M   8 1      17 150
 8  63  53  58  18   7   0 0.90  0.0    0  2.9 12 320   M    M   9 123    16 270
 9  61  53  57  17   8   0 1.49  0.0    0  2.0 10 200   M    M   8 12     20 180
10  61  34  48   9  17   0 1.12    T    0  5.6 16 300   M    M   8 13     24 310
11  34  29  32  -7  33   0    T    T    0  2.0 10 280   M    M   9 168    16 290
12  42  24  33  -6  32   0 0.00  0.0    0  1.6  8  50   M    M   0 128    14  80
13  48  26  37  -1  28   0 0.00  0.0    0  0.9  6  40   M    M   0         9  20
14  55  30  43   5  22   0 0.00  0.0    0  2.3  8 250   M    M   0        12 250
15  60  38  49  11  16   0 0.01  0.0    0  3.3 10 200   M    M   5        20 190
16  59  53  56  18   9   0    T  0.0    0  4.8 12 190   M    M   8        21 190
17  56  44  50  12  15   0 0.41  0.0    0  2.5 22 280   M    M   8 13     35 280
18  46  39  43   6  22   0 0.09  0.0    0  5.7 16 260   M    M   6 1      26 260
19  56  42  49  12  16   0 0.00  0.0    0  3.7 10 230   M    M   0        21 220
20  54  33  44   7  21   0 0.56    T    0  7.4 23 250   M    M   6 1      38 270
21  33  26  30  -7  35   0 0.14  1.5    T 11.5 21 270   M    M  10 12     36 280
22  38  26  32  -4  33   0 0.00  0.0    T  4.3 14 270   M    M   5        21 280
23  52  28  40   4  25   0 0.00  0.0    0  4.3 10 240   M    M   4        20 230
24  47  42  45   9  20   0 0.17  0.0    0  2.5  8 270   M    M  10 1      16 250
25  45  33  39   3  26   0 0.02  0.0    0  4.1 10  50   M    M  10 1      22  40
26  45  30  38   2  27   0 0.67  0.1    0  7.6 17 230   M    M  10 16     31 250
27  30  28  29  -7  36   0    T    T    0  4.3 15 280   M    M  10 16     25 270
28  40  28  34  -2  31   0 0.17    T    0  1.5  7  50   M    M   8 14     10  70
29  36  25  31  -4  34   0 0.18  0.2    0  6.9 17 300   M    M  10 124    28 270
30  35  23  29  -6  36   0    T    T    T  4.1 17 280   M    M   4        26 290
================================================================================
SM 1541 1104       622   0  6.37     1.8 119.0          M      184
================================================================================
AV 51.4 36.8                               4.0 FASTST   M    M   6    MAX(MPH)
                                 MISC ---->  # 23 250               # 38  270
================================================================================
NOTES:
# LAST OF SEVERAL OCCURRENCES

COLUMN 17 PEAK WIND IN M.P.H.

PRELIMINARY LOCAL CLIMATOLOGICAL DATA (WS FORM: F-6) , PAGE 2

                                          STATION:  JACKSON KY
                                          MONTH:    DECEMBER
                                          YEAR:     2012
                                          LATITUDE:   37 35 N
                                          LONGITUDE:  83 19 W

[TEMPERATURE DATA]      [PRECIPITATION DATA]       SYMBOLS USED IN COLUMN 16

AVERAGE MONTHLY: 44.1   TOTAL FOR MONTH:   6.37    1 = FOG OR MIST
DPTR FM NORMAL:   5.9   DPTR FM NORMAL:    2.31    2 = FOG REDUCING VISIBILITY
HIGHEST:    72 ON  3    GRTST 24HR  2.22 ON  8- 9      TO 1/4 MILE OR LESS
LOWEST:     23 ON 30                               3 = THUNDER
                        SNOW, ICE PELLETS, HAIL    4 = ICE PELLETS
                        TOTAL MONTH:   1.8 INCHES  5 = HAIL
                        GRTST 24HR   1.5 ON 21-21  6 = FREEZING RAIN OR DRIZZLE
                        GRTST DEPTH:   0           7 = DUSTSTORM OR SANDSTORM:
                                                       VSBY 1/2 MILE OR LESS
                                                   8 = SMOKE OR HAZE
[NO. OF DAYS WITH]      [WEATHER - DAYS WITH]      9 = BLOWING SNOW
                                                   X = TORNADO
MAX 32 OR BELOW:   1    0.01 INCH OR MORE:  17
MAX 90 OR ABOVE:   0    0.10 INCH OR MORE:  12
MIN 32 OR BELOW:  13    0.50 INCH OR MORE:   5
MIN  0 OR BELOW:   0    1.00 INCH OR MORE:   2

[HDD (BASE 65) ]
TOTAL THIS MO.   622    CLEAR  (SCALE 0-3)   6
DPTR FM NORMAL  -183    PTCLDY (SCALE 4-7)  14
TOTAL FM JUL 1  1574    CLOUDY (SCALE 8-10) 10
DPTR FM NORMAL   -31

[CDD (BASE 65) ]
TOTAL THIS MO.     0
DPTR FM NORMAL     0    [PRESSURE DATA]
TOTAL FM JAN 1  1318    HIGHEST SLP M ON M
DPTR FM NORMAL   164    LOWEST  SLP 29.43 ON 20

[REMARKS]
