000
CXUS55 KJKL 011000
CF6JKL
PRELIMINARY LOCAL CLIMATOLOGICAL DATA (WS FORM: F-6)

                                          STATION:   JACKSON KY
                                          MONTH:     SEPTEMBER
                                          YEAR:      2012
                                          LATITUDE:   37 35 N
                                          LONGITUDE:  83 19 W

  TEMPERATURE IN F:       :PCPN:    SNOW:  WIND      :SUNSHINE: SKY     :PK WND
================================================================================
1   2   3   4   5  6A  6B    7    8   9   10  11  12  13   14  15   16   17  18
                                     12Z  AVG MX 2MIN
DY MAX MIN AVG DEP HDD CDD  WTR  SNW DPTH SPD SPD DIR MIN PSBL S-S WX    SPD DR
================================================================================

 1  86  73  80   7   0  15 0.11  0.0    0  0.9  8 270   M    M   2 13     13 250
 2  87  69  78   6   0  13 0.42  0.0    0  1.9 10 180   M    M   4 13     16 260
 3  79  69  74   2   0   9 0.15  0.0    0  2.0  8 170   M    M   7 1      14 180
 4  83  70  77   5   0  12    T  0.0    0  0.1  5 100   M    M   8         8 170
 5  87  68  78   6   0  13 0.85  0.0    0  1.1 14 310   M    M   4 123    20 280
 6  80  67  74   3   0   9 0.00  0.0    0  0.8  6 280   M    M   7 12      9 300
 7  88  64  76   5   0  11 0.00  0.0    0  1.1  7 280   M    M   1 12     12 220
 8  74  57  66  -5   0   1 0.35  0.0    0  2.4 17 320   M    M   5 1      28 320
 9  76  53  65  -5   0   0 0.00  0.0    0  1.0  8 320   M    M   4 12     12 310
10  75  53  64  -6   1   0 0.00  0.0    0  0.9  7 110   M    M   0        12 110
11  80  55  68  -2   0   3 0.00  0.0    0  0.7  6 150   M    M   0        10 150
12  82  59  71   1   0   6 0.00  0.0    0  1.2  6 320   M    M   2         9 310
13  79  62  71   2   0   6 0.00  0.0    0  1.2  7 300   M    M   1        10 320
14  82  58  70   1   0   5 0.00  0.0    0  1.2  9 330   M    M   3 12     14 330
15  72  57  65  -3   0   0 0.00  0.0    0  0.3  6 140   M    M   4        10 120
16  72  59  66  -2   0   1    T  0.0    0  0.3  5 160   M    M   6         8  70
17  67  62  65  -3   0   0 2.33  0.0    0  0.5  7 130   M    M   9 1      12 110
18  65  53  59  -8   6   0 1.49  0.0    0  3.2 17 300   M    M   8 12     26 280
19  66  46  56 -11   9   0 0.00  0.0    0  1.4  8 320   M    M   0        10 310
20  77  46  62  -5   3   0 0.00  0.0    0  1.8  9 170   M    M   0        17 190
21  78  59  69   3   0   4 0.00  0.0    0  2.1  8 190   M    M   3        15 180
22  77  49  63  -3   2   0    T  0.0    0  5.3 16 280   M    M   3        25 300
23  65  41  53 -12  12   0 0.00  0.0    0  1.5  8 320   M    M   1        12 280
24  67  40  54 -11  11   0 0.00  0.0    0  0.6  7 150   M    M   0        10 200
25  62  49  56  -9   9   0 0.41  0.0    0  2.1  8 180   M    M   4 13     14 190
26  81  56  69   5   0   4 0.00  0.0    0  2.3  8 240   M    M   1        17 210
27  75  62  69   5   0   4    T  0.0    0  1.4  7 260   M    M   3        16 260
28  67  60  64   0   1   0 0.66  0.0    0  0.6 14 260   M    M  10 123    26 260
29  69  55  62  -1   3   0    T  0.0    0  0.1  5 320   M    M   7 12      9  40
30  72  47  60  -3   5   0 0.00  0.0    0  0.7  7 280   M    M   2 12     10 270
================================================================================
SM 2270 1718        62 116  6.77     0.0  40.7          M      109
================================================================================
AV 75.7 57.3                               1.4 FASTST   M    M   4    MAX(MPH)
                                 MISC ---->  # 17 320               # 28  320
================================================================================
NOTES:
# LAST OF SEVERAL OCCURRENCES

COLUMN 17 PEAK WIND IN M.P.H.

PRELIMINARY LOCAL CLIMATOLOGICAL DATA (WS FORM: F-6) , PAGE 2

                                          STATION:  JACKSON KY
                                          MONTH:    SEPTEMBER
                                          YEAR:     2012
                                          LATITUDE:   37 35 N
                                          LONGITUDE:  83 19 W

[TEMPERATURE DATA]      [PRECIPITATION DATA]       SYMBOLS USED IN COLUMN 16

AVERAGE MONTHLY: 66.5   TOTAL FOR MONTH:   6.77    1 = FOG OR MIST
DPTR FM NORMAL:  -1.6   DPTR FM NORMAL:    3.31    2 = FOG REDUCING VISIBILITY
HIGHEST:    88 ON  7    GRTST 24HR  3.66 ON 17-18      TO 1/4 MILE OR LESS
LOWEST:     40 ON 24                               3 = THUNDER
                        SNOW, ICE PELLETS, HAIL    4 = ICE PELLETS
                        TOTAL MONTH:   0.0 INCH    5 = HAIL
                        GRTST 24HR     0.0         6 = FREEZING RAIN OR DRIZZLE
                        GRTST DEPTH:   0           7 = DUSTSTORM OR SANDSTORM:
                                                       VSBY 1/2 MILE OR LESS
                                                   8 = SMOKE OR HAZE
[NO. OF DAYS WITH]      [WEATHER - DAYS WITH]      9 = BLOWING SNOW
                                                   X = TORNADO
MAX 32 OR BELOW:   0    0.01 INCH OR MORE:   9
MAX 90 OR ABOVE:   0    0.10 INCH OR MORE:   9
MIN 32 OR BELOW:   0    0.50 INCH OR MORE:   4
MIN  0 OR BELOW:   0    1.00 INCH OR MORE:   2

[HDD (BASE 65) ]
TOTAL THIS MO.    62    CLEAR  (SCALE 0-3)  13
DPTR FM NORMAL    12    PTCLDY (SCALE 4-7)  13
TOTAL FM JUL 1    62    CLOUDY (SCALE 8-10)  4
DPTR FM NORMAL    10

[CDD (BASE 65) ]
TOTAL THIS MO.   116
DPTR FM NORMAL   -27    [PRESSURE DATA]
TOTAL FM JAN 1  1294    HIGHEST SLP 30.33 ON 13
DPTR FM NORMAL   173    LOWEST  SLP 29.66 ON 18

[REMARKS]
#FINAL-09-12#
