000
CXUS55 KJKL 011000
CF6JKL
PRELIMINARY LOCAL CLIMATOLOGICAL DATA (WS FORM: F-6)

                                          STATION:   JACKSON KY
                                          MONTH:     MAY
                                          YEAR:      2012
                                          LATITUDE:   37 35 N
                                          LONGITUDE:  83 19 W

  TEMPERATURE IN F:       :PCPN:    SNOW:  WIND      :SUNSHINE: SKY     :PK WND
================================================================================
1   2   3   4   5  6A  6B    7    8   9   10  11  12  13   14  15   16   17  18
                                     12Z  AVG MX 2MIN
DY MAX MIN AVG DEP HDD CDD  WTR  SNW DPTH SPD SPD DIR MIN PSBL S-S WX    SPD DR
================================================================================

 1  82  63  73  11   0   8 0.30  0.0    0  0.6 13 170   M    M   4 123    24 180
 2  87  67  77  15   0  12 0.00  0.0    0  1.6 10 240   M    M   1        23 270
 3  84  65  75  13   0  10 0.00  0.0    0  0.9  6 250   M    M   0 1      12 260
 4  79  61  70   8   0   5 0.72  0.0    0  1.6 14 180   M    M   5 13     31 180
 5  74  61  68   6   0   3 0.82  0.0    0  2.0 20 300   M    M   7 123    32 260
 6  82  60  71   9   0   6 0.00  0.0    0  0.7  7 130   M    M   5 12      9 120
 7  81  63  72   9   0   7 0.26  0.0    0  2.3 12 260   M    M   3 13     29 240
 8  74  61  68   5   0   3 0.81  0.0    0  2.7 13 280   M    M   8 128    18 250
 9  70  56  63   0   2   0 0.01  0.0    0  3.3 14 320   M    M   6 12     20 280
10  66  48  57  -6   8   0 0.00  0.0    0  3.5  9 330   M    M   2        15 320
11  71  45  58  -6   7   0 0.00  0.0    0  1.2  8 130   M    M   0        14 120
12  75  52  64   0   1   0 0.09  0.0    0  0.9 10 300   M    M   4 1      16 300
13  66  58  62  -2   3   0 0.59  0.0    0  0.4  6 110   M    M  10 12     10 100
14  66  57  62  -2   3   0 0.19  0.0    0  0.2  8 350   M    M   9 128    14 330
15  73  55  64   0   1   0 0.00  0.0    0  0.1  6 170   M    M   6 128     8 150
16  79  53  66   1   0   1 0.00  0.0    0  1.0 10 300   M    M   2 12     15 300
17  76  55  66   1   0   1 0.00  0.0    0  1.0  6 340   M    M   2        12  50
18  80  54  67   2   0   2 0.00  0.0    0  0.8  7 310   M    M   0        12 280
19  82  59  71   6   0   6 0.00  0.0    0  0.6  7 300   M    M   1         9 300
20  82  62  72   7   0   7 0.00  0.0    0  0.3 10 120   M    M   0        15 120
21  82  59  71   5   0   6 0.02  0.0    0  1.3 12 320   M    M   4 123    17 330
22  69  59  64  -2   1   0    T  0.0    0  0.7  7 350   M    M   9 18      9 340
23  76  59  68   2   0   3 0.00  0.0    0  0.6  5 100   M    M   5 18      8 120
24  81  61  71   5   0   6 0.00  0.0    0  2.2 17 210   M    M   2 1       8 160
25  86  64  75   8   0  10 0.00  0.0    0  0.9  7 280   M    M   0        13 250
26  89  66  78  11   0  13 0.00  0.0    0  0.7  6 320   M    M   1 18      8 190
27  90  69  80  13   0  15 0.00  0.0    0  0.9  6 170   M    M   0 18      8 280
28  89  70  80  13   0  15 0.00  0.0    0  1.4  7 170   M    M   0        13 140
29  83  65  74   6   0   9 0.39  0.0    0  1.5 15 300   M    M   3 123    25 290
30  83  62  73   5   0   8 0.00  0.0    0  1.8  9 320   M    M   6 12     14 310
31  82  57  70   2   0   5 0.00  0.0    0  1.8  8 130   M    M   2 3      14 170
================================================================================
SM 2439 1846        26 161  4.20     0.0  39.5          M      107
================================================================================
AV 78.7 59.5                               1.3 FASTST   M    M   3    MAX(MPH)
                                 MISC ---->  # 20 300               # 32  260
================================================================================
NOTES:
# LAST OF SEVERAL OCCURRENCES

COLUMN 17 PEAK WIND IN M.P.H.

PRELIMINARY LOCAL CLIMATOLOGICAL DATA (WS FORM: F-6) , PAGE 2

                                          STATION:  JACKSON KY
                                          MONTH:    MAY
                                          YEAR:     2012
                                          LATITUDE:   37 35 N
                                          LONGITUDE:  83 19 W

[TEMPERATURE DATA]      [PRECIPITATION DATA]       SYMBOLS USED IN COLUMN 16

AVERAGE MONTHLY: 69.1   TOTAL FOR MONTH:   4.20    1 = FOG OR MIST
DPTR FM NORMAL:   4.5   DPTR FM NORMAL:   -1.00    2 = FOG REDUCING VISIBILITY
HIGHEST:    90 ON 27    GRTST 24HR  1.07 ON  7- 8      TO 1/4 MILE OR LESS
LOWEST:     45 ON 11                               3 = THUNDER
                        SNOW, ICE PELLETS, HAIL    4 = ICE PELLETS
                        TOTAL MONTH:   0.0 INCH    5 = HAIL
                        GRTST 24HR     0.0         6 = FREEZING RAIN OR DRIZZLE
                        GRTST DEPTH:   0           7 = DUSTSTORM OR SANDSTORM:
                                                       VSBY 1/2 MILE OR LESS
                                                   8 = SMOKE OR HAZE
[NO. OF DAYS WITH]      [WEATHER - DAYS WITH]      9 = BLOWING SNOW
                                                   X = TORNADO
MAX 32 OR BELOW:   0    0.01 INCH OR MORE:  11
MAX 90 OR ABOVE:   1    0.10 INCH OR MORE:   8
MIN 32 OR BELOW:   0    0.50 INCH OR MORE:   4
MIN  0 OR BELOW:   0    1.00 INCH OR MORE:   0

[HDD (BASE 65) ]
TOTAL THIS MO.    26    CLEAR  (SCALE 0-3)  16
DPTR FM NORMAL   -75    PTCLDY (SCALE 4-7)  12
TOTAL FM JUL 1  3327    CLOUDY (SCALE 8-10)  3
DPTR FM NORMAL  -918

[CDD (BASE 65) ]
TOTAL THIS MO.   161
DPTR FM NORMAL    71    [PRESSURE DATA]
TOTAL FM JAN 1   251    HIGHEST SLP 30.27 ON 12
DPTR FM NORMAL   115    LOWEST  SLP 29.70 ON 31

[REMARKS]
#FINAL-05-12#
