000
CXUS55 KJKL 011000
CF6JKL
PRELIMINARY LOCAL CLIMATOLOGICAL DATA (WS FORM: F-6)

                                          STATION:   JACKSON KY
                                          MONTH:     MARCH
                                          YEAR:      2012
                                          LATITUDE:   37 35 N
                                          LONGITUDE:  83 19 W

  TEMPERATURE IN F:       :PCPN:    SNOW:  WIND      :SUNSHINE: SKY     :PK WND
================================================================================
1   2   3   4   5  6A  6B    7    8   9   10  11  12  13   14  15   16   17  18
                                     12Z  AVG MX 2MIN
DY MAX MIN AVG DEP HDD CDD  WTR  SNW DPTH SPD SPD DIR MIN PSBL S-S WX    SPD DR
================================================================================

 1  65  45  55  12  10   0 0.00  0.0    0  5.4 15 240   M    M   0        24 260
 2  70  46  58  15   7   0 0.83  0.0    0  7.2 25 280   M    M   5 123    40 280
 3  53  34  44   1  21   0 0.00  0.0    0  7.3 21 260   M    M   2        30 270
 4  42  27  35  -9  30   0 0.04  0.5    0  4.8 18 290   M    M   7 1      31 240
 5  34  26  30 -14  35   0 0.33  4.0    4  5.7 14 290   M    M   7 12     24  20
 6  68  26  47   3  18   0 0.00  0.0    2  3.6 12 190   M    M   0        22 190
 7  70  45  58  14   7   0 0.00  0.0    0  6.6 17 200   M    M   0        31 180
 8  63  41  52   7  13   0 0.98  0.0    0  6.5 16 290   M    M   7 1      28 230
 9  54  33  44  -1  21   0 0.00  0.0    0  6.0 16 300   M    M   1        23 310
10  57  29  43  -2  22   0 0.00  0.0    0  3.8  8 130   M    M   0 8      13  90
11  72  40  56  10   9   0 0.00  0.0    0  3.2  9 170   M    M   0        13 210
12  67  56  62  16   3   0 0.01  0.0    0  4.3 13 190   M    M   8        23 170
13  80  58  69  23   0   4 0.00  0.0    0  4.4 13 270   M    M   5        20 220
14  82  56  69  22   0   4 0.00  0.0    0  1.9 10 320   M    M   2        18 190
15  75  56  66  19   0   1 0.75  0.0    0  4.1 14 280   M    M   5 1238   26 310
16  72  56  64  17   1   0 0.02  0.0    0  1.6  9 240   M    M   8        16 290
17  78  59  69  21   0   4    T  0.0    0  2.5 10 170   M    M   5        15 250
18  80  58  69  21   0   4 0.69  0.0    0  3.0 16 260   M    M   4 13     26 250
19  83  61  72  24   0   7 0.00  0.0    0  1.2 12 160   M    M   2        16 170
20  86  63  75  26   0  10 0.00  0.0    0  1.4  9 150   M    M   1        14 130
21  84  64  74  25   0   9 0.00  0.0    0  2.2  7 130   M    M   1 3      12 150
22  84  64  74  25   0   9 0.00  0.0    0  2.1  8 150   M    M   3        12 100
23  74  61  68  18   0   3 0.09  0.0    0  1.9 12 190   M    M   7 1      22 210
24  70  51  61  11   4   0 0.32  0.0    0  1.9 21 260   M    M   8 123    36 250
25  69  50  60  10   5   0    T  0.0    0  5.5 14 330   M    M   8 1      22 310
26  64  44  54   3  11   0 0.00  0.0    0  3.1 10  10   M    M   4 18     17  20
27  72  34  53   2  12   0 0.00  0.0    0  2.3  8  50   M    M   0        14  40
28  82  60  71  20   0   6 0.00  0.0    0  6.8 17 250   M    M   3        32 230
29  75  54  65  13   0   0 0.00  0.0    0  3.6 13 300   M    M   1        18 300
30  82  49  66  14   0   1 0.01  0.0    0  3.8 13 200   M    M   3 3      28 200
31  72  47  60   8   5   0    T  0.0    0  3.5 13 310   M    M   5        21 340
================================================================================
SM 2179 1493       234  62  4.07     4.5 121.2          M      112
================================================================================
AV 70.3 48.2                               3.9 FASTST   M    M   4    MAX(MPH)
                                 MISC ---->  # 25 280               # 40  280
================================================================================
NOTES:
# LAST OF SEVERAL OCCURRENCES

COLUMN 17 PEAK WIND IN M.P.H.

PRELIMINARY LOCAL CLIMATOLOGICAL DATA (WS FORM: F-6) , PAGE 2

                                          STATION:  JACKSON KY
                                          MONTH:    MARCH
                                          YEAR:     2012
                                          LATITUDE:   37 35 N
                                          LONGITUDE:  83 19 W

[TEMPERATURE DATA]      [PRECIPITATION DATA]       SYMBOLS USED IN COLUMN 16

AVERAGE MONTHLY: 59.2   TOTAL FOR MONTH:   4.07    1 = FOG OR MIST
DPTR FM NORMAL:  11.8   DPTR FM NORMAL:   -0.05    2 = FOG REDUCING VISIBILITY
HIGHEST:    86 ON 20    GRTST 24HR  1.58 ON 29- 1      TO 1/4 MILE OR LESS
LOWEST:     26 ON  6, 5                            3 = THUNDER
                        SNOW, ICE PELLETS, HAIL    4 = ICE PELLETS
                        TOTAL MONTH:   4.5 INCHES  5 = HAIL
                        GRTST 24HR   4.0 ON  5- 5  6 = FREEZING RAIN OR DRIZZLE
                        GRTST DEPTH:   4 ON  5     7 = DUSTSTORM OR SANDSTORM:
                                                       VSBY 1/2 MILE OR LESS
                                                   8 = SMOKE OR HAZE
[NO. OF DAYS WITH]      [WEATHER - DAYS WITH]      9 = BLOWING SNOW
                                                   X = TORNADO
MAX 32 OR BELOW:   0    0.01 INCH OR MORE:  11
MAX 90 OR ABOVE:   0    0.10 INCH OR MORE:   6
MIN 32 OR BELOW:   4    0.50 INCH OR MORE:   4
MIN  0 OR BELOW:   0    1.00 INCH OR MORE:   0

[HDD (BASE 65) ]
TOTAL THIS MO.   234    CLEAR  (SCALE 0-3)  16
DPTR FM NORMAL  -319    PTCLDY (SCALE 4-7)  14
TOTAL FM JUL 1  3055    CLOUDY (SCALE 8-10)  1
DPTR FM NORMAL  -821

[CDD (BASE 65) ]
TOTAL THIS MO.    62
DPTR FM NORMAL    55    [PRESSURE DATA]
TOTAL FM JAN 1    62    HIGHEST SLP M ON M
DPTR FM NORMAL    55    LOWEST  SLP 29.37 ON  2

[REMARKS]
#FINAL-03-12#
