000
CXUS55 KJKL 011000
CF6JKL
PRELIMINARY LOCAL CLIMATOLOGICAL DATA (WS FORM: F-6)

                                          STATION:   JACKSON KY
                                          MONTH:     FEBRUARY
                                          YEAR:      2012
                                          LATITUDE:   37 35 N
                                          LONGITUDE:  83 19 W

  TEMPERATURE IN F:       :PCPN:    SNOW:  WIND      :SUNSHINE: SKY     :PK WND
================================================================================
1   2   3   4   5  6A  6B    7    8   9   10  11  12  13   14  15   16   17  18
                                     12Z  AVG MX 2MIN
DY MAX MIN AVG DEP HDD CDD  WTR  SNW DPTH SPD SPD DIR MIN PSBL S-S WX    SPD DR
================================================================================

 1  58  50  54  18  11   0 0.10  0.0    0  2.8 12 240   M    M  10 12     23 200
 2  56  43  50  14  15   0 0.29  0.0    0  4.5 12 300   M    M   5 18     16 280
 3  60  37  49  13  16   0 0.00  0.0    0  3.1  8  90   M    M   0        14  80
 4  51  42  47  11  18   0 0.51  0.0    0  2.1  7 110   M    M   9 12      9 120
 5  42  34  38   1  27   0 0.01  0.0    0  1.5  7  20   M    M   8 12     12  40
 6  40  28  34  -3  31   0 0.00  0.0    0  0.9  6 240   M    M   3 1       9 240
 7  50  26  38   1  27   0 0.00  0.0    0  2.2 12 290   M    M   2 12     17 320
 8  34  30  32  -5  33   0 0.08  0.7    0  2.1 10 300   M    M  10 16     15 290
 9  35  30  33  -4  32   0    T    T    0  0.3  5 170   M    M   9 1       7 210
10  37  30  34  -4  31   0 0.07  0.8    0  0.8  7 260   M    M  10 12     10 250
11  31  17  24 -14  41   0 0.08  0.9    1 10.2 22 300   M    M  10 1      35 340
12  34  12  23 -15  42   0    T    T    1  5.1 12 260   M    M   2        18 280
13  41  20  31  -7  34   0 0.00  0.0    0  1.8  6 220   M    M   4         9 210
14  40  34  37  -1  28   0 0.23    T    0  3.0 10 270   M    M  10 12     17 270
15  57  31  44   5  21   0    T  0.0    0  2.2  8 120   M    M   5 1      13 120
16  55  44  50  11  15   0 0.40  0.0    0  4.1 16 280   M    M  10 12     25 270
17  52  36  44   5  21   0 0.00  0.0    0  2.3 12 320   M    M   3 18     17 320
18  54  34  44   4  21   0 0.00  0.0    0  2.4  9  40   M    M   1        18  70
19  41  29  35  -5  30   0 0.47  3.1    0  4.5 10  20   M    M  10 124    18  50
20  40  20  30 -10  35   0 0.00  0.0    3  2.1  7 120   M    M   1 1      13  90
21  54  30  42   2  23   0 0.00  0.0    T  5.4 17 220   M    M   5        29 190
22  58  39  49   9  16   0 0.01  0.0    0  4.6 15 200   M    M   3        28 200
23  71  44  58  17   7   0 0.01  0.0    0  4.0 15 220   M    M   6 3      28 230
24  69  33  51  10  14   0 0.06    T    0 10.2 26 280   M    M   8 13     44 280
25  38  29  34  -7  31   0    T    T    0  7.2 20 260   M    M   7        30 280
26  56  26  41  -1  24   0 0.00  0.0    0  2.7  7 220   M    M   0        13 210
27  67  40  54  12  11   0 0.00  0.0    0  6.2 16 230   M    M   2        24 270
28  68  35  52  10  13   0 0.00  0.0    0  3.3  9  30   M    M   1        15  30
29  70  56  63  21   2   0 1.58  0.0    0  7.8 20 300   M    M   9 1235   38 210
================================================================================
SM 1459  959       670   0  3.90     5.5 109.4          M      163
================================================================================
AV 50.3 33.1                               3.8 FASTST   M    M   6    MAX(MPH)
                                 MISC ---->  # 26 280               # 44  280
================================================================================
NOTES:
# LAST OF SEVERAL OCCURRENCES

COLUMN 17 PEAK WIND IN M.P.H.

PRELIMINARY LOCAL CLIMATOLOGICAL DATA (WS FORM: F-6) , PAGE 2

                                          STATION:  JACKSON KY
                                          MONTH:    FEBRUARY
                                          YEAR:     2012
                                          LATITUDE:   37 35 N
                                          LONGITUDE:  83 19 W

[TEMPERATURE DATA]      [PRECIPITATION DATA]       SYMBOLS USED IN COLUMN 16

AVERAGE MONTHLY: 41.7   TOTAL FOR MONTH:   3.90    1 = FOG OR MIST
DPTR FM NORMAL:   2.9   DPTR FM NORMAL:    0.15    2 = FOG REDUCING VISIBILITY
HIGHEST:    71 ON 23    GRTST 24HR  1.58 ON 29-29      TO 1/4 MILE OR LESS
LOWEST:     12 ON 12                               3 = THUNDER
                        SNOW, ICE PELLETS, HAIL    4 = ICE PELLETS
                        TOTAL MONTH:   5.5 INCHES  5 = HAIL
                        GRTST 24HR   3.1 ON   M    6 = FREEZING RAIN OR DRIZZLE
                        GRTST DEPTH:   3 ON 20     7 = DUSTSTORM OR SANDSTORM:
                                                       VSBY 1/2 MILE OR LESS
                                                   8 = SMOKE OR HAZE
[NO. OF DAYS WITH]      [WEATHER - DAYS WITH]      9 = BLOWING SNOW
                                                   X = TORNADO
MAX 32 OR BELOW:   1    0.01 INCH OR MORE:  14
MAX 90 OR ABOVE:   0    0.10 INCH OR MORE:   7
MIN 32 OR BELOW:  14    0.50 INCH OR MORE:   2
MIN  0 OR BELOW:   0    1.00 INCH OR MORE:   1

[HDD (BASE 65) ]
TOTAL THIS MO.   670    CLEAR  (SCALE 0-3)   8
DPTR FM NORMAL   -64    PTCLDY (SCALE 4-7)  11
TOTAL FM JUL 1  2821    CLOUDY (SCALE 8-10) 10
DPTR FM NORMAL  -502

[CDD (BASE 65) ]
TOTAL THIS MO.     0
DPTR FM NORMAL     0    [PRESSURE DATA]
TOTAL FM JAN 1     0    HIGHEST SLP 30.45 ON  3
DPTR FM NORMAL     0    LOWEST  SLP 29.36 ON 23

[REMARKS]
#FINAL-02-12#
