000
CXUS55 KJKL 011000
CF6JKL
PRELIMINARY LOCAL CLIMATOLOGICAL DATA (WS FORM: F-6)

                                          STATION:   JACKSON KY
                                          MONTH:     JANUARY
                                          YEAR:      2012
                                          LATITUDE:   37 35 N
                                          LONGITUDE:  83 19 W

  TEMPERATURE IN F:       :PCPN:    SNOW:  WIND      :SUNSHINE: SKY     :PK WND
================================================================================
1   2   3   4   5  6A  6B    7    8   9   10  11  12  13   14  15   16   17  18
                                     12Z  AVG MX 2MIN
DY MAX MIN AVG DEP HDD CDD  WTR  SNW DPTH SPD SPD DIR MIN PSBL S-S WX    SPD DR
================================================================================

 1  62  36  49  14  16   0 0.01  0.0    0  9.5 25 280   M    M   6 8      39 250
 2  36  19  28  -7  37   0 0.01  0.3    0  9.1 22 300   M    M   8        35 310
 3  27  17  22 -13  43   0    T  0.3    0  5.7 15 260   M    M   6        23 250
 4  45  17  31  -4  34   0 0.00  0.0    0  4.7 14 230   M    M   1        23 210
 5  51  30  41   6  24   0 0.00  0.0    0  4.4  9 220   M    M   0        17 250
 6  65  42  54  19  11   0 0.00  0.0    0  5.8 16 230   M    M   0        25 230
 7  63  43  53  18  12   0 0.00  0.0    0  6.1 15 290   M    M   6        24 290
 8  49  33  41   6  24   0 0.00  0.0    0  3.2  8  50   M    M   2        13  60
 9  42  36  39   4  26   0 0.07  0.0    0  1.6  7  40   M    M   9 12     12  50
10  46  31  39   4  26   0 0.00  0.0    0  1.8  6  80   M    M   5 128     9  80
11  58  39  49  14  16   0 1.00  0.0    0  4.6 14 130   M    M   8 12     21 240
12  49  22  36   1  29   0 0.44  0.4    0  9.0 25 250   M    M  10 1      41 270
13  23  17  20 -15  45   0 0.03  0.4    1  7.7 18 230   M    M  10 18     31 240
14  33  20  27  -8  38   0 0.11  2.2    1  2.4 12 250   M    M   9 1      22 270
15  31  25  28  -7  37   0 0.02  0.2    2  2.5 10 310   M    M   7 18     14 310
16  53  27  40   5  25   0    T  0.0    1  6.1 13 190   M    M   3        24 210
17  58  35  47  12  18   0 0.46  0.0    0  9.5 28 270   M    M  10 12     49 270
18  35  24  30  -5  35   0    T    T    0  3.2 14 300   M    M   8        20 300
19  41  20  31  -4  34   0 0.00  0.0    0  4.1 12 230   M    M   2        22 190
20  44  30  37   2  28   0 0.03  0.0    0  2.2  7  70   M    M  10        12  60
21  51  29  40   5  25   0 1.52  0.0    0  3.5 13 320   M    M  10 123    18 330
22  56  29  43   8  22   0 0.00  0.0    0  2.3  8 160   M    M   8 12     15 170
23  64  44  54  19  11   0 0.46  0.0    0  6.4 20 260   M    M   5 12     35 230
24  56  35  46  11  19   0 0.00  0.0    0  3.1 13 250   M    M   1        17 270
25  49  30  40   5  25   0 0.09  0.0    0  2.6  8  50   M    M   4 1      14  60
26  63  40  52  17  13   0 0.41  0.0    0  5.1 14 180   M    M   9 1      24 190
27  57  37  47  12  18   0 0.19  0.0    0  6.6 18 280   M    M  10 1      29 270
28  48  31  40   4  25   0 0.01  0.0    0  6.3 18 300   M    M   3 1      28 310
29  49  26  38   2  27   0 0.00  0.0    0  6.6 17 250   M    M   2        31 220
30  60  26  43   7  22   0 0.00  0.0    0  4.6 15 220   M    M   0        30 220
31  67  45  56  20   9   0 0.00  0.0    0  5.1 16 240   M    M   6        28 230
================================================================================
SM 1531  935       774   0  4.86     3.8 155.4          M      178
================================================================================
AV 49.4 30.2                               5.0 FASTST   M    M   6    MAX(MPH)
                                 MISC ---->  # 28 270               # 49  270
================================================================================
NOTES:
# LAST OF SEVERAL OCCURRENCES

COLUMN 17 PEAK WIND IN M.P.H.

PRELIMINARY LOCAL CLIMATOLOGICAL DATA (WS FORM: F-6) , PAGE 2

                                          STATION:  JACKSON KY
                                          MONTH:    JANUARY
                                          YEAR:     2012
                                          LATITUDE:   37 35 N
                                          LONGITUDE:  83 19 W

[TEMPERATURE DATA]      [PRECIPITATION DATA]       SYMBOLS USED IN COLUMN 16

AVERAGE MONTHLY: 39.8   TOTAL FOR MONTH:   4.86    1 = FOG OR MIST
DPTR FM NORMAL:   4.9   DPTR FM NORMAL:    1.25    2 = FOG REDUCING VISIBILITY
HIGHEST:    67 ON 31    GRTST 24HR  1.55 ON 20-21      TO 1/4 MILE OR LESS
LOWEST:     17 ON 13, 4                            3 = THUNDER
                        SNOW, ICE PELLETS, HAIL    4 = ICE PELLETS
                        TOTAL MONTH:   3.8 INCHES  5 = HAIL
                        GRTST 24HR   2.2 ON   M    6 = FREEZING RAIN OR DRIZZLE
                        GRTST DEPTH:   2 ON 15     7 = DUSTSTORM OR SANDSTORM:
                                                       VSBY 1/2 MILE OR LESS
                                                   8 = SMOKE OR HAZE
[NO. OF DAYS WITH]      [WEATHER - DAYS WITH]      9 = BLOWING SNOW
                                                   X = TORNADO
MAX 32 OR BELOW:   3    0.01 INCH OR MORE:  16
MAX 90 OR ABOVE:   0    0.10 INCH OR MORE:   8
MIN 32 OR BELOW:  19    0.50 INCH OR MORE:   2
MIN  0 OR BELOW:   0    1.00 INCH OR MORE:   2

[HDD (BASE 65) ]
TOTAL THIS MO.   774    CLEAR  (SCALE 0-3)   9
DPTR FM NORMAL  -158    PTCLDY (SCALE 4-7)  11
TOTAL FM JUL 1  2151    CLOUDY (SCALE 8-10) 11
DPTR FM NORMAL  -415

[CDD (BASE 65) ]
TOTAL THIS MO.     0
DPTR FM NORMAL     0    [PRESSURE DATA]
TOTAL FM JAN 1     0    HIGHEST SLP 30.50 ON 15
DPTR FM NORMAL     0    LOWEST  SLP 29.40 ON 12

[REMARKS]
#FINAL-01-12#
