000
CXUS55 KJKL 311000
CF6JKL
PRELIMINARY LOCAL CLIMATOLOGICAL DATA (WS FORM: F-6)

                                          STATION:   JACKSON KY
                                          MONTH:     DECEMBER
                                          YEAR:      2011
                                          LATITUDE:   37 35 N
                                          LONGITUDE:  83 19 W

  TEMPERATURE IN F:       :PCPN:    SNOW:  WIND      :SUNSHINE: SKY     :PK WND
================================================================================
1   2   3   4   5  6A  6B    7    8   9   10  11  12  13   14  15   16   17  18
                                     12Z  AVG MX 2MIN
DY MAX MIN AVG DEP HDD CDD  WTR  SNW DPTH SPD SPD DIR MIN PSBL S-S WX    SPD DR
================================================================================

 1  51  26  39  -3  26   0 0.00  0.0    0  1.1  6 320   M    M   0         8 210
 2  54  31  43   1  22   0 0.00  0.0    0  2.9  8 280   M    M   0        12 270
 3  63  39  51   9  14   0 0.00  0.0    0  2.4  7 150   M    M   0        10 170
 4  65  44  55  14  10   0 0.00  0.0    0  4.6 15 190   M    M   0        29 210
 5  65  54  60  19   5   0 0.22  0.0    0  3.0  9 330   M    M   6 1      13 210
 6  56  41  49   8  16   0 0.49  0.0    0  2.3  9 330   M    M  10 12     14 330
 7  41  28  35  -5  30   0 0.81  0.3    0  4.8 15 330   M    M  10 12     23 310
 8  43  25  34  -6  31   0 0.00  0.0    T  2.3  8 260   M    M   1        12 260
 9  48  26  37  -3  28   0 0.00  0.0    0  3.1  8 330   M    M   0        14 230
10  39  26  33  -6  32   0    T    T    0  2.3 10 330   M    M   3        14 310
11  46  21  34  -5  31   0 0.00  0.0    0  1.2  6 140   M    M   0         9 100
12  48  28  38  -1  27   0 0.00  0.0    0  0.8  6 110   M    M   5         8 200
13  51  42  47   9  18   0 0.00  0.0    0  0.9  6 180   M    M  10 1       8 180
14  67  47  57  19   8   0 0.00  0.0    0  1.9  9 190   M    M   4        17 190
15  62  50  56  18   9   0 0.09  0.0    0  5.3  9 200   M    M   8 1      20 200
16  50  32  41   3  24   0 0.24  0.1    0  2.0  7 300   M    M  10 124    12  10
17  40  30  35  -3  30   0 0.00  0.0    0  2.6  8 250   M    M   7 1      13 260
18  48  28  38   1  27   0 0.00  0.0    0  3.1 10 240   M    M   2        16 250
19  52  35  44   7  21   0    T  0.0    0  3.6 10 220   M    M   5        17 230
20  58  43  51  14  14   0 0.01  0.0    0  2.8 10 160   M    M   7        17 170
21  63  46  55  18  10   0 0.30  0.0    0  6.4 18 250   M    M   5 1      35 250
22  51  40  46  10  19   0 0.88  0.0    0  3.0 12 320   M    M   4 1      17 220
23  44  38  41   5  24   0 0.02  0.0    0  2.4  8  10   M    M  10 1      14 360
24  46  31  39   3  26   0 0.00  0.0    0  3.2  8 330   M    M   3 18     12 310
25  53  30  42   6  23   0 0.00  0.0    0  5.2 13 250   M    M   0        20 250
26  46  29  38   2  27   0 0.00  0.0    0  2.2 10 340   M    M   0        17 330
27  46  34  40   4  25   0 1.12    T    0  6.3 22 230   M    M   9 12     45 250
28  44  32  38   2  27   0    T    T    0  5.3 14 270   M    M   6 1      21 270
29  51  31  41   6  24   0 0.00  0.0    0  4.4 13 230   M    M   1        22 200
30  59  43  51  16  14   0    T  0.0    0  6.4 17 270   M    M   6        32 200
================================================================================
SM 1550 1050       642   0  4.18     0.4  97.8          M      132
================================================================================
AV 51.7 35.0                               3.3 FASTST   M    M   4    MAX(MPH)
                                 MISC ---->  # 22 230               # 45  250
================================================================================
NOTES:
# LAST OF SEVERAL OCCURRENCES

COLUMN 17 PEAK WIND IN M.P.H.

PRELIMINARY LOCAL CLIMATOLOGICAL DATA (WS FORM: F-6) , PAGE 2

                                          STATION:  JACKSON KY
                                          MONTH:    DECEMBER
                                          YEAR:     2011
                                          LATITUDE:   37 35 N
                                          LONGITUDE:  83 19 W

[TEMPERATURE DATA]      [PRECIPITATION DATA]       SYMBOLS USED IN COLUMN 16

AVERAGE MONTHLY: 43.3   TOTAL FOR MONTH:   4.18    1 = FOG OR MIST
DPTR FM NORMAL:   5.1   DPTR FM NORMAL:    0.12    2 = FOG REDUCING VISIBILITY
HIGHEST:    67 ON 14    GRTST 24HR  1.12 ON 27-27      TO 1/4 MILE OR LESS
LOWEST:     21 ON 11                               3 = THUNDER
                        SNOW, ICE PELLETS, HAIL    4 = ICE PELLETS
                        TOTAL MONTH:   0.4 INCH    5 = HAIL
                        GRTST 24HR   0.3 ON   M    6 = FREEZING RAIN OR DRIZZLE
                        GRTST DEPTH:   T           7 = DUSTSTORM OR SANDSTORM:
                                                       VSBY 1/2 MILE OR LESS
                                                   8 = SMOKE OR HAZE
[NO. OF DAYS WITH]      [WEATHER - DAYS WITH]      9 = BLOWING SNOW
                                                   X = TORNADO
MAX 32 OR BELOW:   0    0.01 INCH OR MORE:  10
MAX 90 OR ABOVE:   0    0.10 INCH OR MORE:   7
MIN 32 OR BELOW:  16    0.50 INCH OR MORE:   3
MIN  0 OR BELOW:   0    1.00 INCH OR MORE:   1

[HDD (BASE 65) ]
TOTAL THIS MO.   642    CLEAR  (SCALE 0-3)  13
DPTR FM NORMAL  -163    PTCLDY (SCALE 4-7)  10
TOTAL FM JUL 1  1359    CLOUDY (SCALE 8-10)  7
DPTR FM NORMAL  -246

[CDD (BASE 65) ]
TOTAL THIS MO.     0
DPTR FM NORMAL     0    [PRESSURE DATA]
TOTAL FM JAN 1  1255    HIGHEST SLP M ON M
DPTR FM NORMAL   101    LOWEST  SLP 29.49 ON 27

[REMARKS]
