000
CXUS55 KJKL 011557
CF6JKL

PRELIMINARY LOCAL CLIMATOLOGICAL DATA (WS FORM: F-6)

                                          STATION:   JACKSON KY
                                          MONTH:     DECEMBER
                                          YEAR:      2015
                                          LATITUDE:   37 35 N
                                          LONGITUDE:  83 19 W

  TEMPERATURE IN F:       :PCPN:    SNOW:  WIND      :SUNSHINE: SKY     :PK WND
================================================================================
1   2   3   4   5  6A  6B    7    8   9   10  11  12  13   14  15   16   17  18
                                     12Z  AVG MX 2MIN
DY MAX MIN AVG DEP HDD CDD  WTR  SNW DPTH SPD SPD DIR MIN PSBL S-S WX    SPD DR
================================================================================

 1  62  47  55  13  10   0 1.28  0.0    0  4.9 10 280   M    M  10 1      18 250
 2  51  36  44   2  21   0 0.43  0.0    0  5.8 16 250   M    M   8 12     25 290
 3  44  32  38  -4  27   0 0.00  0.0    0  3.1 13 300   M    M   4        19 300
 4  49  28  39  -2  26   0 0.00  0.0    0  0.9  5  80   M    M   0         9 160
 5  56  30  43   2  22   0 0.00  0.0    0  3.2  6  50   M    M   0        10  80
 6  59  32  46   5  19   0 0.00  0.0    0  3.0 12 230   M    M   1        18 250
 7  47  42  45   5  20   0 0.10  0.0    0  2.2  7 290   M    M   9 12     10 320
 8  58  35  47   7  18   0 0.00  0.0    0  2.4  8 250   M    M   3 12     12 240
 9  57  41  49   9  16   0    T  0.0    0  4.9 10 200   M    M   4        18 200
10  63  45  54  15  11   0 0.00  0.0    0  3.9  9 180   M    M   1 1      15 180
11  66  53  60  21   5   0 0.00  0.0    0  4.5 10 210   M    M   9        20 220
12  71  60  66  27   0   1 0.00  0.0    0  4.1  9 230   M    M   6        15 250
13  70  55  63  25   2   0 0.00  0.0    0  2.1 10 160   M    M   0        17 170
14  67  55  61  23   4   0 0.30  0.0    0  6.5 18 250   M    M   5 1      33 230
15  60  45  53  15  12   0 0.00  0.0    0  5.7 17 250   M    M   5        31 270
16  70  44  57  19   8   0    T  0.0    0  3.3 10 160   M    M   0        15 180
17  60  33  47   9  18   0 0.58  0.0    0  3.8 13 330   M    M   7 12     22 330
18  33  26  30  -7  35   0 0.01    T    0  4.6 16 260   M    M   8        24 260
19  44  26  35  -2  30   0 0.00  0.0    0  5.9 13 280   M    M   0        23 230
20  49  29  39   2  26   0 0.00  0.0    0  2.7  8 200   M    M   0        13 220
21  58  44  51  14  14   0 0.41  0.0    0  6.2 15 200   M    M   7 1      26 200
22  62  54  58  22   7   0 0.19  0.0    0  3.8  9 190   M    M   7 1      17 170
23  67  57  62  26   3   0 0.01  0.0    0  5.5 18 150   M    M   4        37 160
24  72  59  66  30   0   1 0.19  0.0    0  3.7 16 180   M    M   4 13     25 200
25  65  57  61  25   4   0 0.91  0.0    0  2.7 16 270   M    M   8 12     23 280
26  68  55  62  26   3   0 0.08  0.0    0  4.0  9 150   M    M   9 12     16 200
27  77  47  62  26   3   0 0.00  0.0    0  5.8 14 200   M    M   8        24 180
28  66  43  55  19  10   0 0.13  0.0    0  5.7 14 170   M    M   8 1      26 160
29  66  42  54  19  11   0 0.01  0.0    0  6.1 14 230   M    M   5        31 220
30  56  41  49  14  16   0    T  0.0    0  3.4 13 300   M    M   7 1      18 310
31  44  32  38   3  27   0 0.01  0.0    0  4.6 10 310   M    M  10 1      13 300
================================================================================
SM 1837 1325       428   2  4.64    T    129.0          M      157
================================================================================
AV 59.3 42.7                               4.2 FASTST   M    M   5    MAX(MPH)
                                 MISC ---->  # 18 250               # 37  160
================================================================================
NOTES:
# LAST OF SEVERAL OCCURRENCES

COLUMN 17 PEAK WIND IN M.P.H.

PRELIMINARY LOCAL CLIMATOLOGICAL DATA (WS FORM: F-6) , PAGE 2

                                          STATION:  JACKSON KY
                                          MONTH:    DECEMBER
                                          YEAR:     2015
                                          LATITUDE:   37 35 N
                                          LONGITUDE:  83 19 W

[TEMPERATURE DATA]      [PRECIPITATION DATA]       SYMBOLS USED IN COLUMN 16

AVERAGE MONTHLY: 51.0   TOTAL FOR MONTH:   4.64    1 = FOG OR MIST
DPTR FM NORMAL:  12.9   DPTR FM NORMAL:    0.46    2 = FOG REDUCING VISIBILITY
HIGHEST:    77 ON 27    GRTST 24HR  1.28 ON 1 - 1      TO 1/4 MILE OR LESS
LOWEST:     26 ON 19,18                            3 = THUNDER
                        SNOW, ICE PELLETS, HAIL    4 = ICE PELLETS
                        TOTAL MONTH:    T          5 = HAIL
                        GRTST 24HR    T  ON 18-18  6 = FREEZING RAIN OR DRIZZLE
                        GRTST DEPTH:   0           7 = DUSTSTORM OR SANDSTORM:
                                                       VSBY 1/2 MILE OR LESS
                                                   8 = SMOKE OR HAZE
[NO. OF DAYS WITH]      [WEATHER - DAYS WITH]      9 = BLOWING SNOW
                                                   X = TORNADO
MAX 32 OR BELOW:   0    0.01 INCH OR MORE:  15
MAX 90 OR ABOVE:   0    0.10 INCH OR MORE:  10
MIN 32 OR BELOW:   8    0.50 INCH OR MORE:   3
MIN  0 OR BELOW:   0    1.00 INCH OR MORE:   1

[HDD (BASE 65) ]
TOTAL THIS MO.   428    CLEAR  (SCALE 0-3)   8
DPTR FM NORMAL  -406    PTCLDY (SCALE 4-7)  17
TOTAL FM JUL 1  1026    CLOUDY (SCALE 8-10)  6
DPTR FM NORMAL  -608

[CDD (BASE 65) ]
TOTAL THIS MO.     2
DPTR FM NORMAL     1    [PRESSURE DATA]
TOTAL FM JAN 1  1265    HIGHEST SLP 30.67 ON  5
DPTR FM NORMAL   110    LOWEST  SLP 29.50 ON 14

[REMARKS]
#FINAL-12-15#
