000
CXUS55 KJKL 011000
CF6JKL
PRELIMINARY LOCAL CLIMATOLOGICAL DATA (WS FORM: F-6)

                                          STATION:   JACKSON KY
                                          MONTH:     OCTOBER
                                          YEAR:      2016
                                          LATITUDE:   37 35 N
                                          LONGITUDE:  83 19 W

  TEMPERATURE IN F:       :PCPN:    SNOW:  WIND      :SUNSHINE: SKY     :PK WND
================================================================================
1   2   3   4   5  6A  6B    7    8   9   10  11  12  13   14  15   16   17  18
                                     12Z  AVG MX 2MIN
DY MAX MIN AVG DEP HDD CDD  WTR  SNW DPTH SPD SPD DIR MIN PSBL S-S WX    SPD DR
================================================================================

 1  68  50  59  -3   6   0    T  0.0    0  1.7  9 170   M    M   6        16 190
 2  69  55  62   0   3   0    T  0.0    0  0.8  7 310   M    M   7 1       9 300
 3  74  54  64   2   1   0 0.00  0.0    0  0.3  6 160   M    M   8 12      9 120
 4  81  59  70   8   0   5 0.00  0.0    0  2.0  8 130   M    M   4        13 140
 5  80  59  70   9   0   5 0.00  0.0    0  2.5  7 140   M    M   0         9 150
 6  81  56  69   8   0   4 0.00  0.0    0  1.8  8  60   M    M   0        14  60
 7  81  57  69   8   0   4 0.00  0.0    0  1.6  7 120   M    M   4        11 120
 8  71  53  62   2   3   0 0.02  0.0    0  4.2 13 330   M    M   4 12     23 330
 9  68  46  57  -3   8   0 0.00  0.0    0  1.5 10 330   M    M   0        18  10
10  69  46  58  -2   7   0 0.00  0.0    0  0.6  6  70   M    M   0        11  50
11  77  46  62   3   3   0 0.00  0.0    0  1.9  7 300   M    M   0        10 220
12  77  52  65   6   0   0 0.00  0.0    0  1.9  8 170   M    M   0        14 190
13  63  53  58  -1   7   0 0.17  0.0    0  1.4 10 260   M    M  10 12     16 260
14  66  51  59   1   6   0    T  0.0    0  1.5  7 120   M    M   7 12     10 110
15  82  59  71  13   0   6 0.00  0.0    0  1.5  9 210   M    M   3        18 190
16  80  59  70  12   0   5 0.00  0.0    0  1.4  9 160   M    M   2        13 150
17  82  61  72  14   0   7 0.00  0.0    0  2.8 10 160   M    M   1        20 160
18  87  65  76  19   0  11 0.00  0.0    0  3.5 12 220   M    M   3        23 220
19  87  67  77  20   0  12 0.00  0.0    0  1.5  7 160   M    M   1        12 280
20  84  63  74  17   0   9 0.50  0.0    0  3.1 16 290   M    M   8 123    24 290
21  64  47  56  -1   9   0 0.82  0.0    0  6.6 14 310   M    M   9 1      26 340
22  57  40  49  -7  16   0 0.00  0.0    0  4.6 15 320   M    M   4        20 330
23  71  40  56   0   9   0 0.00  0.0    0  3.8  9 200   M    M   0        17 200
24  69  50  60   4   5   0 0.00  0.0    0  4.4 13 310   M    M   0        17 290
25  65  43  54  -2  11   0 0.00  0.0    0  1.8  7 140   M    M   0        12 150
26  78  44  61   6   4   0 0.00  0.0    0  2.7  8 240   M    M   1        13 200
27  73  53  63   8   2   0    T  0.0    0  4.8 14 230   M    M   7        24 210
28  71  47  59   4   6   0 0.00  0.0    0  1.1  6 170   M    M   2         9 160
29  82  55  69  15   0   4 0.00  0.0    0  4.1 10 250   M    M   0        18 250
30  81  60  71  17   0   6 0.00  0.0    0  4.2 10 270   M    M   2        19 280
31  74  55  65  11   0   0    T  0.0    0  1.3  6  90   M    M   6 1      11  70
================================================================================
SM 2312 1645       106  78  1.51     0.0  76.9          M       99
================================================================================
AV 74.6 53.1                               2.5 FASTST   M    M   3    MAX(MPH)
                                 MISC ---->  # 16 290               # 26  340
================================================================================
NOTES:
# LAST OF SEVERAL OCCURRENCES

COLUMN 17 PEAK WIND IN M.P.H.

PRELIMINARY LOCAL CLIMATOLOGICAL DATA (WS FORM: F-6) , PAGE 2

                                          STATION:  JACKSON KY
                                          MONTH:    OCTOBER
                                          YEAR:     2016
                                          LATITUDE:   37 35 N
                                          LONGITUDE:  83 19 W

[TEMPERATURE DATA]      [PRECIPITATION DATA]       SYMBOLS USED IN COLUMN 16

AVERAGE MONTHLY: 63.8   TOTAL FOR MONTH:   1.51    1 = FOG OR MIST
DPTR FM NORMAL:   5.7   DPTR FM NORMAL:   -1.68    2 = FOG REDUCING VISIBILITY
HIGHEST:    87 ON 19,18 GRTST 24HR  1.32 ON 20-21      TO 1/4 MILE OR LESS
LOWEST:     40 ON 23,22                            3 = THUNDER
                        SNOW, ICE PELLETS, HAIL    4 = ICE PELLETS
                        TOTAL MONTH:   0.0 INCH    5 = HAIL
                        GRTST 24HR     0.0         6 = FREEZING RAIN OR DRIZZLE
                        GRTST DEPTH:   0           7 = DUSTSTORM OR SANDSTORM:
                                                       VSBY 1/2 MILE OR LESS
                                                   8 = SMOKE OR HAZE
[NO. OF DAYS WITH]      [WEATHER - DAYS WITH]      9 = BLOWING SNOW
                                                   X = TORNADO
MAX 32 OR BELOW:   0    0.01 INCH OR MORE:   4
MAX 90 OR ABOVE:   0    0.10 INCH OR MORE:   3
MIN 32 OR BELOW:   0    0.50 INCH OR MORE:   2
MIN  0 OR BELOW:   0    1.00 INCH OR MORE:   0

[HDD (BASE 65) ]
TOTAL THIS MO.   106    CLEAR  (SCALE 0-3)  18
DPTR FM NORMAL  -139    PTCLDY (SCALE 4-7)  10
TOTAL FM JUL 1   122    CLOUDY (SCALE 8-10)  3
DPTR FM NORMAL  -175

[CDD (BASE 65) ]
TOTAL THIS MO.    78
DPTR FM NORMAL    49    [PRESSURE DATA]
TOTAL FM JAN 1  1558    HIGHEST SLP 30.42 ON 10
DPTR FM NORMAL   408    LOWEST  SLP 29.75 ON 21

[REMARKS]
#FINAL-10-16#
