000
CXUS55 KJKL 011000
CF6JKL
PRELIMINARY LOCAL CLIMATOLOGICAL DATA (WS FORM: F-6)

                                          STATION:   JACKSON KY
                                          MONTH:     SEPTEMBER
                                          YEAR:      2011
                                          LATITUDE:   37 35 N
                                          LONGITUDE:  83 19 W

  TEMPERATURE IN F:       :PCPN:    SNOW:  WIND      :SUNSHINE: SKY     :PK WND
================================================================================
1   2   3   4   5  6A  6B    7    8   9   10  11  12  13   14  15   16   17  18
                                     12Z  AVG MX 2MIN
DY MAX MIN AVG DEP HDD CDD  WTR  SNW DPTH SPD SPD DIR MIN PSBL S-S WX    SPD DR
================================================================================

 1  93  69  81   8   0  16 0.00  0.0    0  1.1  8 310   M    M   1        13 260
 2  94  71  83  11   0  18 0.00  0.0    0  0.9  7 270   M    M   1 18     10 290
 3  96  72  84  12   0  19 0.00  0.0    0  1.5  9 140   M    M   0 18     13 160
 4  89  66  78   6   0  13 0.35  0.0    0  1.6 12 320   M    M   3 13     17 310
 5  66  59  63  -9   2   0 0.99  0.0    0  1.3  7  30   M    M  10 12     20  40
 6  61  56  59 -12   6   0 0.55  0.0    0  1.6  9  70   M    M  10 1      24  30
 7  63  57  60 -11   5   0 0.21  0.0    0  1.6  8 270   M    M  10 12     14 280
 8  66  57  62  -9   3   0 0.03  0.0    0  1.1  9 290   M    M  10 12     15 280
 9  70  58  64  -6   1   0 0.00  0.0    0  0.4  5 110   M    M   9 12      7 250
10  77  57  67  -3   0   2 0.00  0.0    0  1.4  8 310   M    M   6 1      12 320
11  78  57  68  -2   0   3 0.00  0.0    0  1.4 10 270   M    M   2 13     20 250
12  80  58  69  -1   0   4 0.00  0.0    0  0.9  7 290   M    M   1 1       9 300
13  82  59  71   2   0   6 0.00  0.0    0  0.8  9 160   M    M   0 18     15 190
14  85  62  74   5   0   9 0.00  0.0    0  1.1  9 320   M    M   0        16 320
15  67  50  59  -9   6   0 0.20  0.0    0  1.3  8 360   M    M   8 1      20 340
16  59  46  53 -15  12   0 0.00  0.0    0  1.5  8  90   M    M   4        16  40
17  74  51  63  -5   2   0 0.00  0.0    0  0.8  6 130   M    M   5         9 170
18  74  56  65  -2   0   0 0.00  0.0    0  1.1  6 110   M    M   4 1       8 120
19  70  61  66  -1   0   1 0.36  0.0    0  1.5  7 130   M    M   7 1      10 190
20  75  61  68   1   0   3 0.00  0.0    0  0.9  6 130   M    M   9 12      9 120
21  71  62  67   1   0   2 0.23  0.0    0  0.4  5 120   M    M   7 123     8 180
22  80  62  71   5   0   6    T  0.0    0  0.1  6 160   M    M   6 12      9 180
23  67  54  61  -4   4   0 0.03  0.0    0  2.6  9 290   M    M  10 12     15 280
24  68  50  59  -6   6   0 0.00  0.0    0  1.1  7 150   M    M   6 12     10 120
25  78  56  67   2   0   2 0.00  0.0    0  2.3  8 120   M    M   1        15 220
26  78  51  65   1   0   0 0.25  0.0    0  3.9 18 290   M    M   5 12     26 280
27  72  51  62  -2   3   0 0.00  0.0    0  1.3  9 170   M    M   7 12     14 150
28  72  56  64   0   1   0    T  0.0    0  0.7  7 300   M    M   7         9 330
29  74  55  65   2   0   0    T  0.0    0  2.9 15 330   M    M   3 12     22 320
30  61  45  53 -10  12   0    T  0.0    0  5.0 14 300   M    M   8        21 300
================================================================================
SM 2240 1725        63 104  3.20     0.0  44.1          M      160
================================================================================
AV 74.7 57.5                               1.5 FASTST   M    M   5    MAX(MPH)
                                 MISC ---->  # 18 290               # 26  280
================================================================================
NOTES:
# LAST OF SEVERAL OCCURRENCES

COLUMN 17 PEAK WIND IN M.P.H.

PRELIMINARY LOCAL CLIMATOLOGICAL DATA (WS FORM: F-6) , PAGE 2

                                          STATION:  JACKSON KY
                                          MONTH:    SEPTEMBER
                                          YEAR:     2011
                                          LATITUDE:   37 35 N
                                          LONGITUDE:  83 19 W

[TEMPERATURE DATA]      [PRECIPITATION DATA]       SYMBOLS USED IN COLUMN 16

AVERAGE MONTHLY: 66.1   TOTAL FOR MONTH:   3.20    1 = FOG OR MIST
DPTR FM NORMAL:  -2.0   DPTR FM NORMAL:   -0.26    2 = FOG REDUCING VISIBILITY
HIGHEST:    96 ON  3    GRTST 24HR  1.19 ON  5- 6      TO 1/4 MILE OR LESS
LOWEST:     45 ON 30                               3 = THUNDER
                        SNOW, ICE PELLETS, HAIL    4 = ICE PELLETS
                        TOTAL MONTH:   0.0 INCH    5 = HAIL
                        GRTST 24HR     0.0         6 = FREEZING RAIN OR DRIZZLE
                        GRTST DEPTH:   0           7 = DUSTSTORM OR SANDSTORM:
                                                       VSBY 1/2 MILE OR LESS
                                                   8 = SMOKE OR HAZE
[NO. OF DAYS WITH]      [WEATHER - DAYS WITH]      9 = BLOWING SNOW
                                                   X = TORNADO
MAX 32 OR BELOW:   0    0.01 INCH OR MORE:  10
MAX 90 OR ABOVE:   3    0.10 INCH OR MORE:   8
MIN 32 OR BELOW:   0    0.50 INCH OR MORE:   2
MIN  0 OR BELOW:   0    1.00 INCH OR MORE:   0

[HDD (BASE 65) ]
TOTAL THIS MO.    63    CLEAR  (SCALE 0-3)   9
DPTR FM NORMAL    13    PTCLDY (SCALE 4-7)  14
TOTAL FM JUL 1    63    CLOUDY (SCALE 8-10)  7
DPTR FM NORMAL    11

[CDD (BASE 65) ]
TOTAL THIS MO.   104
DPTR FM NORMAL   -39    [PRESSURE DATA]
TOTAL FM JAN 1  1238    HIGHEST SLP 30.30 ON 16
DPTR FM NORMAL   117    LOWEST  SLP 29.73 ON 26

[REMARKS]
#FINAL-09-11#
