000
CXUS55 KJKL 011000
CF6JKL
PRELIMINARY LOCAL CLIMATOLOGICAL DATA (WS FORM: F-6)

                                          STATION:   JACKSON KY
                                          MONTH:     AUGUST
                                          YEAR:      2011
                                          LATITUDE:   37 35 N
                                          LONGITUDE:  83 19 W

  TEMPERATURE IN F:       :PCPN:    SNOW:  WIND      :SUNSHINE: SKY     :PK WND
================================================================================
1   2   3   4   5  6A  6B    7    8   9   10  11  12  13   14  15   16   17  18
                                     12Z  AVG MX 2MIN
DY MAX MIN AVG DEP HDD CDD  WTR  SNW DPTH SPD SPD DIR MIN PSBL S-S WX    SPD DR
================================================================================

 1  89  67  78   3   0  13 0.00  0.0    0  0.4  6 330   M    M   0 18      8 320
 2  89  69  79   4   0  14 0.00  0.0    0  0.9  7 260   M    M   0 1      10 280
 3  84  68  76   1   0  11 0.30  0.0    0  1.9 13 300   M    M   3 13     20 320
 4  86  73  80   5   0  15 0.00  0.0    0  0.3  5 320   M    M   5 128     7  50
 5  87  69  78   3   0  13 0.00  0.0    0  0.8  6 280   M    M   2 128     9 260
 6  87  71  79   4   0  14 0.40  0.0    0  0.5  7 210   M    M   5 13     14 250
 7  86  73  80   5   0  15 0.33  0.0    0  1.5 10 280   M    M   6 13     17 280
 8  89  69  79   4   0  14 0.77  0.0    0  1.4 13 250   M    M   5 13     28 250
 9  83  69  76   1   0  11 0.00  0.0    0  3.4 13 270   M    M   4        20 260
10  84  65  75   0   0  10 0.00  0.0    0  2.7 12 310   M    M   1 1      16 260
11  81  63  72  -3   0   7 0.00  0.0    0  0.8  8 310   M    M   2        13 300
12  84  59  72  -3   0   7 0.00  0.0    0  0.1  6 160   M    M   0         8 150
13  84  64  74  -1   0   9 0.81  0.0    0  2.5 22 300   M    M   2 13     30 300
14  79  64  72  -3   0   7 0.12  0.0    0  3.1 16 280   M    M   7 123    24 280
15  77  62  70  -5   0   5 0.01  0.0    0  3.8 10 310   M    M   5 1      15 310
16  81  59  70  -5   0   5 0.00  0.0    0  0.9  6 110   M    M   2 12     10  80
17  84  62  73  -2   0   8 0.00  0.0    0  1.0  6 170   M    M   1 1       9 160
18  86  65  76   1   0  11 0.00  0.0    0  1.3  6 290   M    M   1        12 260
19  85  67  76   1   0  11    T  0.0    0  0.7 10 290   M    M   2 13     15 270
20  87  66  77   2   0  12 0.00  0.0    0  0.7  6 310   M    M   2 12      8 290
21  85  67  76   2   0  11 0.33  0.0    0  1.4 23 310   M    M   4 123    35 310
22  79  64  72  -2   0   7 0.00  0.0    0  1.6  8 300   M    M   2 12     14 310
23  82  58  70  -4   0   5 0.00  0.0    0  1.5  9 150   M    M   0        14 140
24  86  64  75   1   0  10 0.00  0.0    0  2.4  9 170   M    M   2        15 200
25  85  71  78   4   0  13    T  0.0    0  1.4  8 250   M    M   4        16 260
26  87  66  77   3   0  12 0.00  0.0    0  0.3  6 350   M    M   1        13  40
27  82  62  72  -2   0   7 0.00  0.0    0  2.1 12 320   M    M   0        20 310
28  79  62  71  -3   0   6 0.00  0.0    0  3.9 14 260   M    M   0        24 220
29  80  58  69  -4   0   4 0.00  0.0    0  0.4  6 100   M    M   1        12 320
30  85  60  73   0   0   8 0.00  0.0    0  0.5  6 120   M    M   0         9  30
31  89  67  78   5   0  13 0.00  0.0    0  2.5  7 300   M    M   3        17 260
================================================================================
SM 2611 2023         0 308  3.07     0.0  46.7          M       72
================================================================================
AV 84.2 65.3                               1.5 FASTST   M    M   2    MAX(MPH)
                                 MISC ---->  # 23 310               # 35  310
================================================================================
NOTES:
# LAST OF SEVERAL OCCURRENCES

COLUMN 17 PEAK WIND IN M.P.H.

PRELIMINARY LOCAL CLIMATOLOGICAL DATA (WS FORM: F-6) , PAGE 2

                                          STATION:  JACKSON KY
                                          MONTH:    AUGUST
                                          YEAR:     2011
                                          LATITUDE:   37 35 N
                                          LONGITUDE:  83 19 W

[TEMPERATURE DATA]      [PRECIPITATION DATA]       SYMBOLS USED IN COLUMN 16

AVERAGE MONTHLY: 74.7   TOTAL FOR MONTH:   3.07    1 = FOG OR MIST
DPTR FM NORMAL:   0.2   DPTR FM NORMAL:   -0.62    2 = FOG REDUCING VISIBILITY
HIGHEST:    89 ON 31, 8 GRTST 24HR  0.81 ON 13-13      TO 1/4 MILE OR LESS
LOWEST:     58 ON 29,23                            3 = THUNDER
                        SNOW, ICE PELLETS, HAIL    4 = ICE PELLETS
                        TOTAL MONTH:   0.0 INCH    5 = HAIL
                        GRTST 24HR     0.0         6 = FREEZING RAIN OR DRIZZLE
                        GRTST DEPTH:   0           7 = DUSTSTORM OR SANDSTORM:
                                                       VSBY 1/2 MILE OR LESS
                                                   8 = SMOKE OR HAZE
[NO. OF DAYS WITH]      [WEATHER - DAYS WITH]      9 = BLOWING SNOW
                                                   X = TORNADO
MAX 32 OR BELOW:   0    0.01 INCH OR MORE:   8
MAX 90 OR ABOVE:   0    0.10 INCH OR MORE:   7
MIN 32 OR BELOW:   0    0.50 INCH OR MORE:   2
MIN  0 OR BELOW:   0    1.00 INCH OR MORE:   0

[HDD (BASE 65) ]
TOTAL THIS MO.     0    CLEAR  (SCALE 0-3)  21
DPTR FM NORMAL    -2    PTCLDY (SCALE 4-7)  10
TOTAL FM JUL 1     0    CLOUDY (SCALE 8-10)  0
DPTR FM NORMAL    -2

[CDD (BASE 65) ]
TOTAL THIS MO.   308
DPTR FM NORMAL    10    [PRESSURE DATA]
TOTAL FM JAN 1  1134    HIGHEST SLP 30.15 ON 31
DPTR FM NORMAL   156    LOWEST  SLP 29.68 ON  9

[REMARKS]
#FINAL-08-11#
