000
CXUS55 KJKL 021301
CF6JKL

PRELIMINARY LOCAL CLIMATOLOGICAL DATA (WS FORM: F-6)

                                          STATION:   JACKSON KY
                                          MONTH:     OCTOBER
                                          YEAR:      2011
                                          LATITUDE:   37 35 N
                                          LONGITUDE:  83 19 W

  TEMPERATURE IN F:       :PCPN:    SNOW:  WIND      :SUNSHINE: SKY     :PK WND
================================================================================
1   2   3   4   5  6A  6B    7    8   9   10  11  12  13   14  15   16   17  18
                                     12Z  AVG MX 2MIN
DY MAX MIN AVG DEP HDD CDD  WTR  SNW DPTH SPD SPD DIR MIN PSBL S-S WX    SPD DR
================================================================================

 1  47  40  44 -18  21   0    T  0.0    0  5.2 14 320   M    M   9 18     20 340
 2  59  38  49 -13  16   0 0.00  0.0    0  4.8 13 300   M    M   4        18 310
 3  65  41  53  -9  12   0 0.00  0.0    0  3.3  9 310   M    M   5        15 260
 4  73  46  60  -2   5   0 0.00  0.0    0  0.8  7 310   M    M   0        10 270
 5  76  50  63   2   2   0 0.00  0.0    0  0.9  7 150   M    M   0 1      12 130
 6  81  55  68   7   0   3 0.00  0.0    0  0.7  6  70   M    M   0         9  80
 7  80  53  67   6   0   2 0.00  0.0    0  1.3  6  80   M    M   0        10  70
 8  78  55  67   7   0   2 0.00  0.0    0  1.2  7 130   M    M   0         9  80
 9  71  55  63   3   2   0 0.00  0.0    0  1.5  6 120   M    M   0        12 110
10  78  59  69   9   0   4 0.00  0.0    0  2.2  8 130   M    M   0        14 110
11  71  56  64   5   1   0 0.18  0.0    0  0.8  7  90   M    M   8 1      16 120
12  65  55  60   1   5   0 0.06  0.0    0  0.3  5  90   M    M   8 1      13 120
13  66  57  62   3   3   0 0.35  0.0    0  1.3  8 240   M    M  10 123    14 250
14  68  51  60   2   5   0 0.03  0.0    0  7.4 21 260   M    M   3 1      35 270
15  66  47  57  -1   8   0 0.00  0.0    0  6.0 17 250   M    M   1        30 270
16  79  46  63   5   2   0 0.00  0.0    0  3.9 15 240   M    M   1        25 260
17  74  57  66   8   0   1 0.00  0.0    0  2.8 13 230   M    M   3        25 250
18  80  53  67  10   0   2 0.04  0.0    0  3.0 16 330   M    M   1 13     25 330
19  55  41  48  -9  17   0 1.88  0.0    0  3.8 16 300   M    M   9 12     32 310
20  45  39  42 -15  23   0 0.19  0.0    0  5.8 14 240   M    M  10 1      29 220
21  57  41  49  -8  16   0 0.00  0.0    0   M  12 320   M    M   3        17 270
22  62  37  50  -6  15   0 0.00  0.0    0  1.0  7 280   M    M   0        14 260
23  66  40  53  -3  12   0 0.00  0.0    0  0.6  6 280   M    M   2        10 190
24  71  48  60   4   5   0 0.02  0.0    0  3.7 14 250   M    M   4        22 260
25  74  45  60   4   5   0 0.00  0.0    0  1.7  7 190   M    M   0        10 220
26  74  54  64   9   1   0 0.32  0.0    0  3.3 16 330   M    M   6 1      25 220
27  64  42  53  -2  12   0 0.57  0.0    0  3.6 14 290   M    M  10 1      21 330
28  42  33  38 -17  27   0 0.59    T    0  2.3  7  20   M    M   7 14     15  30
29  54  35  45  -9  20   0 0.02  0.0    0  3.2 10 290   M    M   5 12     17 300
30  58  33  46  -8  19   0 0.00  0.0    0  1.7  8 330   M    M   0        10 210
31  57  40  49  -5  16   0    T  0.0    0  2.6 12 230   M    M   6        18 230
================================================================================
SM 2056 1442       270  14  4.25    T     80.7          M      115
================================================================================
AV 66.3 46.5                               2.7 FASTST   M    M   4    MAX(MPH)
                                 MISC ---->  # 21 260               # 35  270
================================================================================
NOTES:
# LAST OF SEVERAL OCCURRENCES

COLUMN 17 PEAK WIND IN M.P.H.

PRELIMINARY LOCAL CLIMATOLOGICAL DATA (WS FORM: F-6) , PAGE 2

                                          STATION:  JACKSON KY
                                          MONTH:    OCTOBER
                                          YEAR:     2011
                                          LATITUDE:   37 35 N
                                          LONGITUDE:  83 19 W

[TEMPERATURE DATA]      [PRECIPITATION DATA]       SYMBOLS USED IN COLUMN 16

AVERAGE MONTHLY: 56.4   TOTAL FOR MONTH:   4.25    1 = FOG OR MIST
DPTR FM NORMAL:  -1.7   DPTR FM NORMAL:    1.06    2 = FOG REDUCING VISIBILITY
HIGHEST:    81 ON  6    GRTST 24HR  1.90 ON 18-19      TO 1/4 MILE OR LESS
LOWEST:     33 ON 30,28                            3 = THUNDER
                        SNOW, ICE PELLETS, HAIL    4 = ICE PELLETS
                        TOTAL MONTH:    T          5 = HAIL
                        GRTST 24HR    T  ON 28-28  6 = FREEZING RAIN OR DRIZZLE
                        GRTST DEPTH:   0           7 = DUSTSTORM OR SANDSTORM:
                                                       VSBY 1/2 MILE OR LESS
                                                   8 = SMOKE OR HAZE
[NO. OF DAYS WITH]      [WEATHER - DAYS WITH]      9 = BLOWING SNOW
                                                   X = TORNADO
MAX 32 OR BELOW:   0    0.01 INCH OR MORE:  12
MAX 90 OR ABOVE:   0    0.10 INCH OR MORE:   7
MIN 32 OR BELOW:   0    0.50 INCH OR MORE:   3
MIN  0 OR BELOW:   0    1.00 INCH OR MORE:   1

[HDD (BASE 65) ]
TOTAL THIS MO.   270    CLEAR  (SCALE 0-3)  16
DPTR FM NORMAL    25    PTCLDY (SCALE 4-7)   8
TOTAL FM JUL 1   333    CLOUDY (SCALE 8-10)  7
DPTR FM NORMAL    36

[CDD (BASE 65) ]
TOTAL THIS MO.    14
DPTR FM NORMAL   -15    [PRESSURE DATA]
TOTAL FM JAN 1  1252    HIGHEST SLP 30.48 ON  8
DPTR FM NORMAL   102    LOWEST  SLP 29.33 ON 19

[REMARKS]
#FINAL-10-11#
