000
CXUS55 KJKL 011000
CF6JKL
PRELIMINARY LOCAL CLIMATOLOGICAL DATA (WS FORM: F-6)

                                          STATION:   JACKSON KY
                                          MONTH:     OCTOBER
                                          YEAR:      2010
                                          LATITUDE:   37 35 N
                                          LONGITUDE:  83 19 W

  TEMPERATURE IN F:       :PCPN:    SNOW:  WIND      :SUNSHINE: SKY     :PK WND
================================================================================
1   2   3   4   5  6A  6B    7    8   9   10  11  12  13   14  15   16   17  18
                                     12Z  AVG MX 2MIN
DY MAX MIN AVG DEP HDD CDD  WTR  SNW DPTH SPD SPD DIR MIN PSBL S-S WX    SPD DR
================================================================================

 1  71  54  63   0   2   0 0.00  0.0    0  2.0 10 350   M    M   1        18  30
 2  71  44  58  -4   7   0    T  0.0    0  2.3 14 330   M    M   2        25 320
 3  55  45  50 -12  15   0 0.05  0.0    0  3.9 10 320   M    M   9 1      16 340
 4  55  45  50 -12  15   0 0.07  0.0    0  2.7  8 300   M    M  10 1      13 310
 5  60  43  52  -9  13   0    T  0.0    0  1.7 13 310   M    M   8 12     20 310
 6  70  42  56  -5   9   0 0.00  0.0    0  3.9 13 280   M    M   1        20 290
 7  75  48  62   1   3   0 0.00  0.0    0  2.8  9 320   M    M   0        13 320
 8  78  49  64   4   1   0 0.00  0.0    0  1.4  8 310   M    M   0        12 330
 9  81  50  66   6   0   1 0.00  0.0    0  1.1  6 310   M    M   0        13  50
10  84  53  69   9   0   4 0.00  0.0    0  1.0  9 300   M    M   0        12 300
11  85  56  71  12   0   6 0.00  0.0    0  1.1  9 260   M    M   0        15 220
12  81  55  68   9   0   3    T  0.0    0  1.4 10 260   M    M   3        17 270
13  71  55  63   5   2   0 0.05  0.0    0  1.7 14 350   M    M   5 13     24 270
14  64  45  55  -3  10   0 0.03  0.0    0  4.5 14 320   M    M   5 12     20 320
15  65  45  55  -3  10   0 0.00  0.0    0  5.7 16 320   M    M   4        24 330
16  68  40  54  -3  11   0 0.00  0.0    0  1.0 10 310   M    M   0        15 330
17  78  45  62   5   3   0 0.00  0.0    0  2.5  8 310   M    M   0        14 250
18  80  54  67  10   0   2 0.00  0.0    0  2.1  9 300   M    M   1        16 320
19  68  47  58   2   7   0 0.00  0.0    0  0.8  7 350   M    M   3        13  60
20  68  48  58   2   7   0 0.00  0.0    0  2.2 10 290   M    M   1        16 300
21  70  49  60   4   5   0 0.00  0.0    0  7.3 17 310   M    M   0        28 280
22  66  40  53  -2  12   0 0.00  0.0    0  0.6  7 160   M    M   0        15 140
23  79  46  63   8   2   0 0.00  0.0    0  2.4  8 180   M    M   0 8      14 170
24  79  58  69  14   0   4 0.00  0.0    0  3.0 13 180   M    M   1 8      21 190
25  71  58  65  11   0   0 0.73  0.0    0  3.7 10 210   M    M   7 128    21 230
26  82  53  68  14   0   3 0.75  0.0    0  6.9 20 250   M    M   5 13     38 200
27  74  52  63   9   2   0 0.00  0.0    0  3.3  9 180   M    M   4 1      17 170
28  66  43  55   2  10   0 0.00  0.0    0  7.6 16 280   M    M   3        26 340
29  56  40  48  -5  17   0 0.00  0.0    0  2.2  9 310   M    M   4        14  30
30  70  34  52  -1  13   0 0.00  0.0    0  4.4 15 230   M    M   0        29 100
31  68  44  56   3   9   0 0.00  0.0    0  4.9  9  20   M    M   0        17  30
================================================================================
SM 2209 1480       185  23  1.68     0.0  92.1          M       77
================================================================================
AV 71.3 47.7                               3.0 FASTST   M    M   2    MAX(MPH)
                                 MISC ---->  # 20 250               # 38  200
================================================================================
NOTES:
# LAST OF SEVERAL OCCURRENCES

COLUMN 17 PEAK WIND IN M.P.H.

PRELIMINARY LOCAL CLIMATOLOGICAL DATA (WS FORM: F-6) , PAGE 2

                                          STATION:  JACKSON KY
                                          MONTH:    OCTOBER
                                          YEAR:     2010
                                          LATITUDE:   37 35 N
                                          LONGITUDE:  83 19 W

[TEMPERATURE DATA]      [PRECIPITATION DATA]       SYMBOLS USED IN COLUMN 16

AVERAGE MONTHLY: 59.5   TOTAL FOR MONTH:   1.68    1 = FOG OR MIST
DPTR FM NORMAL:   2.0   DPTR FM NORMAL:   -1.50    2 = FOG REDUCING VISIBILITY
HIGHEST:    85 ON 11    GRTST 24HR  0.75 ON 26-26      TO 1/4 MILE OR LESS
LOWEST:     34 ON 30                               3 = THUNDER
                        SNOW, ICE PELLETS, HAIL    4 = ICE PELLETS
                        TOTAL MONTH:   0.0 INCH    5 = HAIL
                        GRTST 24HR     0.0         6 = FREEZING RAIN OR DRIZZLE
                        GRTST DEPTH:   0           7 = DUSTSTORM OR SANDSTORM:
                                                       VSBY 1/2 MILE OR LESS
                                                   8 = SMOKE OR HAZE
[NO. OF DAYS WITH]      [WEATHER - DAYS WITH]      9 = BLOWING SNOW
                                                   X = TORNADO
MAX 32 OR BELOW:   0    0.01 INCH OR MORE:   6
MAX 90 OR ABOVE:   0    0.10 INCH OR MORE:   2
MIN 32 OR BELOW:   0    0.50 INCH OR MORE:   2
MIN  0 OR BELOW:   0    1.00 INCH OR MORE:   0

[HDD (BASE 65) ]
TOTAL THIS MO.   185    CLEAR  (SCALE 0-3)  21
DPTR FM NORMAL   -78    PTCLDY (SCALE 4-7)   7
TOTAL FM JUL 1   210    CLOUDY (SCALE 8-10)  3
DPTR FM NORMAL  -101

[CDD (BASE 65) ]
TOTAL THIS MO.    23
DPTR FM NORMAL    -6    [PRESSURE DATA]
TOTAL FM JAN 1  1504    HIGHEST SLP 30.35 ON 29
DPTR FM NORMAL   446    LOWEST  SLP 29.52 ON 26

[REMARKS]
#FINAL-10-10#
